{"id":87039,"date":"2021-02-21T20:52:34","date_gmt":"2021-02-21T20:52:34","guid":{"rendered":"https:\/\/www.autonvaraosahaku.fi\/?product=jp-group-1563701510-jarrupalat"},"modified":"2021-02-21T20:52:38","modified_gmt":"2021-02-21T20:52:38","slug":"jp-group-1563701510-jarrupalat","status":"publish","type":"product","link":"https:\/\/www.autonvaraosahaku.fi\/?product=jp-group-1563701510-jarrupalat","title":{"rendered":"JP GROUP 1563701510 Jarrupalat"},"content":{"rendered":"<p>Asennuspuoli: Taka-akseli; Paksuus [mm]: 16,6; Kulumisenilmaisimen liitos: Ilman kulumisenilmaisinta; Jarruj\u00e4rjestelm\u00e4: ATE; M\u00e4\u00e4r\u00e4yksikk\u00f6: Akselisarja; Valmistusvuoteen: 05\/2012; OPEL: SIGNUM,GT Cabriolet; FORD: FOCUS II Kombi DA_,FOCUS II DA_,FOCUS III Turnier,FOCUS C-MAX,C-MAX DM2,FOCUS III,C-MAX II,KUGA II DM2,GRAND C-MAX,FOCUS II Stufenheck DA_,FOCUS II Cabriolet,FOCUS III Stufenheck,TRANSIT CONNECT Kasten,TRANSIT CONNECT Kombi,FOCUS III Kasten\/Schr\u00e4gheck; MAZDA: 5 CR19,3 BK,3 BL,5 CW,3 Stufenheck BK,3 Stufenheck BL; VOLVO: V50 MW,C30,S40 II MS,C70 II Cabriolet,V40 Schr\u00e4gheck; SAAB: 9-3 YS3F,9-3 Kombi YS3F,9-3 Cabriolet YS3F,9-3X; VAUXHALL: VECTRA Mk II C CC,VECTRA Mk II C Estate,VECTRA Mk II C,SIGNUM; 93172190, 93176116, 93183140, 425405, 1233679, 1324300, 1360254, 1360304, 1360306, 1459016, 1566096, 1683374, 1753860, 1763677, 1805813, 1809259, 1809458, 1820122, 2T142M008AA, 2T1J2M008AA, 3M512M008AA, 3M512M008AB, 3M512M008AC, 3M5J2M008A1A, 3M5J2M008AA, 4387371, 4387374, 5134101, AV612M008AA, AV612M008AB, BV612M007BA, ME2T1J2M008AA, ME3M5J2M008AA, MEAV6J2M008AA, C2C27271, C2D23143, C2P17595, BPYK2648Z, BPYK2648ZA, BPYK2648ZA9C, BPYK2648ZB, C2Y32648ZA, 44060AV625, 44060AV725, 44060BA00F, 1605065, 1605117, 1605196, 1605200, 1605973, 1605993, 93172190, 93176116, 93183140, 93192623, 440600002R, 440601689R, 440602154R, 440608281R, 7701206609, 7701207767, 7701207968, 7701207996, 12799240, 13322091, 32017848, 93166942, 93183140, 93190338, 93172190, 93176116, 93183140, 93192623, 30736610, 30742031, 31323501, 31341327, 31341331, 8683615; Jarrupalasarja,Jarrupala, Levyjarru<\/p>\n","protected":false},"excerpt":{"rendered":"<p>JP GROUP Jarrupalat JP Group 1563701510 Jarrupalasarja,Jarrupala, Levyjarru OPEL,FORD,MAZDA,SIGNUM,GT Cabriolet,FOCUS II Kombi DA_,FOCUS II DA_<\/p>\n","protected":false},"featured_media":0,"template":"","meta":{"site-sidebar-layout":"default","site-content-layout":"default","ast-global-header-display":"","ast-main-header-display":"","ast-hfb-above-header-display":"","ast-hfb-below-header-display":"","ast-hfb-mobile-header-display":"","site-post-title":"","ast-breadcrumbs-content":"","ast-featured-img":"","footer-sml-layout":"","theme-transparent-header-meta":"","adv-header-id-meta":"","stick-header-meta":"","header-above-stick-meta":"","header-main-stick-meta":"","header-below-stick-meta":""},"pwb-brand":[131],"product_cat":[100],"product_tag":[],"class_list":{"0":"post-87039","1":"product","2":"type-product","3":"status-publish","5":"pwb-brand-jp-group","6":"product_cat-jarrupalat","7":"desktop-align-left","8":"tablet-align-left","9":"mobile-align-left","11":"first","12":"instock","13":"product-type-external"},"brands":[{"id":131,"name":"JP GROUP","slug":"jp-group"}],"_links":{"self":[{"href":"https:\/\/www.autonvaraosahaku.fi\/index.php?rest_route=\/wp\/v2\/product\/87039","targetHints":{"allow":["GET"]}}],"collection":[{"href":"https:\/\/www.autonvaraosahaku.fi\/index.php?rest_route=\/wp\/v2\/product"}],"about":[{"href":"https:\/\/www.autonvaraosahaku.fi\/index.php?rest_route=\/wp\/v2\/types\/product"}],"wp:attachment":[{"href":"https:\/\/www.autonvaraosahaku.fi\/index.php?rest_route=%2Fwp%2Fv2%2Fmedia&parent=87039"}],"wp:term":[{"taxonomy":"pwb-brand","embeddable":true,"href":"https:\/\/www.autonvaraosahaku.fi\/index.php?rest_route=%2Fwp%2Fv2%2Fpwb-brand&post=87039"},{"taxonomy":"product_cat","embeddable":true,"href":"https:\/\/www.autonvaraosahaku.fi\/index.php?rest_route=%2Fwp%2Fv2%2Fproduct_cat&post=87039"},{"taxonomy":"product_tag","embeddable":true,"href":"https:\/\/www.autonvaraosahaku.fi\/index.php?rest_route=%2Fwp%2Fv2%2Fproduct_tag&post=87039"}],"curies":[{"name":"wp","href":"https:\/\/api.w.org\/{rel}","templated":true}]}}