{"id":87227,"date":"2021-02-21T20:53:46","date_gmt":"2021-02-21T20:53:46","guid":{"rendered":"https:\/\/www.autonvaraosahaku.fi\/?product=vaico-v30-2175-automaattivaihteiston-suodatin"},"modified":"2021-02-21T20:53:52","modified_gmt":"2021-02-21T20:53:52","slug":"vaico-v30-2175-automaattivaihteiston-suodatin","status":"publish","type":"product","link":"https:\/\/www.autonvaraosahaku.fi\/?product=vaico-v30-2175-automaattivaihteiston-suodatin","title":{"rendered":"VAICO V30-2175 Automaattivaihteiston suodatin"},"content":{"rendered":"<p>Suositeltu vaihtov\u00e4li [km]: 50000; Suositeltu vaihtov\u00e4li [vuotta]: 3; Vaihteistomalli: Kaksoiskytkinvaihteisto, Automaattivaihteisto, 7-vaiht., f\u00fcr Getriebeautomatik 7 Gang; Korvaava tuote\/korvaava tiedote 2: Ruuveilla; Lis\u00e4ksi tarvittavat tuotteet ks. tarvikeluettelo: ; Vaihteistomalli: 724,0; Lis\u00e4tarvike\/lis\u00e4tieto: Tiivisteill\u00e4; Kytkin: ajon. kaksoiskytkimell\u00e4; Paino [kg]: 0,667; Pakkausleveys [cm]: 38; Pakkauskorkeus [mm]: 15; Pakkaussyvyys [cm]: 55; lis\u00e4tieto: CST98; MERCEDES-BENZ: B-CLASS W246, W242,A-CLASS W176,CLA Coupe C117,GLA-CLASS X156,CLA Shooting Brake X117; 2463710780, 2463770395, 2463770395kit, 2463771400, 2463771400kit, 2463772400, 2463772400kit, A2463710780, A2463770395, A2463770395kit, A2463771400, A2463771400kit, A2463772400, A2463772400kit; Hydrauliikkasuodatinsarja, Automaattivaihteisto<\/p>\n","protected":false},"excerpt":{"rendered":"<p>VAICO Automaattivaihteiston Suodatin V30-2175 Hydrauliikkasuodatinsarja, Automaattivaihteisto MERCEDES-BENZ,B-CLASS W246, W242,A-CLASS W176<\/p>\n","protected":false},"featured_media":0,"template":"","meta":{"site-sidebar-layout":"default","site-content-layout":"default","ast-global-header-display":"","ast-main-header-display":"","ast-hfb-above-header-display":"","ast-hfb-below-header-display":"","ast-hfb-mobile-header-display":"","site-post-title":"","ast-breadcrumbs-content":"","ast-featured-img":"","footer-sml-layout":"","theme-transparent-header-meta":"","adv-header-id-meta":"","stick-header-meta":"","header-above-stick-meta":"","header-main-stick-meta":"","header-below-stick-meta":""},"pwb-brand":[330],"product_cat":[141],"product_tag":[],"class_list":{"0":"post-87227","1":"product","2":"type-product","3":"status-publish","5":"pwb-brand-vaico","6":"product_cat-automaattivaihteiston-suodatin","7":"desktop-align-left","8":"tablet-align-left","9":"mobile-align-left","11":"first","12":"instock","13":"product-type-external"},"brands":[{"id":330,"name":"VAICO","slug":"vaico"}],"_links":{"self":[{"href":"https:\/\/www.autonvaraosahaku.fi\/index.php?rest_route=\/wp\/v2\/product\/87227","targetHints":{"allow":["GET"]}}],"collection":[{"href":"https:\/\/www.autonvaraosahaku.fi\/index.php?rest_route=\/wp\/v2\/product"}],"about":[{"href":"https:\/\/www.autonvaraosahaku.fi\/index.php?rest_route=\/wp\/v2\/types\/product"}],"wp:attachment":[{"href":"https:\/\/www.autonvaraosahaku.fi\/index.php?rest_route=%2Fwp%2Fv2%2Fmedia&parent=87227"}],"wp:term":[{"taxonomy":"pwb-brand","embeddable":true,"href":"https:\/\/www.autonvaraosahaku.fi\/index.php?rest_route=%2Fwp%2Fv2%2Fpwb-brand&post=87227"},{"taxonomy":"product_cat","embeddable":true,"href":"https:\/\/www.autonvaraosahaku.fi\/index.php?rest_route=%2Fwp%2Fv2%2Fproduct_cat&post=87227"},{"taxonomy":"product_tag","embeddable":true,"href":"https:\/\/www.autonvaraosahaku.fi\/index.php?rest_route=%2Fwp%2Fv2%2Fproduct_tag&post=87227"}],"curies":[{"name":"wp","href":"https:\/\/api.w.org\/{rel}","templated":true}]}}