{"id":87582,"date":"2021-02-21T20:56:07","date_gmt":"2021-02-21T20:56:07","guid":{"rendered":"https:\/\/www.autonvaraosahaku.fi\/?product=kyb-553308-iskunvaimennin"},"modified":"2021-02-21T20:56:11","modified_gmt":"2021-02-21T20:56:11","slug":"kyb-553308-iskunvaimennin","status":"publish","type":"product","link":"https:\/\/www.autonvaraosahaku.fi\/?product=kyb-553308-iskunvaimennin","title":{"rendered":"KYB 553308 Iskunvaimennin"},"content":{"rendered":"<p>Asennuspuoli: Taka-akseli; Iskunvaimennin tyyppi: Kaasupaine; Iskunvaimennusj\u00e4rjestelm\u00e4: Yksiputki; Iskunvaimennin asennustapa: Tappi ylh\u00e4\u00e4ll\u00e4, Silmukka alhaalla; Tuotelinja: Gas A Just; Valmistusvuosi alkaen: 03\/2002; MAZDA: 2 DY; FORD: FIESTA V JH_, JD_,FIESTA V Van; 1208718, 1233576, 1354939, 2S6118008AA, 2S6118008AB, 2S6118008BJ, 2S6118008BK, 2S6118008BL, 2S6118080BJ, 2S6118080BK, 3M7118080AD, 5S6Y18008AB, 1206032, 1209075, 1251758, 1305612, 1327469, 1349680, 256118008AB, 2S6118008AC, 2S6118008AD, 2S6118008AE, 2S6118080CG, 2S6118080CH, 3M7118008AF, 3M7118080AA, 3M7118080AB, 3M7118080AC, 3M7118080AE, 5S6Y18008AA, 5S6Y18008AB, D3502870XD, DD322870X, DD322870XD; Iskarit,Iskunvaimennin<\/p>\n","protected":false},"excerpt":{"rendered":"<p>KYB Iskunvaimentimet 553308 Iskarit,Iskunvaimennin MAZDA,FORD,2 DY,FIESTA V JH_, JD_,FIESTA V Van<\/p>\n","protected":false},"featured_media":0,"template":"","meta":{"site-sidebar-layout":"default","site-content-layout":"default","ast-global-header-display":"","ast-main-header-display":"","ast-hfb-above-header-display":"","ast-hfb-below-header-display":"","ast-hfb-mobile-header-display":"","site-post-title":"","ast-breadcrumbs-content":"","ast-featured-img":"","footer-sml-layout":"","theme-transparent-header-meta":"","adv-header-id-meta":"","stick-header-meta":"","header-above-stick-meta":"","header-main-stick-meta":"","header-below-stick-meta":""},"pwb-brand":[226],"product_cat":[80],"product_tag":[],"class_list":{"0":"post-87582","1":"product","2":"type-product","3":"status-publish","5":"pwb-brand-kyb","6":"product_cat-iskunvaimennin","7":"desktop-align-left","8":"tablet-align-left","9":"mobile-align-left","11":"first","12":"instock","13":"product-type-external"},"brands":[{"id":226,"name":"KYB","slug":"kyb"}],"_links":{"self":[{"href":"https:\/\/www.autonvaraosahaku.fi\/index.php?rest_route=\/wp\/v2\/product\/87582","targetHints":{"allow":["GET"]}}],"collection":[{"href":"https:\/\/www.autonvaraosahaku.fi\/index.php?rest_route=\/wp\/v2\/product"}],"about":[{"href":"https:\/\/www.autonvaraosahaku.fi\/index.php?rest_route=\/wp\/v2\/types\/product"}],"wp:attachment":[{"href":"https:\/\/www.autonvaraosahaku.fi\/index.php?rest_route=%2Fwp%2Fv2%2Fmedia&parent=87582"}],"wp:term":[{"taxonomy":"pwb-brand","embeddable":true,"href":"https:\/\/www.autonvaraosahaku.fi\/index.php?rest_route=%2Fwp%2Fv2%2Fpwb-brand&post=87582"},{"taxonomy":"product_cat","embeddable":true,"href":"https:\/\/www.autonvaraosahaku.fi\/index.php?rest_route=%2Fwp%2Fv2%2Fproduct_cat&post=87582"},{"taxonomy":"product_tag","embeddable":true,"href":"https:\/\/www.autonvaraosahaku.fi\/index.php?rest_route=%2Fwp%2Fv2%2Fproduct_tag&post=87582"}],"curies":[{"name":"wp","href":"https:\/\/api.w.org\/{rel}","templated":true}]}}