{"id":87584,"date":"2021-02-21T20:56:07","date_gmt":"2021-02-21T20:56:07","guid":{"rendered":"https:\/\/www.autonvaraosahaku.fi\/?product=zimmermann-440-1834-00-jarrurumpu"},"modified":"2021-02-21T20:56:12","modified_gmt":"2021-02-21T20:56:12","slug":"zimmermann-440-1834-00-jarrurumpu","status":"publish","type":"product","link":"https:\/\/www.autonvaraosahaku.fi\/?product=zimmermann-440-1834-00-jarrurumpu","title":{"rendered":"ZIMMERMANN 440.1834.00 Jarrurumpu"},"content":{"rendered":"<p>Jarrurummun ulkol\u00e4pim. [mm]: 245; Jarrurummun sis\u00e4-\u00d8 [mm]: 203; Korkeus (mm): 73; Vanne, aukkoja: 4; Reik\u00e4ympyr\u00e4-\u00d8 [mm]: 108; keskitt\u00e4misl\u00e4pimitta [mm]: 25; Korvaava tuote\/korvaava tiedote 2: Py\u00f6r\u00e4nlaakerilla, ABS-sensorirenkaalla; V\u00e4himm\u00e4ispaksuus (mm): 204; Paino [kg]: 5,50; Reik\u00e4kuvio\/-m\u00e4\u00e4r\u00e4: 4\/4; Asennuspuoli: Hinterachse; CITRO\u00cbN: C2 JM_,C3 I FC_,DS3,C3 II,C3 Pluriel HB_,DS3 Cabriolet,C2 ENTERPRISE,C4 CACTUS,C3 III SX; PEUGEOT: 206 Schr\u00e4gheck 2A\/C,206 SW 2E\/K,208,1007 KM_,206 Stufenheck,301; DS: DS 3,DS 3 Cabriolet<\/p>\n","protected":false},"excerpt":{"rendered":"<p>ZIMMERMANN Jarrurumpu 440.1834.00  CITRO\u00cbN,PEUGEOT,DS,C2 JM_,C3 I FC_,DS3,C3 II,C3 Pluriel HB_,DS3 Cabriolet,C2 ENTERPRISE,C4 CACTUS,C3 III SX<\/p>\n","protected":false},"featured_media":0,"template":"","meta":{"site-sidebar-layout":"default","site-content-layout":"default","ast-global-header-display":"","ast-main-header-display":"","ast-hfb-above-header-display":"","ast-hfb-below-header-display":"","ast-hfb-mobile-header-display":"","site-post-title":"","ast-breadcrumbs-content":"","ast-featured-img":"","footer-sml-layout":"","theme-transparent-header-meta":"","adv-header-id-meta":"","stick-header-meta":"","header-above-stick-meta":"","header-main-stick-meta":"","header-below-stick-meta":""},"pwb-brand":[145],"product_cat":[304],"product_tag":[],"class_list":{"0":"post-87584","1":"product","2":"type-product","3":"status-publish","5":"pwb-brand-zimmermann","6":"product_cat-jarrurumpu","7":"desktop-align-left","8":"tablet-align-left","9":"mobile-align-left","11":"first","12":"instock","13":"product-type-external"},"brands":[{"id":145,"name":"ZIMMERMANN","slug":"zimmermann"}],"_links":{"self":[{"href":"https:\/\/www.autonvaraosahaku.fi\/index.php?rest_route=\/wp\/v2\/product\/87584","targetHints":{"allow":["GET"]}}],"collection":[{"href":"https:\/\/www.autonvaraosahaku.fi\/index.php?rest_route=\/wp\/v2\/product"}],"about":[{"href":"https:\/\/www.autonvaraosahaku.fi\/index.php?rest_route=\/wp\/v2\/types\/product"}],"wp:attachment":[{"href":"https:\/\/www.autonvaraosahaku.fi\/index.php?rest_route=%2Fwp%2Fv2%2Fmedia&parent=87584"}],"wp:term":[{"taxonomy":"pwb-brand","embeddable":true,"href":"https:\/\/www.autonvaraosahaku.fi\/index.php?rest_route=%2Fwp%2Fv2%2Fpwb-brand&post=87584"},{"taxonomy":"product_cat","embeddable":true,"href":"https:\/\/www.autonvaraosahaku.fi\/index.php?rest_route=%2Fwp%2Fv2%2Fproduct_cat&post=87584"},{"taxonomy":"product_tag","embeddable":true,"href":"https:\/\/www.autonvaraosahaku.fi\/index.php?rest_route=%2Fwp%2Fv2%2Fproduct_tag&post=87584"}],"curies":[{"name":"wp","href":"https:\/\/api.w.org\/{rel}","templated":true}]}}