{"id":87664,"date":"2021-02-21T20:56:40","date_gmt":"2021-02-21T20:56:40","guid":{"rendered":"https:\/\/www.autonvaraosahaku.fi\/?product=beru-zs122-sytytyspuola"},"modified":"2021-02-21T20:56:45","modified_gmt":"2021-02-21T20:56:45","slug":"beru-zs122-sytytyspuola","status":"publish","type":"product","link":"https:\/\/www.autonvaraosahaku.fi\/?product=beru-zs122-sytytyspuola","title":{"rendered":"BERU ZS122 Sytytyspuola"},"content":{"rendered":"<p>Liittimet: Sawtooth; Sytytyspuola: Liit\u00e4nt\u00e4 sahahammas; Liittimi\u00e4: 1; J\u00e4nnite (V): 12; Tarvittava kappalem\u00e4\u00e4r\u00e4: 1; Varusteet: ajoneuvoille virranjakajalla; Lis\u00e4tarvike\/lis\u00e4tieto: Ilman pidikett\u00e4; Liitinkierre: M5 &#8211; KL 1|M6 &#8211; KL 15; Puola-sytytysj\u00e4rjestelm\u00e4: Transistorisytytys (TS); Valmistusvuosi alkaen: 04\/1989; BMW: 3 E36,3 E30,5 E34,3 Cabriolet E30,7 E32,5 Touring E34,5 E28,6 E24,3 Touring E30,7 E23,Z1; VOLVO: 740 Kombi 745,740 744,760 Kombi 704, 765; ALFA ROMEO: SPIDER 916S_,GTV 916C_,164 164; PORSCHE: 928; BERTONE: FREECLIMBER 2; 12131286087, 12131726310, 1286087, 60572202, 60623365, 92860211600, 1346070, 9438231<\/p>\n","protected":false},"excerpt":{"rendered":"<p>BERU Sytytyspuola ZS122  BMW,VOLVO,ALFA ROMEO,3 E36,3 E30,5 E34,3 Cabriolet E30,7 E32,5 Touring E34,5 E28,6 E24,3 Touring E30,7 E23,Z1,740 Kombi 745<\/p>\n","protected":false},"featured_media":0,"template":"","meta":{"site-sidebar-layout":"default","site-content-layout":"default","ast-global-header-display":"","ast-main-header-display":"","ast-hfb-above-header-display":"","ast-hfb-below-header-display":"","ast-hfb-mobile-header-display":"","site-post-title":"","ast-breadcrumbs-content":"","ast-featured-img":"","footer-sml-layout":"","theme-transparent-header-meta":"","adv-header-id-meta":"","stick-header-meta":"","header-above-stick-meta":"","header-main-stick-meta":"","header-below-stick-meta":""},"pwb-brand":[327],"product_cat":[25],"product_tag":[],"class_list":{"0":"post-87664","1":"product","2":"type-product","3":"status-publish","5":"pwb-brand-beru","6":"product_cat-sytytyspuola","7":"desktop-align-left","8":"tablet-align-left","9":"mobile-align-left","11":"first","12":"instock","13":"product-type-external"},"brands":[{"id":327,"name":"BERU","slug":"beru"}],"_links":{"self":[{"href":"https:\/\/www.autonvaraosahaku.fi\/index.php?rest_route=\/wp\/v2\/product\/87664","targetHints":{"allow":["GET"]}}],"collection":[{"href":"https:\/\/www.autonvaraosahaku.fi\/index.php?rest_route=\/wp\/v2\/product"}],"about":[{"href":"https:\/\/www.autonvaraosahaku.fi\/index.php?rest_route=\/wp\/v2\/types\/product"}],"wp:attachment":[{"href":"https:\/\/www.autonvaraosahaku.fi\/index.php?rest_route=%2Fwp%2Fv2%2Fmedia&parent=87664"}],"wp:term":[{"taxonomy":"pwb-brand","embeddable":true,"href":"https:\/\/www.autonvaraosahaku.fi\/index.php?rest_route=%2Fwp%2Fv2%2Fpwb-brand&post=87664"},{"taxonomy":"product_cat","embeddable":true,"href":"https:\/\/www.autonvaraosahaku.fi\/index.php?rest_route=%2Fwp%2Fv2%2Fproduct_cat&post=87664"},{"taxonomy":"product_tag","embeddable":true,"href":"https:\/\/www.autonvaraosahaku.fi\/index.php?rest_route=%2Fwp%2Fv2%2Fproduct_tag&post=87664"}],"curies":[{"name":"wp","href":"https:\/\/api.w.org\/{rel}","templated":true}]}}