{"id":87692,"date":"2021-02-21T20:56:56","date_gmt":"2021-02-21T20:56:56","guid":{"rendered":"https:\/\/www.autonvaraosahaku.fi\/?product=elring-109-193-venttiilikopan-tiiviste"},"modified":"2021-02-21T20:56:57","modified_gmt":"2021-02-21T20:56:57","slug":"elring-109-193-venttiilikopan-tiiviste","status":"publish","type":"product","link":"https:\/\/www.autonvaraosahaku.fi\/?product=elring-109-193-venttiilikopan-tiiviste","title":{"rendered":"ELRING 109.193 Venttiilikopan tiiviste"},"content":{"rendered":"<p>Valmistusvuoteen: 09\/1987; SSANGYONG: KORANDO K4,KORANDO K4 Gel\u00e4ndewagen offen; FORD: SIERRA GBG, GB4,SIERRA Schr\u00e4gheck GBC, GBG,SCORPIO I GAE, GGE,SIERRA Schr\u00e4gheck GBC,SCORPIO I Stufenheck GGE,SIERRA Kombi BNG,GRANADA GU,SCORPIO I Kombi GGE,SIERRA Kombi BNC,GRANADA Kombi GNU; PEUGEOT: 504 A_, M_,505 551A,505 Break 551D,604 561A_,J7 Bus,504 Break D_, F_,504 Pick-up E_,J7 Kasten,J9 Bus,J9 Kasten,504,J9 Pritsche\/Fahrgestell,J7 Pritsche\/Fahrgestell,504 Pick-up Entrepreneur; UMM: ALTER; LDV: CONVOY Kasten,CONVOY Pritsche\/Fahrgestell,400 Kasten,CONVOY Bus; ARO: 240-244; MAHINDRA: CJ 3,CJ 3 Wagon,BOLERO Offroader; TALBOT: TAGORA; DAF: 400-Serie Kasten; 024925, 1576414, 1576414, 78EM6584AA, 607655, 024925, 7932564008, 7932564008; Tiiviste, Venttiilikoppa<\/p>\n","protected":false},"excerpt":{"rendered":"<p>ELRING Venttiilikopan Tiiviste 109.193 Tiiviste, Venttiilikoppa SSANGYONG,FORD,PEUGEOT,KORANDO K4,KORANDO K4 Gel\u00e4ndewagen offen,SIERRA GBG, GB4<\/p>\n","protected":false},"featured_media":0,"template":"","meta":{"site-sidebar-layout":"default","site-content-layout":"default","ast-global-header-display":"","ast-main-header-display":"","ast-hfb-above-header-display":"","ast-hfb-below-header-display":"","ast-hfb-mobile-header-display":"","site-post-title":"","ast-breadcrumbs-content":"","ast-featured-img":"","footer-sml-layout":"","theme-transparent-header-meta":"","adv-header-id-meta":"","stick-header-meta":"","header-above-stick-meta":"","header-main-stick-meta":"","header-below-stick-meta":""},"pwb-brand":[26],"product_cat":[44],"product_tag":[],"class_list":{"0":"post-87692","1":"product","2":"type-product","3":"status-publish","5":"pwb-brand-elring","6":"product_cat-venttiilikopan-tiiviste","7":"desktop-align-left","8":"tablet-align-left","9":"mobile-align-left","11":"first","12":"instock","13":"product-type-external"},"brands":[{"id":26,"name":"ELRING","slug":"elring"}],"_links":{"self":[{"href":"https:\/\/www.autonvaraosahaku.fi\/index.php?rest_route=\/wp\/v2\/product\/87692","targetHints":{"allow":["GET"]}}],"collection":[{"href":"https:\/\/www.autonvaraosahaku.fi\/index.php?rest_route=\/wp\/v2\/product"}],"about":[{"href":"https:\/\/www.autonvaraosahaku.fi\/index.php?rest_route=\/wp\/v2\/types\/product"}],"wp:attachment":[{"href":"https:\/\/www.autonvaraosahaku.fi\/index.php?rest_route=%2Fwp%2Fv2%2Fmedia&parent=87692"}],"wp:term":[{"taxonomy":"pwb-brand","embeddable":true,"href":"https:\/\/www.autonvaraosahaku.fi\/index.php?rest_route=%2Fwp%2Fv2%2Fpwb-brand&post=87692"},{"taxonomy":"product_cat","embeddable":true,"href":"https:\/\/www.autonvaraosahaku.fi\/index.php?rest_route=%2Fwp%2Fv2%2Fproduct_cat&post=87692"},{"taxonomy":"product_tag","embeddable":true,"href":"https:\/\/www.autonvaraosahaku.fi\/index.php?rest_route=%2Fwp%2Fv2%2Fproduct_tag&post=87692"}],"curies":[{"name":"wp","href":"https:\/\/api.w.org\/{rel}","templated":true}]}}