{"id":87696,"date":"2021-02-21T20:56:56","date_gmt":"2021-02-21T20:56:56","guid":{"rendered":"https:\/\/www.autonvaraosahaku.fi\/?product=elring-023-631-kampiakselin-tiiviste"},"modified":"2021-02-21T20:56:58","modified_gmt":"2021-02-21T20:56:58","slug":"elring-023-631-kampiakselin-tiiviste","status":"publish","type":"product","link":"https:\/\/www.autonvaraosahaku.fi\/?product=elring-023-631-kampiakselin-tiiviste","title":{"rendered":"ELRING 023.631 Kampiakselin tiiviste"},"content":{"rendered":"<p>Sis\u00e4l\u00e4pimitta [mm]: 37; Ulkol\u00e4pimitta [mm]: 50; Korkeus (mm): 6; Akselitiivisteen malli: AS; Rihlamalli: Oikea kierre; Materiaali: FPM (fluori-kumi); Suojavaippa: Suojakumilla; Asennuspuoli: stirnseitig; MAZDA: 5 CR19,3 BK,6 Station Wagon GY,6 Kombi GH,PREMACY CP,CX-7 ER,6 Hatchback GG,6 GG,3 BL,TRIBUTE EP,5 CW,MX-5 III NC,6 Schr\u00e4gheck GH,3 Stufenheck BK,6 GH,MPV II LW,3 Stufenheck BL,BT-50 Pick-up B22, B32, UP,MPV III LY,BONGO TRUCK Pritsche\/Fahrgestell; NISSAN: MICRA II K11; CHEVROLET: CAPTIVA C100, C140,NUBIRA Kombi,CRUZE J300,EPICA KL1_,LACETTI J200,NUBIRA Stufenheck; KIA: SPORTAGE JE_, KM_,CARENS II FJ,CARENS III UN,CERATO LD,CERATO Stufenheck LD; LAND ROVER: FREELANDER 2 FA_,RANGE ROVER EVOQUE LV,RANGE ROVER SPORT LW,DISCOVERY SPORT LC,RANGE ROVER EVOQUE Cabriolet LV_; FORD USA: ESCAPE; JAGUAR: XF _J05_, CC9,XJ X350, X358,XF SPORTBRAKE CC9,XJ X35_, _J12_, _J24_,XE X760,XF X260,F-PACE X761_; LANCIA: PHEDRA 179,ZETA 220; OPEL: ANTARA; ROVER: 100 \/ METRO XP; 1119162, 1667955, 9E5G6700AA, 1S7Z6700AA, 9E5G6700AA, 9E5Z6700A, CM5E6700AB, CM5E6700AC, CM5Z6700A, CM5Z6700C, LF0110602Z03, LF0110602Z04, C2N2328, C2S52373, L3G610602, LF0110602, LR025013, 30711875, 31359852; Akselitiiviste, Kampiakseli<\/p>\n","protected":false},"excerpt":{"rendered":"<p>ELRING Kampiakselin Tiiviste 023.631 Akselitiiviste, Kampiakseli MAZDA,NISSAN,CHEVROLET,5 CR19,3 BK,6 Station Wagon GY,6 Kombi GH,PREMACY CP,CX-7 ER<\/p>\n","protected":false},"featured_media":0,"template":"","meta":{"site-sidebar-layout":"default","site-content-layout":"default","ast-global-header-display":"","ast-main-header-display":"","ast-hfb-above-header-display":"","ast-hfb-below-header-display":"","ast-hfb-mobile-header-display":"","site-post-title":"","ast-breadcrumbs-content":"","ast-featured-img":"","footer-sml-layout":"","theme-transparent-header-meta":"","adv-header-id-meta":"","stick-header-meta":"","header-above-stick-meta":"","header-main-stick-meta":"","header-below-stick-meta":""},"pwb-brand":[26],"product_cat":[88],"product_tag":[],"class_list":{"0":"post-87696","1":"product","2":"type-product","3":"status-publish","5":"pwb-brand-elring","6":"product_cat-kampiakselin-tiiviste","7":"desktop-align-left","8":"tablet-align-left","9":"mobile-align-left","11":"first","12":"instock","13":"product-type-external"},"brands":[{"id":26,"name":"ELRING","slug":"elring"}],"_links":{"self":[{"href":"https:\/\/www.autonvaraosahaku.fi\/index.php?rest_route=\/wp\/v2\/product\/87696","targetHints":{"allow":["GET"]}}],"collection":[{"href":"https:\/\/www.autonvaraosahaku.fi\/index.php?rest_route=\/wp\/v2\/product"}],"about":[{"href":"https:\/\/www.autonvaraosahaku.fi\/index.php?rest_route=\/wp\/v2\/types\/product"}],"wp:attachment":[{"href":"https:\/\/www.autonvaraosahaku.fi\/index.php?rest_route=%2Fwp%2Fv2%2Fmedia&parent=87696"}],"wp:term":[{"taxonomy":"pwb-brand","embeddable":true,"href":"https:\/\/www.autonvaraosahaku.fi\/index.php?rest_route=%2Fwp%2Fv2%2Fpwb-brand&post=87696"},{"taxonomy":"product_cat","embeddable":true,"href":"https:\/\/www.autonvaraosahaku.fi\/index.php?rest_route=%2Fwp%2Fv2%2Fproduct_cat&post=87696"},{"taxonomy":"product_tag","embeddable":true,"href":"https:\/\/www.autonvaraosahaku.fi\/index.php?rest_route=%2Fwp%2Fv2%2Fproduct_tag&post=87696"}],"curies":[{"name":"wp","href":"https:\/\/api.w.org\/{rel}","templated":true}]}}