{"id":87896,"date":"2021-02-21T20:58:22","date_gmt":"2021-02-21T20:58:22","guid":{"rendered":"https:\/\/www.autonvaraosahaku.fi\/?product=trw-gdb5072-jarrupalat"},"modified":"2021-02-21T20:58:25","modified_gmt":"2021-02-21T20:58:25","slug":"trw-gdb5072-jarrupalat","status":"publish","type":"product","link":"https:\/\/www.autonvaraosahaku.fi\/?product=trw-gdb5072-jarrupalat","title":{"rendered":"TRW GDB5072 Jarrupalat"},"content":{"rendered":"<p>Jarruj\u00e4rjestelm\u00e4: KNORR SB6, KNORR SN6; Pituus (mm): 210,5; Korkeus (mm): 92,7; Paksuus [mm]: 29,8; Kulumisenilmaisimen liitos: Kulumisenilmaisemelle; Tarkistuskilpi: E9 90R-02A1249\/0676; M\u00e4\u00e4r\u00e4yksikk\u00f6: Akselisarja; Asennuspuoli: Hinterachse; MERCEDES-BENZ: ATEGO,ATEGO 2,ATEGO 3,TOURINO (O 510); IVECO: EUROCARGO I-III,EUROFIRE; MAN: M 2000 L,M 2000 M,TGM; 2992336, 2996468, 500055019, 500363646, E2992336, 81508205094, 81508206008, 81508206022, 8158206008, 0004210710, 0004210810, 0004215010, 0024207820, 0024207828, 0024207920, 0054202320, 0084205820, 24207820, 24207828, 24207920, 4210710, 4210810, 4215010, 54202320, 84205820, A0004210710, A0004210810, A0004215010, A0024207820, A0024207828, A0024207920, A0054202320, A0084205820; Jarrupalasarja,Jarrupala, Levyjarru<\/p>\n","protected":false},"excerpt":{"rendered":"<p>TRW Jarrupalat GDB5072 Jarrupalasarja,Jarrupala, Levyjarru MERCEDES-BENZ,IVECO,MAN,ATEGO,ATEGO 2,ATEGO 3,TOURINO (O 510),EUROCARGO I-III,EUROFIRE<\/p>\n","protected":false},"featured_media":0,"template":"","meta":{"site-sidebar-layout":"default","site-content-layout":"default","ast-global-header-display":"","ast-main-header-display":"","ast-hfb-above-header-display":"","ast-hfb-below-header-display":"","ast-hfb-mobile-header-display":"","site-post-title":"","ast-breadcrumbs-content":"","ast-featured-img":"","footer-sml-layout":"","theme-transparent-header-meta":"","adv-header-id-meta":"","stick-header-meta":"","header-above-stick-meta":"","header-main-stick-meta":"","header-below-stick-meta":""},"pwb-brand":[332],"product_cat":[100],"product_tag":[],"class_list":{"0":"post-87896","1":"product","2":"type-product","3":"status-publish","5":"pwb-brand-trw","6":"product_cat-jarrupalat","7":"desktop-align-left","8":"tablet-align-left","9":"mobile-align-left","11":"first","12":"instock","13":"product-type-external"},"brands":[{"id":332,"name":"TRW","slug":"trw"}],"_links":{"self":[{"href":"https:\/\/www.autonvaraosahaku.fi\/index.php?rest_route=\/wp\/v2\/product\/87896","targetHints":{"allow":["GET"]}}],"collection":[{"href":"https:\/\/www.autonvaraosahaku.fi\/index.php?rest_route=\/wp\/v2\/product"}],"about":[{"href":"https:\/\/www.autonvaraosahaku.fi\/index.php?rest_route=\/wp\/v2\/types\/product"}],"wp:attachment":[{"href":"https:\/\/www.autonvaraosahaku.fi\/index.php?rest_route=%2Fwp%2Fv2%2Fmedia&parent=87896"}],"wp:term":[{"taxonomy":"pwb-brand","embeddable":true,"href":"https:\/\/www.autonvaraosahaku.fi\/index.php?rest_route=%2Fwp%2Fv2%2Fpwb-brand&post=87896"},{"taxonomy":"product_cat","embeddable":true,"href":"https:\/\/www.autonvaraosahaku.fi\/index.php?rest_route=%2Fwp%2Fv2%2Fproduct_cat&post=87896"},{"taxonomy":"product_tag","embeddable":true,"href":"https:\/\/www.autonvaraosahaku.fi\/index.php?rest_route=%2Fwp%2Fv2%2Fproduct_tag&post=87896"}],"curies":[{"name":"wp","href":"https:\/\/api.w.org\/{rel}","templated":true}]}}