{"id":8794,"date":"2021-02-21T14:04:02","date_gmt":"2021-02-21T14:04:02","guid":{"rendered":"https:\/\/www.autonvaraosahaku.fi\/?product=automega-110039710-alatukivarsi"},"modified":"2021-02-21T14:04:04","modified_gmt":"2021-02-21T14:04:04","slug":"automega-110039710-alatukivarsi","status":"publish","type":"product","link":"https:\/\/www.autonvaraosahaku.fi\/?product=automega-110039710-alatukivarsi","title":{"rendered":"AUTOMEGA 110039710 Alatukivarsi"},"content":{"rendered":"<p>Asennuspuoli: Etuakseli, vasen, Yl\u00e4puolella, Takana; Ohjausmalli: Poikittaistukivarsi; Korvaava tuote\/korvaava tiedote 2: Alapallo-\/pallonivelell\u00e4, Kumilaakerilla; Materiaali: Alumiini; Alustarakenne: f\u00fcr Fahrzeuge mit Schlechtwegeausf\u00fchrung; VW: PASSAT Variant 3B6,PASSAT Variant 3B5,PASSAT 3B2,PASSAT 3B3; AUDI: A4 8D2, B5,A4 Avant 8ED, B7,A4 Avant 8E5, B6,A6 Avant 4B5, C5,A4 Avant 8D5, B5,A4 8E2, B6,A6 4B2, C5,A4 Cabriolet 8H7, B6, 8HE, B7,A4 8EC, B7,A8 4D2, 4D8,ALLROAD 4BH, C5; SKODA: SUPERB 3U4; SEAT: EXEO ST 3R5,EXEO 3R2; 4D0407509B, 4D0407509D, 4D0407509F, 4D0407509FS1, 4D0407509G, 4D0407509GS1, 4D0407509H, 4D0407509HS1, 4D0407509J, 4D0407509JS1, 4D0407509K, 8D0407509A, 8D0407509C, 8D0407509CS1, 8D0407509E, 8D0407509ES1, 8D0407509F, 8D0407509G, 8E0407509A, 8E0407509AS1, 8E0407509M, 4D0407509D, 4D0407509G, 4D0407509J, 8D0407509C, 8D0407509G, 8E0407509A, 4D0407509D, 4D0407509G, 4D0407509J, 8D0407509C, 8D0407509G, 8E0407509A, 4D0407509D, 4D0407509G, 4D0407509J, 8D0407509C, 8D0407509G, 8E0407509A; Tukivarsi,Tukivarsi, Py\u00f6r\u00e4ntuenta<\/p>\n","protected":false},"excerpt":{"rendered":"<p>AUTOMEGA Alatukivarsi 110039710 Tukivarsi,Tukivarsi, Py\u00f6r\u00e4ntuenta VW,AUDI,SKODA,PASSAT Variant 3B6,PASSAT Variant 3B5,PASSAT 3B2,PASSAT 3B3,A4 8D2, B5<\/p>\n","protected":false},"featured_media":0,"template":"","meta":{"site-sidebar-layout":"default","site-content-layout":"default","ast-global-header-display":"","ast-main-header-display":"","ast-hfb-above-header-display":"","ast-hfb-below-header-display":"","ast-hfb-mobile-header-display":"","site-post-title":"","ast-breadcrumbs-content":"","ast-featured-img":"","footer-sml-layout":"","theme-transparent-header-meta":"","adv-header-id-meta":"","stick-header-meta":"","header-above-stick-meta":"","header-main-stick-meta":"","header-below-stick-meta":""},"pwb-brand":[121],"product_cat":[62],"product_tag":[],"class_list":{"0":"post-8794","1":"product","2":"type-product","3":"status-publish","5":"pwb-brand-automega","6":"product_cat-alatukivarsi","7":"desktop-align-left","8":"tablet-align-left","9":"mobile-align-left","11":"first","12":"instock","13":"product-type-external"},"brands":[{"id":121,"name":"AUTOMEGA","slug":"automega"}],"_links":{"self":[{"href":"https:\/\/www.autonvaraosahaku.fi\/index.php?rest_route=\/wp\/v2\/product\/8794","targetHints":{"allow":["GET"]}}],"collection":[{"href":"https:\/\/www.autonvaraosahaku.fi\/index.php?rest_route=\/wp\/v2\/product"}],"about":[{"href":"https:\/\/www.autonvaraosahaku.fi\/index.php?rest_route=\/wp\/v2\/types\/product"}],"wp:attachment":[{"href":"https:\/\/www.autonvaraosahaku.fi\/index.php?rest_route=%2Fwp%2Fv2%2Fmedia&parent=8794"}],"wp:term":[{"taxonomy":"pwb-brand","embeddable":true,"href":"https:\/\/www.autonvaraosahaku.fi\/index.php?rest_route=%2Fwp%2Fv2%2Fpwb-brand&post=8794"},{"taxonomy":"product_cat","embeddable":true,"href":"https:\/\/www.autonvaraosahaku.fi\/index.php?rest_route=%2Fwp%2Fv2%2Fproduct_cat&post=8794"},{"taxonomy":"product_tag","embeddable":true,"href":"https:\/\/www.autonvaraosahaku.fi\/index.php?rest_route=%2Fwp%2Fv2%2Fproduct_tag&post=8794"}],"curies":[{"name":"wp","href":"https:\/\/api.w.org\/{rel}","templated":true}]}}