{"id":88019,"date":"2021-02-21T20:59:10","date_gmt":"2021-02-21T20:59:10","guid":{"rendered":"https:\/\/www.autonvaraosahaku.fi\/?product=nrf-32214-ilmastoinnin-kompressori"},"modified":"2021-02-21T20:59:14","modified_gmt":"2021-02-21T20:59:14","slug":"nrf-32214-ilmastoinnin-kompressori","status":"publish","type":"product","link":"https:\/\/www.autonvaraosahaku.fi\/?product=nrf-32214-ilmastoinnin-kompressori","title":{"rendered":"NRF 32214 Ilmastoinnin kompressori"},"content":{"rendered":"<p>Valmistaja rajaus: DENSO-EQUIVALENT, VALEO-EQUIVALENT; Korvaava tuote\/korvaava tiedote 2: PAG-kompressori\u00f6ljyll\u00e4; Hihnapy\u00f6r\u00e4t: Moniurahihnapy\u00f6r\u00e4ll\u00e4; Kompressorin tunnus: 7SEU17C, DCS17E; K\u00e4ytt\u00f6j\u00e4nnite [V]: 12; Kylm\u00e4aine: R 134a; Kompressori\u00f6ljy: PAG 46; Rihloja (kpl): 6; Hihnapy\u00f6r\u00e4-\u00d8[mm]: 110; Iskutilavuus-kompressori (ccm): 170; Sis\u00e4\u00e4ntulol\u00e4pimitta [mm]: 28,4; Ulostulon l\u00e4pimitta [mm]: 13; Laatu \/ luokka: Easy Fit; Muoto: Soikea; Tuotelinja: EASY FIT; Rakennemalli: 300GD; MERCEDES-BENZ: C-CLASS W203,E-CLASS W211,C-CLASS W204,C-CLASS T-Model S204,C-CLASS T-Model S203,C-CLASS W202,E-CLASS T-Model S211,SLK R170,E-CLASS W210,E-CLASS W212,VIANO W639,M-CLASS W164,C-CLASS Coupe CL203,M-CLASS W163,E-CLASS T-Model S212,GLK-CLASS X204,E-CLASS Kombi S210,VITO Bus W639,CLK C208,CLK C209,C-CLASS Kombi S202,S-CLASS W220,VITO \/ MIXTO Kasten W639,SPRINTER 3,5-t Kasten 906,S-CLASS W221,CLS C219,SL R230,R-CLASS W251, V251,G-CLASS W463,VITO Bus 638,E-CLASS Coupe C207,CLK Cabriolet A208,CLK Cabriolet A209,S-CLASS W140,C-CLASS Coupe C204,SPRINTER 3-t Kasten 903,SPRINTER 3,5-t Bus 906,SPRINTER 2-t Bus 901, 902,SPRINTER 3-t Kasten 906,SLK R172,V-CLASS 638\/2,E-CLASS Cabriolet A207,CLC-CLASS CL203,GL-CLASS X164,G-CLASS W461,SPRINTER 2-t Kasten 901, 902,SPRINTER 3-t Bus 903,CLS C218,SPRINTER 3,5-t Pritsche\/Fahrgestell 906,SPRINTER 3-t Pritsche\/Fahrgestell 903,S-CLASS Coupe C215,VITO Kasten 638,S-CLASS Coupe C216,SPRINTER 3-t Bus 906,SPRINTER 4-t Pritsche\/Fahrgeste; 0002305111, 0002306511, 0002308011, 0002308111, 0002308511, 0002308811, 0002309011, 0012301411, 0012301711, 0012302811, 0012305011, 0012305611, 0012308111, 0012308411, 0022300911, 0022301911, 0022303411, 0022305011, 0022305111, 0022305411, 0022306511, 0022306611, 0022307211, 0022309011, 0032302311, 1192300011, A0002305111, A0002306511, A0002308011, A0002308111, A0002308511, A0002308811, A0002309011, A0012301411, A0012301711, A0012302811, A0012305011, A0012305611, A0012308111, A0012308411, A0022300911, A0022301911, A0022303411, A0022305011, A0022305111, A0022305411, A0022306511, A0022306611, A0022307211, A0022309011, A0032302311, 0002306511, 0002308011, 0002308111, 0002308511, 0002308811, 0002309011, 0012301411, 0012301711, 0012302811, 0012305011, 0012305611, 0012308111, 0022301911, 0022303411, 0022305011, 0022306511, 0022309011, A0002306511, A0002308011, A0002308111, A0002308511, A0002308811, A0002309011, A0012301411, A0012301711, A0012302811, A0012305011, A0012305611, A0012308111, A&#8230;; AC Kompressori,Kompressori, Ilmastointilaite<\/p>\n","protected":false},"excerpt":{"rendered":"<p>NRF Ilmastoinnin Kompressori 32214 AC Kompressori,Kompressori, Ilmastointilaite MERCEDES-BENZ,C-CLASS W203,E-CLASS W211,C-CLASS W204<\/p>\n","protected":false},"featured_media":0,"template":"","meta":{"site-sidebar-layout":"default","site-content-layout":"default","ast-global-header-display":"","ast-main-header-display":"","ast-hfb-above-header-display":"","ast-hfb-below-header-display":"","ast-hfb-mobile-header-display":"","site-post-title":"","ast-breadcrumbs-content":"","ast-featured-img":"","footer-sml-layout":"","theme-transparent-header-meta":"","adv-header-id-meta":"","stick-header-meta":"","header-above-stick-meta":"","header-main-stick-meta":"","header-below-stick-meta":""},"pwb-brand":[85],"product_cat":[444],"product_tag":[],"class_list":{"0":"post-88019","1":"product","2":"type-product","3":"status-publish","5":"pwb-brand-nrf","6":"product_cat-ilmastoinnin-kompressori","7":"desktop-align-left","8":"tablet-align-left","9":"mobile-align-left","11":"first","12":"instock","13":"product-type-external"},"brands":[{"id":85,"name":"NRF","slug":"nrf"}],"_links":{"self":[{"href":"https:\/\/www.autonvaraosahaku.fi\/index.php?rest_route=\/wp\/v2\/product\/88019","targetHints":{"allow":["GET"]}}],"collection":[{"href":"https:\/\/www.autonvaraosahaku.fi\/index.php?rest_route=\/wp\/v2\/product"}],"about":[{"href":"https:\/\/www.autonvaraosahaku.fi\/index.php?rest_route=\/wp\/v2\/types\/product"}],"wp:attachment":[{"href":"https:\/\/www.autonvaraosahaku.fi\/index.php?rest_route=%2Fwp%2Fv2%2Fmedia&parent=88019"}],"wp:term":[{"taxonomy":"pwb-brand","embeddable":true,"href":"https:\/\/www.autonvaraosahaku.fi\/index.php?rest_route=%2Fwp%2Fv2%2Fpwb-brand&post=88019"},{"taxonomy":"product_cat","embeddable":true,"href":"https:\/\/www.autonvaraosahaku.fi\/index.php?rest_route=%2Fwp%2Fv2%2Fproduct_cat&post=88019"},{"taxonomy":"product_tag","embeddable":true,"href":"https:\/\/www.autonvaraosahaku.fi\/index.php?rest_route=%2Fwp%2Fv2%2Fproduct_tag&post=88019"}],"curies":[{"name":"wp","href":"https:\/\/api.w.org\/{rel}","templated":true}]}}