{"id":88062,"date":"2021-02-21T20:59:27","date_gmt":"2021-02-21T20:59:27","guid":{"rendered":"https:\/\/www.autonvaraosahaku.fi\/?product=mapco-76362-abs-keha"},"modified":"2021-02-21T20:59:31","modified_gmt":"2021-02-21T20:59:31","slug":"mapco-76362-abs-keha","status":"publish","type":"product","link":"https:\/\/www.autonvaraosahaku.fi\/?product=mapco-76362-abs-keha","title":{"rendered":"MAPCO 76362 ABS keh\u00e4"},"content":{"rendered":"<p>Asennuspuoli: Taka-akseli, molemminpuolinen; Leveys (mm): 8,3; Sis\u00e4l\u00e4pimitta [mm]: 68,9; Napojen m\u00e4\u00e4r\u00e4: 96; Korvaava tuote\/korvaava tiedote 2: sis\u00e4\u00e4nrakennetulla magneetti sensorirenkaalla; CITRO\u00cbN: C2 JM_,C3 I FC_,C4 I LC_,DS3,C3 Picasso,C3 II,C4 Coupe LA_,C3 Pluriel HB_,C4 Stufenheck L,DS3 Cabriolet,C2 ENTERPRISE,C-ELYSEE; PEUGEOT: 206 Schr\u00e4gheck 2A\/C,206 CC 2D,207 WA_, WC_,307 SW 3H,207 CC WD_,307 CC 3B,307 3A\/C,207 SW WK_,206 SW 2E\/K,208,206+ T3E,307 Break 3E,1007 KM_,207 Stufenheck,206 Van,301,207 Van; 334909, 334909; ABS Hammaskeh\u00e4,ABS Rengas,Anturirengas, ABS<\/p>\n","protected":false},"excerpt":{"rendered":"<p>MAPCO ABS Keh\u00e4 76362 ABS Hammaskeh\u00e4,ABS Rengas CITRO\u00cbN,PEUGEOT,C2 JM_,C3 I FC_,C4 I LC_,DS3,C3 Picasso,C3 II,C4 Coupe LA_,C3 Pluriel HB_<\/p>\n","protected":false},"featured_media":0,"template":"","meta":{"site-sidebar-layout":"default","site-content-layout":"default","ast-global-header-display":"","ast-main-header-display":"","ast-hfb-above-header-display":"","ast-hfb-below-header-display":"","ast-hfb-mobile-header-display":"","site-post-title":"","ast-breadcrumbs-content":"","ast-featured-img":"","footer-sml-layout":"","theme-transparent-header-meta":"","adv-header-id-meta":"","stick-header-meta":"","header-above-stick-meta":"","header-main-stick-meta":"","header-below-stick-meta":""},"pwb-brand":[36],"product_cat":[273],"product_tag":[],"class_list":{"0":"post-88062","1":"product","2":"type-product","3":"status-publish","5":"pwb-brand-mapco","6":"product_cat-abs-keha","7":"desktop-align-left","8":"tablet-align-left","9":"mobile-align-left","11":"first","12":"instock","13":"product-type-external"},"brands":[{"id":36,"name":"MAPCO","slug":"mapco"}],"_links":{"self":[{"href":"https:\/\/www.autonvaraosahaku.fi\/index.php?rest_route=\/wp\/v2\/product\/88062","targetHints":{"allow":["GET"]}}],"collection":[{"href":"https:\/\/www.autonvaraosahaku.fi\/index.php?rest_route=\/wp\/v2\/product"}],"about":[{"href":"https:\/\/www.autonvaraosahaku.fi\/index.php?rest_route=\/wp\/v2\/types\/product"}],"wp:attachment":[{"href":"https:\/\/www.autonvaraosahaku.fi\/index.php?rest_route=%2Fwp%2Fv2%2Fmedia&parent=88062"}],"wp:term":[{"taxonomy":"pwb-brand","embeddable":true,"href":"https:\/\/www.autonvaraosahaku.fi\/index.php?rest_route=%2Fwp%2Fv2%2Fpwb-brand&post=88062"},{"taxonomy":"product_cat","embeddable":true,"href":"https:\/\/www.autonvaraosahaku.fi\/index.php?rest_route=%2Fwp%2Fv2%2Fproduct_cat&post=88062"},{"taxonomy":"product_tag","embeddable":true,"href":"https:\/\/www.autonvaraosahaku.fi\/index.php?rest_route=%2Fwp%2Fv2%2Fproduct_tag&post=88062"}],"curies":[{"name":"wp","href":"https:\/\/api.w.org\/{rel}","templated":true}]}}