{"id":88136,"date":"2021-02-21T20:59:59","date_gmt":"2021-02-21T20:59:59","guid":{"rendered":"https:\/\/www.autonvaraosahaku.fi\/?product=vaico-v20-8130-jarrupalat"},"modified":"2021-02-21T21:00:02","modified_gmt":"2021-02-21T21:00:02","slug":"vaico-v20-8130-jarrupalat","status":"publish","type":"product","link":"https:\/\/www.autonvaraosahaku.fi\/?product=vaico-v20-8130-jarrupalat","title":{"rendered":"VAICO V20-8130 Jarrupalat"},"content":{"rendered":"<p>Paksuus [mm]: 17,3; Korkeus 1 (mm): 58; Kulumisenilmaisimen liitos: Ilman kulumisenilmaisinta, Kulumisenilmaisemelle; Leveys 1 (mm): 123; Leveys 2 (mm): 123; Leveys (mm): 123; Korkeus (mm): 57,9; Korkeus 2 (mm): 59,2; Jarruj\u00e4rjestelm\u00e4: ATE; Asennuspuoli: Taka-akseli; Paino [kg]: 1,233; Pakkausleveys [cm]: 9; Pakkauskorkeus [mm]: 9; Pakkaussyvyys [cm]: 16; M\u00e4\u00e4r\u00e4yksikk\u00f6: Akselisarja; lis\u00e4tieto: CST97; BMW: 3 Touring E91,3 E90,X1 E84,3 Coupe E92,3 Cabriolet E93; 2288895, 2288896, 34212288895, 34212288896, 34216769105, 34216775678, 34216791938, 6769105, 6775678, 6791938; Jarrupalasarja,Jarrupala, Levyjarru<\/p>\n","protected":false},"excerpt":{"rendered":"<p>VAICO Jarrupalat V20-8130 Jarrupalasarja,Jarrupala, Levyjarru BMW,3 Touring E91,3 E90,X1 E84,3 Coupe E92,3 Cabriolet E93<\/p>\n","protected":false},"featured_media":0,"template":"","meta":{"site-sidebar-layout":"default","site-content-layout":"default","ast-global-header-display":"","ast-main-header-display":"","ast-hfb-above-header-display":"","ast-hfb-below-header-display":"","ast-hfb-mobile-header-display":"","site-post-title":"","ast-breadcrumbs-content":"","ast-featured-img":"","footer-sml-layout":"","theme-transparent-header-meta":"","adv-header-id-meta":"","stick-header-meta":"","header-above-stick-meta":"","header-main-stick-meta":"","header-below-stick-meta":""},"pwb-brand":[330],"product_cat":[100],"product_tag":[],"class_list":{"0":"post-88136","1":"product","2":"type-product","3":"status-publish","5":"pwb-brand-vaico","6":"product_cat-jarrupalat","7":"desktop-align-left","8":"tablet-align-left","9":"mobile-align-left","11":"first","12":"instock","13":"product-type-external"},"brands":[{"id":330,"name":"VAICO","slug":"vaico"}],"_links":{"self":[{"href":"https:\/\/www.autonvaraosahaku.fi\/index.php?rest_route=\/wp\/v2\/product\/88136","targetHints":{"allow":["GET"]}}],"collection":[{"href":"https:\/\/www.autonvaraosahaku.fi\/index.php?rest_route=\/wp\/v2\/product"}],"about":[{"href":"https:\/\/www.autonvaraosahaku.fi\/index.php?rest_route=\/wp\/v2\/types\/product"}],"wp:attachment":[{"href":"https:\/\/www.autonvaraosahaku.fi\/index.php?rest_route=%2Fwp%2Fv2%2Fmedia&parent=88136"}],"wp:term":[{"taxonomy":"pwb-brand","embeddable":true,"href":"https:\/\/www.autonvaraosahaku.fi\/index.php?rest_route=%2Fwp%2Fv2%2Fpwb-brand&post=88136"},{"taxonomy":"product_cat","embeddable":true,"href":"https:\/\/www.autonvaraosahaku.fi\/index.php?rest_route=%2Fwp%2Fv2%2Fproduct_cat&post=88136"},{"taxonomy":"product_tag","embeddable":true,"href":"https:\/\/www.autonvaraosahaku.fi\/index.php?rest_route=%2Fwp%2Fv2%2Fproduct_tag&post=88136"}],"curies":[{"name":"wp","href":"https:\/\/api.w.org\/{rel}","templated":true}]}}