{"id":8816,"date":"2021-02-21T14:04:06","date_gmt":"2021-02-21T14:04:06","guid":{"rendered":"https:\/\/www.autonvaraosahaku.fi\/?product=original-imperium-27437-muut-luokat"},"modified":"2021-02-21T14:04:08","modified_gmt":"2021-02-21T14:04:08","slug":"original-imperium-27437-muut-luokat","status":"publish","type":"product","link":"https:\/\/www.autonvaraosahaku.fi\/?product=original-imperium-27437-muut-luokat","title":{"rendered":"ORIGINAL IMPERIUM 27437 Muut luokat"},"content":{"rendered":"<p>Paino [g]: 13; Sis\u00e4l\u00e4pimitta [mm]: 15; Varusteet: f\u00fcr Fahrzeuge ohne Servolenkung; FIAT: PUNTO 176,PANDA 141A_,PUNTO Cabriolet 176C,UNO 146A\/E,FIORINO Kasten 146,TIPO 160,PANDA Van 141_,TEMPRA 159,RITMO I 138A,TEMPRA S.W. 159,FIORINO Pick up 146,FIORINO 147,REGATA 138,RITMO Cabriolet,FIORINO 127,FIORINO Pick up 147,REGATA Weekend 138,DUNA 146 B,ELBA 146_,DUNA Weekend 146 B; LANCIA: DELTA I 831AB0,DEDRA 835,Y10 156,PRISMA 831AB0; INNOCENTI: ELBA 146; 7594872, 7594872, 7594872, 7594872, 7594872<\/p>\n","protected":false},"excerpt":{"rendered":"<p>ORIGINAL IMPERIUM Holkki, Ohjausakseli 27437  FIAT,LANCIA,INNOCENTI,PUNTO 176,PANDA 141A_,PUNTO Cabriolet 176C,UNO 146A\/E,FIORINO Kasten 146,TIPO 160<\/p>\n","protected":false},"featured_media":0,"template":"","meta":{"site-sidebar-layout":"default","site-content-layout":"default","ast-global-header-display":"","ast-main-header-display":"","ast-hfb-above-header-display":"","ast-hfb-below-header-display":"","ast-hfb-mobile-header-display":"","site-post-title":"","ast-breadcrumbs-content":"","ast-featured-img":"","footer-sml-layout":"","theme-transparent-header-meta":"","adv-header-id-meta":"","stick-header-meta":"","header-above-stick-meta":"","header-main-stick-meta":"","header-below-stick-meta":""},"pwb-brand":[72],"product_cat":[37],"product_tag":[],"class_list":{"0":"post-8816","1":"product","2":"type-product","3":"status-publish","5":"pwb-brand-original-imperium","6":"product_cat-muut-luokat","7":"desktop-align-left","8":"tablet-align-left","9":"mobile-align-left","11":"first","12":"instock","13":"product-type-external"},"brands":[{"id":72,"name":"ORIGINAL IMPERIUM","slug":"original-imperium"}],"_links":{"self":[{"href":"https:\/\/www.autonvaraosahaku.fi\/index.php?rest_route=\/wp\/v2\/product\/8816","targetHints":{"allow":["GET"]}}],"collection":[{"href":"https:\/\/www.autonvaraosahaku.fi\/index.php?rest_route=\/wp\/v2\/product"}],"about":[{"href":"https:\/\/www.autonvaraosahaku.fi\/index.php?rest_route=\/wp\/v2\/types\/product"}],"wp:attachment":[{"href":"https:\/\/www.autonvaraosahaku.fi\/index.php?rest_route=%2Fwp%2Fv2%2Fmedia&parent=8816"}],"wp:term":[{"taxonomy":"pwb-brand","embeddable":true,"href":"https:\/\/www.autonvaraosahaku.fi\/index.php?rest_route=%2Fwp%2Fv2%2Fpwb-brand&post=8816"},{"taxonomy":"product_cat","embeddable":true,"href":"https:\/\/www.autonvaraosahaku.fi\/index.php?rest_route=%2Fwp%2Fv2%2Fproduct_cat&post=8816"},{"taxonomy":"product_tag","embeddable":true,"href":"https:\/\/www.autonvaraosahaku.fi\/index.php?rest_route=%2Fwp%2Fv2%2Fproduct_tag&post=8816"}],"curies":[{"name":"wp","href":"https:\/\/api.w.org\/{rel}","templated":true}]}}