{"id":88380,"date":"2021-02-21T21:01:50","date_gmt":"2021-02-21T21:01:50","guid":{"rendered":"https:\/\/www.autonvaraosahaku.fi\/?product=hjs-93-32-1710-hiukkassuodatin"},"modified":"2021-02-21T21:01:54","modified_gmt":"2021-02-21T21:01:54","slug":"hjs-93-32-1710-hiukkassuodatin","status":"publish","type":"product","link":"https:\/\/www.autonvaraosahaku.fi\/?product=hjs-93-32-1710-hiukkassuodatin","title":{"rendered":"HJS 93 32 1710 Hiukkassuodatin"},"content":{"rendered":"<p>Pakokaasunormi: Saksa: asennus antaa p\u00e4\u00e4st\u00f6luokan 4 = vihre\u00e4 merkki; Huomioi huolto-ohjeet: ; Varustelumahdollisuudet: incl. Katalysator; ECE-\/ABE-hyv\u00e4ksynt\u00e4: ; lis\u00e4tieto: Original-DPF\u00ae City-Filter\u00ae; Moottorinumero: 8140.43S; FIAT: DUCATO Pritsche\/Fahrgestell 230,DUCATO Kasten 244,DUCATO Pritsche\/Fahrgestell 244,DUCATO Kasten 230L,DUCATO Bus 244, Z_; CITRO\u00cbN: JUMPER Kasten 244,JUMPER Kasten 230L,JUMPER Bus 244, Z_,JUMPER Pritsche\/Fahrgestell 244,JUMPER Pritsche\/Fahrgestell 230; PEUGEOT: BOXER Kasten 230L,BOXER Kasten 244,BOXER Bus 244, Z_,BOXER Pritsche\/Fahrgestell ZCT_,BOXER Pritsche\/Fahrgestell 244; 170573, 1705PY, 1706Z5, 1309860080, 1331210080, 71765069, 170573, 1705PY, 1706Z5<\/p>\n","protected":false},"excerpt":{"rendered":"<p>HJS J\u00e4lkiasennussarja, Noki-\/Hiukkassuodatin 93 32 1710  FIAT,CITRO\u00cbN,PEUGEOT,DUCATO Pritsche\/Fahrgestell 230,DUCATO Kasten 244<\/p>\n","protected":false},"featured_media":0,"template":"","meta":{"site-sidebar-layout":"default","site-content-layout":"default","ast-global-header-display":"","ast-main-header-display":"","ast-hfb-above-header-display":"","ast-hfb-below-header-display":"","ast-hfb-mobile-header-display":"","site-post-title":"","ast-breadcrumbs-content":"","ast-featured-img":"","footer-sml-layout":"","theme-transparent-header-meta":"","adv-header-id-meta":"","stick-header-meta":"","header-above-stick-meta":"","header-main-stick-meta":"","header-below-stick-meta":""},"pwb-brand":[344],"product_cat":[181],"product_tag":[],"class_list":{"0":"post-88380","1":"product","2":"type-product","3":"status-publish","5":"pwb-brand-hjs","6":"product_cat-hiukkassuodatin","7":"desktop-align-left","8":"tablet-align-left","9":"mobile-align-left","11":"first","12":"instock","13":"product-type-external"},"brands":[{"id":344,"name":"HJS","slug":"hjs"}],"_links":{"self":[{"href":"https:\/\/www.autonvaraosahaku.fi\/index.php?rest_route=\/wp\/v2\/product\/88380","targetHints":{"allow":["GET"]}}],"collection":[{"href":"https:\/\/www.autonvaraosahaku.fi\/index.php?rest_route=\/wp\/v2\/product"}],"about":[{"href":"https:\/\/www.autonvaraosahaku.fi\/index.php?rest_route=\/wp\/v2\/types\/product"}],"wp:attachment":[{"href":"https:\/\/www.autonvaraosahaku.fi\/index.php?rest_route=%2Fwp%2Fv2%2Fmedia&parent=88380"}],"wp:term":[{"taxonomy":"pwb-brand","embeddable":true,"href":"https:\/\/www.autonvaraosahaku.fi\/index.php?rest_route=%2Fwp%2Fv2%2Fpwb-brand&post=88380"},{"taxonomy":"product_cat","embeddable":true,"href":"https:\/\/www.autonvaraosahaku.fi\/index.php?rest_route=%2Fwp%2Fv2%2Fproduct_cat&post=88380"},{"taxonomy":"product_tag","embeddable":true,"href":"https:\/\/www.autonvaraosahaku.fi\/index.php?rest_route=%2Fwp%2Fv2%2Fproduct_tag&post=88380"}],"curies":[{"name":"wp","href":"https:\/\/api.w.org\/{rel}","templated":true}]}}