{"id":88655,"date":"2021-02-21T21:04:27","date_gmt":"2021-02-21T21:04:27","guid":{"rendered":"https:\/\/www.autonvaraosahaku.fi\/?product=a-b-s-200383-pyoranlaakerit"},"modified":"2021-02-21T21:04:30","modified_gmt":"2021-02-21T21:04:30","slug":"a-b-s-200383-pyoranlaakerit","status":"publish","type":"product","link":"https:\/\/www.autonvaraosahaku.fi\/?product=a-b-s-200383-pyoranlaakerit","title":{"rendered":"A.B.S. 200383 Py\u00f6r\u00e4nlaakerit"},"content":{"rendered":"<p>Sis\u00e4l\u00e4pimitta 1 [mm]: 37; Ulkol\u00e4pimitta 1 [mm]: 72; Korkeus 1 (mm): 37; Korvaava tuote\/korvaava tiedote 2: sis\u00e4\u00e4nrakennetulla magneetti sensorirenkaalla; Paino [kg]: 0,76; Asennuspuoli: Vorderachse; LANCIA: MUSA 350,LYBRA SW 839BX,LYBRA 839AX; FORD: KA RU8; FIAT: PUNTO 188,PANDA 169,500 312,BARCHETTA 183,DOBLO Cargo 223,DOBLO 119,MULTIPLA 186,PUNTO Van 188AX,BRAVO I 182,BRAVA 182,MAREA Weekend 185,FIORINO Kasten\/Kombi 225,PALIO Weekend 178DX,LINEA 323,STRADA Pick-up 578_,MAREA 185,PALIO 178BX,SIENA 178_; CITRO\u00cbN: NEMO Kasten AA_,NEMO Kombi; ALFA ROMEO: SPIDER 916S_,GTV 916C_,145 930,146 930; PEUGEOT: BIPPER AA_,BIPPER Tepee; 46773662, 60815902, 71714457, 332675, 332677, 46773662, 60815902, 71714457, 71753062, 1587565, 9S51J1K018BA, 46773662, 60815902, 71714457, 71753062, 332675; Py\u00f6r\u00e4nlaakerisarja<\/p>\n","protected":false},"excerpt":{"rendered":"<p>A.B.S. Py\u00f6r\u00e4nlaakerit 200383 Py\u00f6r\u00e4nlaakerisarja LANCIA,FORD,FIAT,MUSA 350,LYBRA SW 839BX,LYBRA 839AX,KA RU8,PUNTO 188,PANDA 169,500 312,BARCHETTA 183<\/p>\n","protected":false},"featured_media":0,"template":"","meta":{"site-sidebar-layout":"default","site-content-layout":"default","ast-global-header-display":"","ast-main-header-display":"","ast-hfb-above-header-display":"","ast-hfb-below-header-display":"","ast-hfb-mobile-header-display":"","site-post-title":"","ast-breadcrumbs-content":"","ast-featured-img":"","footer-sml-layout":"","theme-transparent-header-meta":"","adv-header-id-meta":"","stick-header-meta":"","header-above-stick-meta":"","header-main-stick-meta":"","header-below-stick-meta":""},"pwb-brand":[326],"product_cat":[83],"product_tag":[],"class_list":{"0":"post-88655","1":"product","2":"type-product","3":"status-publish","5":"pwb-brand-a-b-s","6":"product_cat-pyoranlaakerit","7":"desktop-align-left","8":"tablet-align-left","9":"mobile-align-left","11":"first","12":"instock","13":"product-type-external"},"brands":[{"id":326,"name":"A.B.S.","slug":"a-b-s"}],"_links":{"self":[{"href":"https:\/\/www.autonvaraosahaku.fi\/index.php?rest_route=\/wp\/v2\/product\/88655","targetHints":{"allow":["GET"]}}],"collection":[{"href":"https:\/\/www.autonvaraosahaku.fi\/index.php?rest_route=\/wp\/v2\/product"}],"about":[{"href":"https:\/\/www.autonvaraosahaku.fi\/index.php?rest_route=\/wp\/v2\/types\/product"}],"wp:attachment":[{"href":"https:\/\/www.autonvaraosahaku.fi\/index.php?rest_route=%2Fwp%2Fv2%2Fmedia&parent=88655"}],"wp:term":[{"taxonomy":"pwb-brand","embeddable":true,"href":"https:\/\/www.autonvaraosahaku.fi\/index.php?rest_route=%2Fwp%2Fv2%2Fpwb-brand&post=88655"},{"taxonomy":"product_cat","embeddable":true,"href":"https:\/\/www.autonvaraosahaku.fi\/index.php?rest_route=%2Fwp%2Fv2%2Fproduct_cat&post=88655"},{"taxonomy":"product_tag","embeddable":true,"href":"https:\/\/www.autonvaraosahaku.fi\/index.php?rest_route=%2Fwp%2Fv2%2Fproduct_tag&post=88655"}],"curies":[{"name":"wp","href":"https:\/\/api.w.org\/{rel}","templated":true}]}}