{"id":88831,"date":"2021-02-21T21:06:22","date_gmt":"2021-02-21T21:06:22","guid":{"rendered":"https:\/\/www.autonvaraosahaku.fi\/?product=a-b-s-36011-jarrupalat"},"modified":"2021-02-21T21:06:24","modified_gmt":"2021-02-21T21:06:24","slug":"a-b-s-36011-jarrupalat","status":"publish","type":"product","link":"https:\/\/www.autonvaraosahaku.fi\/?product=a-b-s-36011-jarrupalat","title":{"rendered":"A.B.S. 36011 Jarrupalat"},"content":{"rendered":"<p>Leveys 1 (mm): 74,2; Korkeus 1 (mm): 64,4; Paksuus 1 [mm]: 13,8; Jarruj\u00e4rjestelm\u00e4: LOCKHEED; Kulumisenilmaisimen liitos: ilman kulumisanturia; Paino [kg]: 0,72; M\u00e4\u00e4r\u00e4yksikk\u00f6: Akselisarja; Asennuspuoli: Vorderachse; ROVER: MINI,MINI Cabriolet XN,MINI-MOKE; MG: MIDGET; AUSTIN-HEALEY: SPRITE MK.III Cabriolet,SPRITE MK.IV Cabriolet; ZASTAVA: YUGO FLORIDA; TRIUMPH: TR 7 Coupe,TR 7; INNOCENTI: MINI; AUSTIN: MINI; GBP177, GBP213, GBP281, GBP90213, GBP90297, GBP90307, 53721111, 6557206113, GBP104, GBP108, 53721111, 6557206113, GBP213, GBP90213, GBP90297, GBP90307, GBP90307AF, GBP233, 91014519; Jarrupalasarja,Jarrupala, Levyjarru<\/p>\n","protected":false},"excerpt":{"rendered":"<p>A.B.S. Jarrupalat 36011 Jarrupalasarja,Jarrupala, Levyjarru ROVER,MG,AUSTIN-HEALEY,MINI,MINI Cabriolet XN,MINI-MOKE,MIDGET,SPRITE MK.III Cabriolet<\/p>\n","protected":false},"featured_media":0,"template":"","meta":{"site-sidebar-layout":"default","site-content-layout":"default","ast-global-header-display":"","ast-main-header-display":"","ast-hfb-above-header-display":"","ast-hfb-below-header-display":"","ast-hfb-mobile-header-display":"","site-post-title":"","ast-breadcrumbs-content":"","ast-featured-img":"","footer-sml-layout":"","theme-transparent-header-meta":"","adv-header-id-meta":"","stick-header-meta":"","header-above-stick-meta":"","header-main-stick-meta":"","header-below-stick-meta":""},"pwb-brand":[326],"product_cat":[100],"product_tag":[],"class_list":{"0":"post-88831","1":"product","2":"type-product","3":"status-publish","5":"pwb-brand-a-b-s","6":"product_cat-jarrupalat","7":"desktop-align-left","8":"tablet-align-left","9":"mobile-align-left","11":"first","12":"instock","13":"product-type-external"},"brands":[{"id":326,"name":"A.B.S.","slug":"a-b-s"}],"_links":{"self":[{"href":"https:\/\/www.autonvaraosahaku.fi\/index.php?rest_route=\/wp\/v2\/product\/88831","targetHints":{"allow":["GET"]}}],"collection":[{"href":"https:\/\/www.autonvaraosahaku.fi\/index.php?rest_route=\/wp\/v2\/product"}],"about":[{"href":"https:\/\/www.autonvaraosahaku.fi\/index.php?rest_route=\/wp\/v2\/types\/product"}],"wp:attachment":[{"href":"https:\/\/www.autonvaraosahaku.fi\/index.php?rest_route=%2Fwp%2Fv2%2Fmedia&parent=88831"}],"wp:term":[{"taxonomy":"pwb-brand","embeddable":true,"href":"https:\/\/www.autonvaraosahaku.fi\/index.php?rest_route=%2Fwp%2Fv2%2Fpwb-brand&post=88831"},{"taxonomy":"product_cat","embeddable":true,"href":"https:\/\/www.autonvaraosahaku.fi\/index.php?rest_route=%2Fwp%2Fv2%2Fproduct_cat&post=88831"},{"taxonomy":"product_tag","embeddable":true,"href":"https:\/\/www.autonvaraosahaku.fi\/index.php?rest_route=%2Fwp%2Fv2%2Fproduct_tag&post=88831"}],"curies":[{"name":"wp","href":"https:\/\/api.w.org\/{rel}","templated":true}]}}