{"id":88978,"date":"2021-02-21T21:07:49","date_gmt":"2021-02-21T21:07:49","guid":{"rendered":"https:\/\/www.autonvaraosahaku.fi\/?product=vaico-v10-3265-tiivisteet"},"modified":"2021-02-21T21:07:54","modified_gmt":"2021-02-21T21:07:54","slug":"vaico-v10-3265-tiivisteet","status":"publish","type":"product","link":"https:\/\/www.autonvaraosahaku.fi\/?product=vaico-v10-3265-tiivisteet","title":{"rendered":"VAICO V10-3265 Tiivisteet"},"content":{"rendered":"<p>Ulkol\u00e4pimitta [mm]: 60; Paksuus [mm]: 10; Sis\u00e4l\u00e4pimitta [mm]: 40; Paino [kg]: 0,03; Pakkausleveys [cm]: 6; Pakkauskorkeus [mm]: 1; Pakkaussyvyys [cm]: 6; lis\u00e4tieto: CST96; Vaihteistonumero: ASU\/AWP\/AYQ\/CBB; VW: GOLF III 1H1,GOLF II 19E, 1G1,PASSAT Variant 3A5, 35I,GOLF Mk III Cabriolet 1E7,GOLF III Variant 1H5,PASSAT 3A2, 35I,VENTO 1H2,JETTA II 19E, 1G2, 165; 02A301189, 02A301189, 2A301189, 02A301189, 2A301189, 02A301189, 2A301189<\/p>\n","protected":false},"excerpt":{"rendered":"<p>VAICO Akselitiiviste, Tasauspy\u00f6r\u00e4st\u00f6 V10-3265  VW,GOLF III 1H1,GOLF II 19E, 1G1,PASSAT Variant 3A5, 35I,GOLF Mk III Cabriolet 1E7,GOLF III Variant 1H5<\/p>\n","protected":false},"featured_media":0,"template":"","meta":{"site-sidebar-layout":"default","site-content-layout":"default","ast-global-header-display":"","ast-main-header-display":"","ast-hfb-above-header-display":"","ast-hfb-below-header-display":"","ast-hfb-mobile-header-display":"","site-post-title":"","ast-breadcrumbs-content":"","ast-featured-img":"","footer-sml-layout":"","theme-transparent-header-meta":"","adv-header-id-meta":"","stick-header-meta":"","header-above-stick-meta":"","header-main-stick-meta":"","header-below-stick-meta":""},"pwb-brand":[330],"product_cat":[27],"product_tag":[],"class_list":{"0":"post-88978","1":"product","2":"type-product","3":"status-publish","5":"pwb-brand-vaico","6":"product_cat-tiivisteet","7":"desktop-align-left","8":"tablet-align-left","9":"mobile-align-left","11":"first","12":"instock","13":"product-type-external"},"brands":[{"id":330,"name":"VAICO","slug":"vaico"}],"_links":{"self":[{"href":"https:\/\/www.autonvaraosahaku.fi\/index.php?rest_route=\/wp\/v2\/product\/88978","targetHints":{"allow":["GET"]}}],"collection":[{"href":"https:\/\/www.autonvaraosahaku.fi\/index.php?rest_route=\/wp\/v2\/product"}],"about":[{"href":"https:\/\/www.autonvaraosahaku.fi\/index.php?rest_route=\/wp\/v2\/types\/product"}],"wp:attachment":[{"href":"https:\/\/www.autonvaraosahaku.fi\/index.php?rest_route=%2Fwp%2Fv2%2Fmedia&parent=88978"}],"wp:term":[{"taxonomy":"pwb-brand","embeddable":true,"href":"https:\/\/www.autonvaraosahaku.fi\/index.php?rest_route=%2Fwp%2Fv2%2Fpwb-brand&post=88978"},{"taxonomy":"product_cat","embeddable":true,"href":"https:\/\/www.autonvaraosahaku.fi\/index.php?rest_route=%2Fwp%2Fv2%2Fproduct_cat&post=88978"},{"taxonomy":"product_tag","embeddable":true,"href":"https:\/\/www.autonvaraosahaku.fi\/index.php?rest_route=%2Fwp%2Fv2%2Fproduct_tag&post=88978"}],"curies":[{"name":"wp","href":"https:\/\/api.w.org\/{rel}","templated":true}]}}