{"id":89012,"date":"2021-02-21T21:08:14","date_gmt":"2021-02-21T21:08:14","guid":{"rendered":"https:\/\/www.autonvaraosahaku.fi\/?product=topran-302-802-ilmamassamittari"},"modified":"2021-02-21T21:08:15","modified_gmt":"2021-02-21T21:08:15","slug":"topran-302-802-ilmamassamittari","status":"publish","type":"product","link":"https:\/\/www.autonvaraosahaku.fi\/?product=topran-302-802-ilmamassamittari","title":{"rendered":"TOPRAN 302 802 Ilmamassamittari"},"content":{"rendered":"<p>Kotelomalli: Ilman koppaa; Napojen m\u00e4\u00e4r\u00e4: 4; Uusi osa: ; Rungonpalautus vapaaehtoinen: ; Korvaava tuote\/korvaava tiedote 2: Asennettavissa ainoastaan alkup. pidikkeell\u00e4; suositeltu korjauksenlaajennus: Ilmasuodatin; Alustanumeroon: (V)AH999999; FORD: MONDEO IV Turnier BA7,S-MAX WA6,GALAXY WA6,TRANSIT MK-7 Kasten,MONDEO IV BA7,TRANSIT MK-7 Bus,TOURNEO CONNECT,TRANSIT MK-7 Pritsche\/Fahrgestell,MONDEO IV Stufenheck BA7; PEUGEOT: BOXER Kasten,BOXER Bus,BOXER Pritsche\/Fahrgestell; CITRO\u00cbN: JUMPER Kasten,JUMPER Bus,JUMPER Pritsche\/Fahrgestell; LAND ROVER: FREELANDER 2 FA_; 1920KQ, 1376235, 6C1112B579AA, MHK501040, 1920KQ; Ilmam\u00e4\u00e4r\u00e4mittari,MAF Anturi<\/p>\n","protected":false},"excerpt":{"rendered":"<p>TOPRAN Ilmamassamittari 302 802 Ilmam\u00e4\u00e4r\u00e4mittari,MAF Anturi FORD,PEUGEOT,CITRO\u00cbN,MONDEO IV Turnier BA7,S-MAX WA6,GALAXY WA6,TRANSIT MK-7 Kasten<\/p>\n","protected":false},"featured_media":0,"template":"","meta":{"site-sidebar-layout":"default","site-content-layout":"default","ast-global-header-display":"","ast-main-header-display":"","ast-hfb-above-header-display":"","ast-hfb-below-header-display":"","ast-hfb-mobile-header-display":"","site-post-title":"","ast-breadcrumbs-content":"","ast-featured-img":"","footer-sml-layout":"","theme-transparent-header-meta":"","adv-header-id-meta":"","stick-header-meta":"","header-above-stick-meta":"","header-main-stick-meta":"","header-below-stick-meta":""},"pwb-brand":[18],"product_cat":[270],"product_tag":[],"class_list":{"0":"post-89012","1":"product","2":"type-product","3":"status-publish","5":"pwb-brand-topran","6":"product_cat-ilmamassamittari","7":"desktop-align-left","8":"tablet-align-left","9":"mobile-align-left","11":"first","12":"instock","13":"product-type-external"},"brands":[{"id":18,"name":"TOPRAN","slug":"topran"}],"_links":{"self":[{"href":"https:\/\/www.autonvaraosahaku.fi\/index.php?rest_route=\/wp\/v2\/product\/89012","targetHints":{"allow":["GET"]}}],"collection":[{"href":"https:\/\/www.autonvaraosahaku.fi\/index.php?rest_route=\/wp\/v2\/product"}],"about":[{"href":"https:\/\/www.autonvaraosahaku.fi\/index.php?rest_route=\/wp\/v2\/types\/product"}],"wp:attachment":[{"href":"https:\/\/www.autonvaraosahaku.fi\/index.php?rest_route=%2Fwp%2Fv2%2Fmedia&parent=89012"}],"wp:term":[{"taxonomy":"pwb-brand","embeddable":true,"href":"https:\/\/www.autonvaraosahaku.fi\/index.php?rest_route=%2Fwp%2Fv2%2Fpwb-brand&post=89012"},{"taxonomy":"product_cat","embeddable":true,"href":"https:\/\/www.autonvaraosahaku.fi\/index.php?rest_route=%2Fwp%2Fv2%2Fproduct_cat&post=89012"},{"taxonomy":"product_tag","embeddable":true,"href":"https:\/\/www.autonvaraosahaku.fi\/index.php?rest_route=%2Fwp%2Fv2%2Fproduct_tag&post=89012"}],"curies":[{"name":"wp","href":"https:\/\/api.w.org\/{rel}","templated":true}]}}