{"id":89017,"date":"2021-02-21T21:08:14","date_gmt":"2021-02-21T21:08:14","guid":{"rendered":"https:\/\/www.autonvaraosahaku.fi\/?product=swag-10-93-4917-tiivisteet"},"modified":"2021-02-21T21:08:18","modified_gmt":"2021-02-21T21:08:18","slug":"swag-10-93-4917-tiivisteet","status":"publish","type":"product","link":"https:\/\/www.autonvaraosahaku.fi\/?product=swag-10-93-4917-tiivisteet","title":{"rendered":"SWAG 10 93 4917 Tiivisteet"},"content":{"rendered":"<p>Paksuus [mm]: 11,9; Sis\u00e4l\u00e4pimitta [mm]: 38,5, 40,0; Ulkol\u00e4pimitta [mm]: 76,0; Materiaali: ACM (polyakryyli-kautsu); Asennuspuoli: Taka-akseli, Molemminpuolin; Paino [kg]: 0,040, 0,040; Tasauspy\u00f6r\u00e4st\u00f6: mit Differentialsperre; MERCEDES-BENZ: C-CLASS W203,E-CLASS W211,C-CLASS W204,C-CLASS T-Model S204,C-CLASS T-Model S203,C-CLASS W202,E-CLASS T-Model S211,190 W201,SLK R170,E-CLASS W210,E-CLASS W212,C-CLASS Coupe CL203,Stufenheck W124,E-CLASS T-Model S212,GLK-CLASS X204,E-CLASS Kombi S210,SLK R171,CLK C208,SL R129,CLK C209,SL R107,C-CLASS Kombi S202,Stufenheck W123,S-CLASS W126,KOMBI Kombi S124,E-CLASS W124,E-CLASS Coupe C207,CLK Cabriolet A208,COUPE C124,CLK Cabriolet A209,S-CLASS W140,E-CLASS Kombi S124,C-CLASS Coupe C204,COUPE C123,SLK R172,S-CLASS W116,E-CLASS Cabriolet A207,S-CLASS Coupe C126,CLC-CLASS CL203,KOMBI Kombi S123,E-CLASS Cabriolet A124,SL Coupe C107,E-CLASS Coupe C124,S-CLASS Coupe C140,CABRIOLET A124; 0029972147, 0039971147, 0149974947, 0209972147, 0229979947, 0249974247, 0259970047, A0029972147, A0039971147, A0149974947, A0209972147, A0229979947, A0249974247, A0259970047<\/p>\n","protected":false},"excerpt":{"rendered":"<p>SWAG Akselitiiviste, Tasauspy\u00f6r\u00e4st\u00f6 10 93 4917  MERCEDES-BENZ,C-CLASS W203,E-CLASS W211,C-CLASS W204,C-CLASS T-Model S204,C-CLASS T-Model S203<\/p>\n","protected":false},"featured_media":0,"template":"","meta":{"site-sidebar-layout":"default","site-content-layout":"default","ast-global-header-display":"","ast-main-header-display":"","ast-hfb-above-header-display":"","ast-hfb-below-header-display":"","ast-hfb-mobile-header-display":"","site-post-title":"","ast-breadcrumbs-content":"","ast-featured-img":"","footer-sml-layout":"","theme-transparent-header-meta":"","adv-header-id-meta":"","stick-header-meta":"","header-above-stick-meta":"","header-main-stick-meta":"","header-below-stick-meta":""},"pwb-brand":[103],"product_cat":[27],"product_tag":[],"class_list":{"0":"post-89017","1":"product","2":"type-product","3":"status-publish","5":"pwb-brand-swag","6":"product_cat-tiivisteet","7":"desktop-align-left","8":"tablet-align-left","9":"mobile-align-left","11":"first","12":"instock","13":"product-type-external"},"brands":[{"id":103,"name":"SWAG","slug":"swag"}],"_links":{"self":[{"href":"https:\/\/www.autonvaraosahaku.fi\/index.php?rest_route=\/wp\/v2\/product\/89017","targetHints":{"allow":["GET"]}}],"collection":[{"href":"https:\/\/www.autonvaraosahaku.fi\/index.php?rest_route=\/wp\/v2\/product"}],"about":[{"href":"https:\/\/www.autonvaraosahaku.fi\/index.php?rest_route=\/wp\/v2\/types\/product"}],"wp:attachment":[{"href":"https:\/\/www.autonvaraosahaku.fi\/index.php?rest_route=%2Fwp%2Fv2%2Fmedia&parent=89017"}],"wp:term":[{"taxonomy":"pwb-brand","embeddable":true,"href":"https:\/\/www.autonvaraosahaku.fi\/index.php?rest_route=%2Fwp%2Fv2%2Fpwb-brand&post=89017"},{"taxonomy":"product_cat","embeddable":true,"href":"https:\/\/www.autonvaraosahaku.fi\/index.php?rest_route=%2Fwp%2Fv2%2Fproduct_cat&post=89017"},{"taxonomy":"product_tag","embeddable":true,"href":"https:\/\/www.autonvaraosahaku.fi\/index.php?rest_route=%2Fwp%2Fv2%2Fproduct_tag&post=89017"}],"curies":[{"name":"wp","href":"https:\/\/api.w.org\/{rel}","templated":true}]}}