{"id":89050,"date":"2021-02-21T21:08:34","date_gmt":"2021-02-21T21:08:34","guid":{"rendered":"https:\/\/www.autonvaraosahaku.fi\/?product=diederichs-1031086-ajovalon-saatomoottori"},"modified":"2021-02-21T21:08:35","modified_gmt":"2021-02-21T21:08:35","slug":"diederichs-1031086-ajovalon-saatomoottori","status":"publish","type":"product","link":"https:\/\/www.autonvaraosahaku.fi\/?product=diederichs-1031086-ajovalon-saatomoottori","title":{"rendered":"DIEDERICHS 1031086 Ajovalon s\u00e4\u00e4t\u00f6moottori"},"content":{"rendered":"<p>K\u00e4ytt\u00f6: S\u00e4hk\u00f6inen; VW: PASSAT CC 357,NEW BEETLE 9C1, 1C1,NEW BEETLE Cabriolet 1Y7; AUDI: A3 8P1,TT 8N3,A8 4D2, 4D8,TT Roadster 8N9; FORD: GALAXY WGR; FIAT: STILO 192,STILO Multi Wagon 192; SKODA: OCTAVIA Combi 1U5,YETI 5L,OCTAVIA 1U2; SEAT: ALHAMBRA 7V8, 7V9; SMART: CITY-COUPE 450,CABRIO 450,FORTWO Coupe 450,FORTWO Cabrio 450; ALFA ROMEO: 147 937; IVECO: DAILY III Pritsche\/Fahrgestell,DAILY III Kasten\/Kombi; 9948397, 1J0941295A, 9948397, 1041664, 95VW13K193CA, 0000042536208, 42536208, 1J0941295A, 1J0941295A, 1J0941295A; Valojen Korkeudens\u00e4\u00e4t\u00f6,S\u00e4\u00e4t\u00f6elementti, Ajovalojen Korkeudens\u00e4\u00e4t\u00f6<\/p>\n","protected":false},"excerpt":{"rendered":"<p>DIEDERICHS Ajovalon S\u00e4\u00e4t\u00f6moottori 1031086 Valojen Korkeudens\u00e4\u00e4t\u00f6,S\u00e4\u00e4t\u00f6elementti, Ajovalojen Korkeudens\u00e4\u00e4t\u00f6 VW,AUDI,FORD,PASSAT CC 357<\/p>\n","protected":false},"featured_media":0,"template":"","meta":{"site-sidebar-layout":"default","site-content-layout":"default","ast-global-header-display":"","ast-main-header-display":"","ast-hfb-above-header-display":"","ast-hfb-below-header-display":"","ast-hfb-mobile-header-display":"","site-post-title":"","ast-breadcrumbs-content":"","ast-featured-img":"","footer-sml-layout":"","theme-transparent-header-meta":"","adv-header-id-meta":"","stick-header-meta":"","header-above-stick-meta":"","header-main-stick-meta":"","header-below-stick-meta":""},"pwb-brand":[227],"product_cat":[299],"product_tag":[],"class_list":{"0":"post-89050","1":"product","2":"type-product","3":"status-publish","5":"pwb-brand-diederichs","6":"product_cat-ajovalon-saatomoottori","7":"desktop-align-left","8":"tablet-align-left","9":"mobile-align-left","11":"first","12":"instock","13":"product-type-external"},"brands":[{"id":227,"name":"DIEDERICHS","slug":"diederichs"}],"_links":{"self":[{"href":"https:\/\/www.autonvaraosahaku.fi\/index.php?rest_route=\/wp\/v2\/product\/89050","targetHints":{"allow":["GET"]}}],"collection":[{"href":"https:\/\/www.autonvaraosahaku.fi\/index.php?rest_route=\/wp\/v2\/product"}],"about":[{"href":"https:\/\/www.autonvaraosahaku.fi\/index.php?rest_route=\/wp\/v2\/types\/product"}],"wp:attachment":[{"href":"https:\/\/www.autonvaraosahaku.fi\/index.php?rest_route=%2Fwp%2Fv2%2Fmedia&parent=89050"}],"wp:term":[{"taxonomy":"pwb-brand","embeddable":true,"href":"https:\/\/www.autonvaraosahaku.fi\/index.php?rest_route=%2Fwp%2Fv2%2Fpwb-brand&post=89050"},{"taxonomy":"product_cat","embeddable":true,"href":"https:\/\/www.autonvaraosahaku.fi\/index.php?rest_route=%2Fwp%2Fv2%2Fproduct_cat&post=89050"},{"taxonomy":"product_tag","embeddable":true,"href":"https:\/\/www.autonvaraosahaku.fi\/index.php?rest_route=%2Fwp%2Fv2%2Fproduct_tag&post=89050"}],"curies":[{"name":"wp","href":"https:\/\/api.w.org\/{rel}","templated":true}]}}