{"id":8957,"date":"2021-02-21T14:04:30","date_gmt":"2021-02-21T14:04:30","guid":{"rendered":"https:\/\/www.autonvaraosahaku.fi\/?product=master-sport-11906-pcs-ms-raidetangon-paa"},"modified":"2021-02-21T14:04:32","modified_gmt":"2021-02-21T14:04:32","slug":"master-sport-11906-pcs-ms-raidetangon-paa","status":"publish","type":"product","link":"https:\/\/www.autonvaraosahaku.fi\/?product=master-sport-11906-pcs-ms-raidetangon-paa","title":{"rendered":"MASTER-SPORT 11906-PCS-MS Raidetangon p\u00e4\u00e4"},"content":{"rendered":"<p>Asennuspuoli: Etuakseli, Molemminpuolin, Ulompi; Pituus (mm): 84; Kierremalli: Oikealla kierteell\u00e4; Kierremitta: M14x1,5; Sis\u00e4kierre (mm): M14x1,5; Lukum\u00e4\u00e4r\u00e4 akselille: 2; Nettopaino [kg]: 0,35; Bruttopaino [kg]: 0,38; Valmistusvuosi alkaen: 09\/1984; TOYOTA: YARIS SCP1_, NLP1_, NCP1_,COROLLA Liftback _E11_,COROLLA Compact _E11_,RAV 4 I SXA1_,COROLLA Compact _E10_,CELICA ST20_, AT20_,COROLLA _E11_,CELICA Coupe AT18_, ST18_,COROLLA Wagon __E11_,RAV 4 \u00a0 SXA1_,COROLLA Liftback _E10_,COROLLA Liftback _E9_,COROLLA _E10_,COROLLA Compact _E9_,CELICA Liftback ST16_, AT16_,COROLLA Wagon _E10_,CAMRY _V2_,COROLLA Station Wagon _E9_,COROLLA _E9_,CELICA Cabriolet AT18_, ST18_,CELICA Coupe ST16_, AT16_,COROLLA Liftback _E8_,COROLLA FX Compact E8B,CELICA Cabriolet ST16_, AT16_,CARINA II _T15_,CAMRY Station Wagon _V2_,CARINA II Stufenheck _T15_,COROLLA _E8_,CELICA Cabriolet AT20_, ST20_,CELICA AT16_, ST16_; 4504619175, 4504629305<\/p>\n","protected":false},"excerpt":{"rendered":"<p>MASTER-SPORT Raidetangon P\u00e4\u00e4 11906-PCS-MS  TOYOTA,YARIS SCP1_, NLP1_, NCP1_,COROLLA Liftback _E11_,COROLLA Compact _E11_,RAV 4 I SXA1_<\/p>\n","protected":false},"featured_media":0,"template":"","meta":{"site-sidebar-layout":"default","site-content-layout":"default","ast-global-header-display":"","ast-main-header-display":"","ast-hfb-above-header-display":"","ast-hfb-below-header-display":"","ast-hfb-mobile-header-display":"","site-post-title":"","ast-breadcrumbs-content":"","ast-featured-img":"","footer-sml-layout":"","theme-transparent-header-meta":"","adv-header-id-meta":"","stick-header-meta":"","header-above-stick-meta":"","header-main-stick-meta":"","header-below-stick-meta":""},"pwb-brand":[61],"product_cat":[96],"product_tag":[],"class_list":{"0":"post-8957","1":"product","2":"type-product","3":"status-publish","5":"pwb-brand-master-sport","6":"product_cat-raidetangon-paa","7":"desktop-align-left","8":"tablet-align-left","9":"mobile-align-left","11":"first","12":"instock","13":"product-type-external"},"brands":[{"id":61,"name":"MASTER-SPORT","slug":"master-sport"}],"_links":{"self":[{"href":"https:\/\/www.autonvaraosahaku.fi\/index.php?rest_route=\/wp\/v2\/product\/8957","targetHints":{"allow":["GET"]}}],"collection":[{"href":"https:\/\/www.autonvaraosahaku.fi\/index.php?rest_route=\/wp\/v2\/product"}],"about":[{"href":"https:\/\/www.autonvaraosahaku.fi\/index.php?rest_route=\/wp\/v2\/types\/product"}],"wp:attachment":[{"href":"https:\/\/www.autonvaraosahaku.fi\/index.php?rest_route=%2Fwp%2Fv2%2Fmedia&parent=8957"}],"wp:term":[{"taxonomy":"pwb-brand","embeddable":true,"href":"https:\/\/www.autonvaraosahaku.fi\/index.php?rest_route=%2Fwp%2Fv2%2Fpwb-brand&post=8957"},{"taxonomy":"product_cat","embeddable":true,"href":"https:\/\/www.autonvaraosahaku.fi\/index.php?rest_route=%2Fwp%2Fv2%2Fproduct_cat&post=8957"},{"taxonomy":"product_tag","embeddable":true,"href":"https:\/\/www.autonvaraosahaku.fi\/index.php?rest_route=%2Fwp%2Fv2%2Fproduct_tag&post=8957"}],"curies":[{"name":"wp","href":"https:\/\/api.w.org\/{rel}","templated":true}]}}