{"id":89668,"date":"2021-02-21T21:14:21","date_gmt":"2021-02-21T21:14:21","guid":{"rendered":"https:\/\/www.autonvaraosahaku.fi\/?product=jp-group-1190201000-laturin-jannitteensaadin"},"modified":"2021-02-21T21:14:30","modified_gmt":"2021-02-21T21:14:30","slug":"jp-group-1190201000-laturin-jannitteensaadin","status":"publish","type":"product","link":"https:\/\/www.autonvaraosahaku.fi\/?product=jp-group-1190201000-laturin-jannitteensaadin","title":{"rendered":"JP GROUP 1190201000 Laturin j\u00e4nnitteens\u00e4\u00e4din"},"content":{"rendered":"<p>K\u00e4ytt\u00f6j\u00e4nnite [V]: 14; Valmistaja rajaus: Bosch; Nimellisj\u00e4nnite (V): 12; Valmistusvuosi alkaen: 05\/1978; VW: GOLF I Cabriolet 155,TRANSPORTER III Bus,KAEFER,SCIROCCO 53B,LT 28-35 I Kasten 281-363,GOLF I 17,LT 28-35 I Bus 281-363,KAEFER Cabriolet 15,PASSAT Variant 32B,PASSAT 32B,POLO 86,SCIROCCO 53,ILTIS 183,JETTA I 16,PASSAT 32,LT 40-55 I Kasten 291-512,DERBY 86,PASSAT Variant 33,SANTANA 32B; AUDI: 80 81, 85, B2,COUPE 81, 85,QUATTRO 85,80 80, 82, B1,100 C1,100 Coupe C1,100 43, C2,200 43,50 86,100 Avant 43, C2; MERCEDES-BENZ: SL R107,Stufenheck W123,S-CLASS W126,G-CLASS W460,COUPE C123,S-CLASS W116,KOMBI Kombi S123,T1 Bus 601,SL Coupe C107,T1 Pritsche\/Fahrgestell 601; BMW: 6 E24,3 E21,7 E23,5 E12; OPEL: CORSA A CC 93_, 94_, 98_, 99_,KADETT C Coupe,MANTA B 58_, 59_,VECTRA A CC 88_, 89_,KADETT B,MONZA A 22_,KADETT C,ASCONA B 81_, 86_, 87_, 88_,ASCONA C 81_, 86_, 87_, 88_,REKORD E 17_-19_, 11_, 14_, 16_,SENATOR B 29_,SENATOR A 29_,CORSA A TR 91_, 92_, 96_, 97_,KADETT D 31_-34_, 41_-44_,KADETT B Coupe,ASCONA C CC 84_, 89_,REKORD D,MANTA B CC 53_, 55_,KADETT C City,COMMODORE B Coupe,COMMODORE C 14_, 19_,COMMODORE B,REKORD E Caravan 61_, 66_, 67_,KADETT D 32_,37_,39, _42,REKORD D Coupe,KADETT C Caravan,KADETT B Caravan,KADETT D Caravan 35_, 36_, 45_, 46_,COMMODORE C Caravan 61,REKORD D Caravan; FORD: FIESTA I GFBT,FIESTA II FBD,TRANSIT Bus V_ _,SCORPIO I GAE, GGE,CAPRI III GECP,ESCORT II ATH,ESCORT III GAA,TRANSIT Kasten V_ _,TRANSIT Pritsche\/Fahrgestell V_ _,SIERRA Kombi BNG,GRANADA GU,TRANSIT Bus 72E, 73E,CAPRI II GECP,GRANADA Kombi GNU,GRANADA GGTL, GGFL,FIESTA Kasten WFVT,ESCORT II Kombi,ESCORT III Kombi AWA,GRANADA Kombi GGNL; FIAT: 124 Spider,DUCATO Panorama 280,X 1\/9 128 AS,127,128 Coupe,128,131,RITMO I 138A,132,FIORINO Pick up 146,FIORINO 147,REGATA 138,ARGENTA 132A,RITMO Cabriolet,FIORINO 127,131 Familiare\/Panorama,FIORINO Pick up 147; SEAT: MARBELLA 28,IBIZA I 021A,MARBELLA Kasten 028A,MALAGA 023A,RONDA 022A; VOLVO: 240 P242, P244; ALFA ROMEO: SPIDER 115,75 162B,155 167,GTV 116,ALFETTA GT 116,33 905,ALFASUD Sprint 902.A,ALFETTA 116,ALFASUD 901,GIULIETTA 116,33 Sportwagon 905A,6 119,ALFASUD Giardinetta 904; 0003894469, 0003899291, 028903803A, 043903803G, 049903803B, 049903803C, 049903803E, 049903803F, 052903803, 053903803, 059903803B, 059903803C, 063903803, 070903803A, 289038031, 3259038031, 409038033, 12311268073, 12311268387, 12311286073, 12311356063, 12311459286, 12311710732, 4474755, 9927829, 9934791, 9936532, 9940343, 9950085, 1447502, 1477502, 5011364, 5012444, 5013273, 6036646, 6057627, 71BB10316AA, 74GB10316AA, 78GB10300AA, 78GB10316AA, 81DB10316AA, A830X10316FA, A840X10316CA, 8123625, 4474755, 7074261, 7075469, 9927829, 9934791, 9936532, 9940343, 0021540606, 0021541806, 0021542506, 0021543206, 0021545806, A0021540606, A0021541806, A0021542506, A0021543206, A0021545806, 1204244, 1204246, 1204252, 8559577, 8581779, 0003894469, 0003899291, 028903803A, 043903803G, 049903803B, 049903803C, 049903803E, 049903803F, 052903803, 053903803, 059903803B, 059903803C, 063903803, 070903803A, 289038031, 3259038031, 409038033, 244332, 0003894469, 0003899291, 028903803A, 043903803G, 049903803B, 04&#8230;; Laturin S\u00e4\u00e4din,J\u00e4nniteens\u00e4\u00e4din<\/p>\n","protected":false},"excerpt":{"rendered":"<p>JP GROUP Laturin J\u00e4nnitteens\u00e4\u00e4din JP Group 1190201000 Laturin S\u00e4\u00e4din,J\u00e4nniteens\u00e4\u00e4din VW,AUDI,MERCEDES-BENZ,GOLF I Cabriolet 155,TRANSPORTER III Bus<\/p>\n","protected":false},"featured_media":0,"template":"","meta":{"site-sidebar-layout":"default","site-content-layout":"default","ast-global-header-display":"","ast-main-header-display":"","ast-hfb-above-header-display":"","ast-hfb-below-header-display":"","ast-hfb-mobile-header-display":"","site-post-title":"","ast-breadcrumbs-content":"","ast-featured-img":"","footer-sml-layout":"","theme-transparent-header-meta":"","adv-header-id-meta":"","stick-header-meta":"","header-above-stick-meta":"","header-main-stick-meta":"","header-below-stick-meta":""},"pwb-brand":[131],"product_cat":[420],"product_tag":[],"class_list":{"0":"post-89668","1":"product","2":"type-product","3":"status-publish","5":"pwb-brand-jp-group","6":"product_cat-laturin-jannitteensaadin","7":"desktop-align-left","8":"tablet-align-left","9":"mobile-align-left","11":"first","12":"instock","13":"product-type-external"},"brands":[{"id":131,"name":"JP GROUP","slug":"jp-group"}],"_links":{"self":[{"href":"https:\/\/www.autonvaraosahaku.fi\/index.php?rest_route=\/wp\/v2\/product\/89668","targetHints":{"allow":["GET"]}}],"collection":[{"href":"https:\/\/www.autonvaraosahaku.fi\/index.php?rest_route=\/wp\/v2\/product"}],"about":[{"href":"https:\/\/www.autonvaraosahaku.fi\/index.php?rest_route=\/wp\/v2\/types\/product"}],"wp:attachment":[{"href":"https:\/\/www.autonvaraosahaku.fi\/index.php?rest_route=%2Fwp%2Fv2%2Fmedia&parent=89668"}],"wp:term":[{"taxonomy":"pwb-brand","embeddable":true,"href":"https:\/\/www.autonvaraosahaku.fi\/index.php?rest_route=%2Fwp%2Fv2%2Fpwb-brand&post=89668"},{"taxonomy":"product_cat","embeddable":true,"href":"https:\/\/www.autonvaraosahaku.fi\/index.php?rest_route=%2Fwp%2Fv2%2Fproduct_cat&post=89668"},{"taxonomy":"product_tag","embeddable":true,"href":"https:\/\/www.autonvaraosahaku.fi\/index.php?rest_route=%2Fwp%2Fv2%2Fproduct_tag&post=89668"}],"curies":[{"name":"wp","href":"https:\/\/api.w.org\/{rel}","templated":true}]}}