{"id":90004,"date":"2021-02-21T21:18:00","date_gmt":"2021-02-21T21:18:00","guid":{"rendered":"https:\/\/www.autonvaraosahaku.fi\/?product=maxgear-19-0429-jarrupalat"},"modified":"2021-02-21T21:18:08","modified_gmt":"2021-02-21T21:18:08","slug":"maxgear-19-0429-jarrupalat","status":"publish","type":"product","link":"https:\/\/www.autonvaraosahaku.fi\/?product=maxgear-19-0429-jarrupalat","title":{"rendered":"MAXGEAR 19-0429 Jarrupalat"},"content":{"rendered":"<p>Leveys (mm): 87; Korkeus (mm): 53; Paksuus [mm]: 15,2; Kulumisenilmaisimen liitos: Ei kulumisenilmaisimelle; Korvaava tuote\/korvaava tiedote 2: Jarrusatulan ruuveilla; WVA-numero: 23554; Jarruj\u00e4rjestelm\u00e4: Lucas; Asennuspuoli: Taka-akseli; M\u00e4\u00e4r\u00e4yksikk\u00f6: Akselisarja; Valmistusvuosi alkaen: 10\/1999; VW: GOLF IV 1J1,POLO 6N2,POLO 6N1,BORA 1J2,NEW BEETLE 9C1, 1C1,BORA Kombi 1J6,POLO Variant 6KV5,POLO CLASSIC 6KV2,GOLF IV Van 1J1; AUDI: A4 Avant 8ED, B7,A4 Avant 8E5, B6,A6 Avant 4B5, C5,A4 8E2, B6,A6 4B2, C5,A4 Cabriolet 8H7, B6, 8HE, B7,A4 8EC, B7,TT Roadster 8N9,ALLROAD 4BH, C5; SKODA: OCTAVIA Combi 1U5,OCTAVIA 1U2; SEAT: LEON 1M1,EXEO ST 3R5,TOLEDO II 1M2,EXEO 3R2; 161698451D, 191615415A, 191615415D, 191698451, 191698451A, 191698451B, 191698451C, 191698451D, 1E0698451A, 1H0698451B, 1H0698451C, 1H0698451E, 1H0698451F, 1H0698451G, 1H0698451H, 8E0698451B, 8E0698451D, 8E0698451E, 8E0698451L, JZW698451B, 1623180780, 4406085V25, 44060V4810, 44060V4811, 44060V4812, 44060V4813, 44060Y9090, 425056, 425108, 7701206343, 7701206784, 7701207484, 7701207695, 7701208213, 7701208416, 7701208421, 161698451D, 191615415A, 191615415D, 191698451, 191698451A, 191698451B, 191698451C, 191698451D, 1E0698451A, 1H0698451B, 1H0698451C, 1H0698451E, 1H0698451F, 1H0698451G, 1H0698451H, 8E0698451B, 8E0698451D, 8E0698451E, 8E0698451L, JZW698451B, 161698451D, 191615415A, 191615415D, 191698451, 191698451A, 191698451B, 191698451C, 191698451D, 1E0698451A, 1H0698451B, 1H0698451C, 1H0698451E, 1H0698451F, 1H0698451G, 1H0698451H, 8E0698451B, 8E0698451D, 8E0698451E, 8E0698451L, JZW698451B, 161698451D, 191615415A, 191615415D, 191698451, 191698451A, 191698451B, 191698451C, 191698451D, 1E&#8230;; Jarrupalasarja,Jarrupala, Levyjarru<\/p>\n","protected":false},"excerpt":{"rendered":"<p>MAXGEAR Jarrupalat 19-0429 Jarrupalasarja,Jarrupala, Levyjarru VW,AUDI,SKODA,GOLF IV 1J1,POLO 6N2,POLO 6N1,BORA 1J2,NEW BEETLE 9C1, 1C1,BORA Kombi 1J6<\/p>\n","protected":false},"featured_media":0,"template":"","meta":{"site-sidebar-layout":"default","site-content-layout":"default","ast-global-header-display":"","ast-main-header-display":"","ast-hfb-above-header-display":"","ast-hfb-below-header-display":"","ast-hfb-mobile-header-display":"","site-post-title":"","ast-breadcrumbs-content":"","ast-featured-img":"","footer-sml-layout":"","theme-transparent-header-meta":"","adv-header-id-meta":"","stick-header-meta":"","header-above-stick-meta":"","header-main-stick-meta":"","header-below-stick-meta":""},"pwb-brand":[48],"product_cat":[100],"product_tag":[],"class_list":{"0":"post-90004","1":"product","2":"type-product","3":"status-publish","5":"pwb-brand-maxgear","6":"product_cat-jarrupalat","7":"desktop-align-left","8":"tablet-align-left","9":"mobile-align-left","11":"first","12":"instock","13":"product-type-external"},"brands":[{"id":48,"name":"MAXGEAR","slug":"maxgear"}],"_links":{"self":[{"href":"https:\/\/www.autonvaraosahaku.fi\/index.php?rest_route=\/wp\/v2\/product\/90004","targetHints":{"allow":["GET"]}}],"collection":[{"href":"https:\/\/www.autonvaraosahaku.fi\/index.php?rest_route=\/wp\/v2\/product"}],"about":[{"href":"https:\/\/www.autonvaraosahaku.fi\/index.php?rest_route=\/wp\/v2\/types\/product"}],"wp:attachment":[{"href":"https:\/\/www.autonvaraosahaku.fi\/index.php?rest_route=%2Fwp%2Fv2%2Fmedia&parent=90004"}],"wp:term":[{"taxonomy":"pwb-brand","embeddable":true,"href":"https:\/\/www.autonvaraosahaku.fi\/index.php?rest_route=%2Fwp%2Fv2%2Fpwb-brand&post=90004"},{"taxonomy":"product_cat","embeddable":true,"href":"https:\/\/www.autonvaraosahaku.fi\/index.php?rest_route=%2Fwp%2Fv2%2Fproduct_cat&post=90004"},{"taxonomy":"product_tag","embeddable":true,"href":"https:\/\/www.autonvaraosahaku.fi\/index.php?rest_route=%2Fwp%2Fv2%2Fproduct_tag&post=90004"}],"curies":[{"name":"wp","href":"https:\/\/api.w.org\/{rel}","templated":true}]}}