{"id":90341,"date":"2021-02-21T21:21:29","date_gmt":"2021-02-21T21:21:29","guid":{"rendered":"https:\/\/www.autonvaraosahaku.fi\/?product=mapco-4023-jarrusatula"},"modified":"2021-02-21T21:21:36","modified_gmt":"2021-02-21T21:21:36","slug":"mapco-4023-jarrusatula","status":"publish","type":"product","link":"https:\/\/www.autonvaraosahaku.fi\/?product=mapco-4023-jarrusatula","title":{"rendered":"MAPCO 4023 Jarrusatula"},"content":{"rendered":"<p>Asennuspuoli: Taka-akseli, oikea; Jarruj\u00e4rjestelm\u00e4: BOSCH; Jarrusatulatyyppi: Jarrusatula; L\u00e4pimitta [mm]: 38; parilliset tuotenumerot: 4022, 4022; Valmistusvuosi alkaen: 12\/2005; LANCIA: DELTA III 844; FIAT: STILO 192,BRAVO II 198,STILO Multi Wagon 192,MULTIPLA 186; ALFA ROMEO: MITO 955; 77363520, 77364644, 77363520, 77364644<\/p>\n","protected":false},"excerpt":{"rendered":"<p>MAPCO Jarrusatula 4023  LANCIA,FIAT,ALFA ROMEO,DELTA III 844,STILO 192,BRAVO II 198,STILO Multi Wagon 192,MULTIPLA 186,MITO 955<\/p>\n","protected":false},"featured_media":0,"template":"","meta":{"site-sidebar-layout":"default","site-content-layout":"default","ast-global-header-display":"","ast-main-header-display":"","ast-hfb-above-header-display":"","ast-hfb-below-header-display":"","ast-hfb-mobile-header-display":"","site-post-title":"","ast-breadcrumbs-content":"","ast-featured-img":"","footer-sml-layout":"","theme-transparent-header-meta":"","adv-header-id-meta":"","stick-header-meta":"","header-above-stick-meta":"","header-main-stick-meta":"","header-below-stick-meta":""},"pwb-brand":[36],"product_cat":[177],"product_tag":[],"class_list":{"0":"post-90341","1":"product","2":"type-product","3":"status-publish","5":"pwb-brand-mapco","6":"product_cat-jarrusatula","7":"desktop-align-left","8":"tablet-align-left","9":"mobile-align-left","11":"first","12":"instock","13":"product-type-external"},"brands":[{"id":36,"name":"MAPCO","slug":"mapco"}],"_links":{"self":[{"href":"https:\/\/www.autonvaraosahaku.fi\/index.php?rest_route=\/wp\/v2\/product\/90341","targetHints":{"allow":["GET"]}}],"collection":[{"href":"https:\/\/www.autonvaraosahaku.fi\/index.php?rest_route=\/wp\/v2\/product"}],"about":[{"href":"https:\/\/www.autonvaraosahaku.fi\/index.php?rest_route=\/wp\/v2\/types\/product"}],"wp:attachment":[{"href":"https:\/\/www.autonvaraosahaku.fi\/index.php?rest_route=%2Fwp%2Fv2%2Fmedia&parent=90341"}],"wp:term":[{"taxonomy":"pwb-brand","embeddable":true,"href":"https:\/\/www.autonvaraosahaku.fi\/index.php?rest_route=%2Fwp%2Fv2%2Fpwb-brand&post=90341"},{"taxonomy":"product_cat","embeddable":true,"href":"https:\/\/www.autonvaraosahaku.fi\/index.php?rest_route=%2Fwp%2Fv2%2Fproduct_cat&post=90341"},{"taxonomy":"product_tag","embeddable":true,"href":"https:\/\/www.autonvaraosahaku.fi\/index.php?rest_route=%2Fwp%2Fv2%2Fproduct_tag&post=90341"}],"curies":[{"name":"wp","href":"https:\/\/api.w.org\/{rel}","templated":true}]}}