{"id":90502,"date":"2021-02-21T21:23:14","date_gmt":"2021-02-21T21:23:14","guid":{"rendered":"https:\/\/www.autonvaraosahaku.fi\/?product=ridex-854s0006-iskunvaimennin"},"modified":"2021-02-21T21:23:22","modified_gmt":"2021-02-21T21:23:22","slug":"ridex-854s0006-iskunvaimennin","status":"publish","type":"product","link":"https:\/\/www.autonvaraosahaku.fi\/?product=ridex-854s0006-iskunvaimennin","title":{"rendered":"RIDEX 854S0006 Iskunvaimennin"},"content":{"rendered":"<p>Iskunvaimennin tyyppi: Kaasupaine; Iskunvaimennin malli: Joustintuki; suurin pituus [mm]: 537; v\u00e4h. pituus [mm]: 377; Iskunvaimennin asennustapa: Tappi ylh\u00e4\u00e4ll\u00e4; Asennuspuoli: Etuakseli, Vorderachse; VW: GOLF V 1K1,POLO 9N_,GOLF VI 5K1,GOLF PLUS 5M1, 521,CADDY III Kombi 2KB, 2KJ, 2CB, 2CJ,FOX 5Z1, 5Z3,GOLF VI Variant AJ5,GOLF V Variant 1K5,CADDY III Kasten 2KA, 2KH, 2CA, 2CH,SCIROCCO 137, 138,JETTA III 1K2,GOLF VI Cabriolet 517,BEETLE 5C1,JETTA IV 162, 163,POLO Stufenheck 9A4,BEETLE Cabriolet 5C7; AUDI: A3 8P1,A3 Sportback 8PA,A2 8Z0,A3 Cabriolet 8P7; SKODA: OCTAVIA Combi 1Z5,FABIA Combi 6Y5,FABIA,FABIA 6Y2,FABIA Combi,ROOMSTER 5J,YETI 5L,OCTAVIA 1Z3,FABIA Stufenheck 6Y3,FABIA Praktik; SEAT: LEON 1P1,ALTEA 5P1,ALTEA XL 5P5, 5P8,TOLEDO III 5P2; 1K0413031AC, 1K0413031AE, 1K0413031AH, 1K0413031AQ, 1K0413031AR, 1K0413031AS, 1K0413031AT, 1K0413031BA, 1K0413031BB, 1K0413031BE, 1K0413031BF, 1K0413031BG, 1K0413031BH, 1K0413031BJ, 1K0413031BK, 1K0413031DA, 1K0413031CT, 1K0413031AD, 1K0413031AE, 1K0413031AF, 1K0413031AH, 1K0413031AJ, 1K0413031BE, 1K0413031BF, 1K0413031BG, 1K0413031BH, 1K0413031BJ, 1K0413031BL, 1K0413031BS, 1K0413031AC, 1K0413031AD, 1K0413031AE, 1K0413031AF, 1K0413031AT, 1K0413031BA, 1K0413031BB, 1K0413031BC, 1K0413031BE, 1K0413031BF, 1K0413031BG, 1K0413031BH, 1K0413031BJ, 1K0413031BL, 1K0413031BS, 1K0413031BT, 1K0413031CH, 1K0413031CJ, 1K0413031CK, 1K0413031CL, 1K0413031CM, 1K0413031CN, 1K0413031CP, 1K0413031CQ, 1K0413031CR, 1K0413031CS, 1K0413031DE, 1K0413031DF, 1K0413031DG, 1K0413031DJ, 1K0413031DK; Iskarit,Iskunvaimennin<\/p>\n","protected":false},"excerpt":{"rendered":"<p>RIDEX Iskunvaimentimet 854S0006 Iskarit,Iskunvaimennin VW,AUDI,SKODA,GOLF V 1K1,POLO 9N_,GOLF VI 5K1,GOLF PLUS 5M1, 521<\/p>\n","protected":false},"featured_media":0,"template":"","meta":{"site-sidebar-layout":"default","site-content-layout":"default","ast-global-header-display":"","ast-main-header-display":"","ast-hfb-above-header-display":"","ast-hfb-below-header-display":"","ast-hfb-mobile-header-display":"","site-post-title":"","ast-breadcrumbs-content":"","ast-featured-img":"","footer-sml-layout":"","theme-transparent-header-meta":"","adv-header-id-meta":"","stick-header-meta":"","header-above-stick-meta":"","header-main-stick-meta":"","header-below-stick-meta":""},"pwb-brand":[157],"product_cat":[80],"product_tag":[],"class_list":{"0":"post-90502","1":"product","2":"type-product","3":"status-publish","5":"pwb-brand-ridex","6":"product_cat-iskunvaimennin","7":"desktop-align-left","8":"tablet-align-left","9":"mobile-align-left","11":"first","12":"instock","13":"product-type-external"},"brands":[{"id":157,"name":"RIDEX","slug":"ridex"}],"_links":{"self":[{"href":"https:\/\/www.autonvaraosahaku.fi\/index.php?rest_route=\/wp\/v2\/product\/90502","targetHints":{"allow":["GET"]}}],"collection":[{"href":"https:\/\/www.autonvaraosahaku.fi\/index.php?rest_route=\/wp\/v2\/product"}],"about":[{"href":"https:\/\/www.autonvaraosahaku.fi\/index.php?rest_route=\/wp\/v2\/types\/product"}],"wp:attachment":[{"href":"https:\/\/www.autonvaraosahaku.fi\/index.php?rest_route=%2Fwp%2Fv2%2Fmedia&parent=90502"}],"wp:term":[{"taxonomy":"pwb-brand","embeddable":true,"href":"https:\/\/www.autonvaraosahaku.fi\/index.php?rest_route=%2Fwp%2Fv2%2Fpwb-brand&post=90502"},{"taxonomy":"product_cat","embeddable":true,"href":"https:\/\/www.autonvaraosahaku.fi\/index.php?rest_route=%2Fwp%2Fv2%2Fproduct_cat&post=90502"},{"taxonomy":"product_tag","embeddable":true,"href":"https:\/\/www.autonvaraosahaku.fi\/index.php?rest_route=%2Fwp%2Fv2%2Fproduct_tag&post=90502"}],"curies":[{"name":"wp","href":"https:\/\/api.w.org\/{rel}","templated":true}]}}