{"id":90544,"date":"2021-02-21T21:23:40","date_gmt":"2021-02-21T21:23:40","guid":{"rendered":"https:\/\/www.autonvaraosahaku.fi\/?product=ridex-854s0027-iskunvaimennin"},"modified":"2021-02-21T21:23:48","modified_gmt":"2021-02-21T21:23:48","slug":"ridex-854s0027-iskunvaimennin","status":"publish","type":"product","link":"https:\/\/www.autonvaraosahaku.fi\/?product=ridex-854s0027-iskunvaimennin","title":{"rendered":"RIDEX 854S0027 Iskunvaimennin"},"content":{"rendered":"<p>Asennuspuoli: Etuakseli, oikea; Iskunvaimennin tyyppi: Kaasupaine; Iskunvaimennin malli: Joustintuki; Iskunvaimennusj\u00e4rjestelm\u00e4: Kaksiputki; Iskunvaimennin asennustapa: Tappi ylh\u00e4\u00e4ll\u00e4; L\u00e4pimitta [mm]: 52; Pituus 1 (mm): 478; Pituus 2 (mm): 280; M\u00e4nn\u00e4nvarren l\u00e4pimitta [mm]: 22; Lukum\u00e4\u00e4r\u00e4 akselille: 1; Alustarakenne: f\u00fcr Fahrzeuge mit Standard Fahrwerk; FORD: FOCUS II Kombi DA_,FOCUS II DA_,FOCUS C-MAX,C-MAX DM2,FOCUS II Stufenheck DA_,FOCUS II Cabriolet; 1234201, 1234202, 1306048, 1318903, 1318904, 1325089, 1325695, 1325958, 1325959, 1326177, 1330820, 1348773, 1348775, 1348776, 1348778, 1348781, 1348784, 1360154, 1360155, 1360156, 1360158, 1360159, 1360160, 1362669, 1365714, 1365741, 1365746, 1366813, 1366815, 1366817, 1366820, 1370278, 1372324, 1372329, 1373239, 1379922, 1386251, 1386252, 1386253, 1440336, 1440337, 1440338, 1440340, 1441967, 1455544, 1455548, 1455549, 1455550, 1461623, 1461624, 1461625, 1464768, 1464769, 1464770, 1466471, 1466482, 1559520, 1565337, 1570029, 1570043, 1574976, 1574979, 1574980, 1574989, 1574992, 1574993, 1575006, 1575010, 1595284, 1595295, 1595296, 1619268, 1619269, 1619280, 1667928, 1667933, 1667935, 1670778, 1670779, 1672823, 1672830, 1683428, 1683431, 1710517, 3M5118045CAH, 3M5118045CAJ, 3M5118045CAK, 3M5118045CAL, 3M5118045CBJ, 3M5118045CBK, 3M5118045CBM, 3M5118045CCJ, 3M5118045CCK, 3M5118045CCL, 3M5118045CCM, 3M5118045CGA, 3M5118045FAA, 3M5118045SAD, 3M5118045SBE, 3M5118045SCE, 3M5118B038CAB, 3M5&#8230;; Iskarit,Iskunvaimennin<\/p>\n","protected":false},"excerpt":{"rendered":"<p>RIDEX Iskunvaimentimet 854S0027 Iskarit,Iskunvaimennin FORD,FOCUS II Kombi DA_,FOCUS II DA_,FOCUS C-MAX,C-MAX DM2,FOCUS II Stufenheck DA_<\/p>\n","protected":false},"featured_media":0,"template":"","meta":{"site-sidebar-layout":"default","site-content-layout":"default","ast-global-header-display":"","ast-main-header-display":"","ast-hfb-above-header-display":"","ast-hfb-below-header-display":"","ast-hfb-mobile-header-display":"","site-post-title":"","ast-breadcrumbs-content":"","ast-featured-img":"","footer-sml-layout":"","theme-transparent-header-meta":"","adv-header-id-meta":"","stick-header-meta":"","header-above-stick-meta":"","header-main-stick-meta":"","header-below-stick-meta":""},"pwb-brand":[157],"product_cat":[80],"product_tag":[],"class_list":{"0":"post-90544","1":"product","2":"type-product","3":"status-publish","5":"pwb-brand-ridex","6":"product_cat-iskunvaimennin","7":"desktop-align-left","8":"tablet-align-left","9":"mobile-align-left","11":"first","12":"instock","13":"product-type-external"},"brands":[{"id":157,"name":"RIDEX","slug":"ridex"}],"_links":{"self":[{"href":"https:\/\/www.autonvaraosahaku.fi\/index.php?rest_route=\/wp\/v2\/product\/90544","targetHints":{"allow":["GET"]}}],"collection":[{"href":"https:\/\/www.autonvaraosahaku.fi\/index.php?rest_route=\/wp\/v2\/product"}],"about":[{"href":"https:\/\/www.autonvaraosahaku.fi\/index.php?rest_route=\/wp\/v2\/types\/product"}],"wp:attachment":[{"href":"https:\/\/www.autonvaraosahaku.fi\/index.php?rest_route=%2Fwp%2Fv2%2Fmedia&parent=90544"}],"wp:term":[{"taxonomy":"pwb-brand","embeddable":true,"href":"https:\/\/www.autonvaraosahaku.fi\/index.php?rest_route=%2Fwp%2Fv2%2Fpwb-brand&post=90544"},{"taxonomy":"product_cat","embeddable":true,"href":"https:\/\/www.autonvaraosahaku.fi\/index.php?rest_route=%2Fwp%2Fv2%2Fproduct_cat&post=90544"},{"taxonomy":"product_tag","embeddable":true,"href":"https:\/\/www.autonvaraosahaku.fi\/index.php?rest_route=%2Fwp%2Fv2%2Fproduct_tag&post=90544"}],"curies":[{"name":"wp","href":"https:\/\/api.w.org\/{rel}","templated":true}]}}