{"id":90631,"date":"2021-02-21T21:24:46","date_gmt":"2021-02-21T21:24:46","guid":{"rendered":"https:\/\/www.autonvaraosahaku.fi\/?product=dt-3-34268sp-kiilahihnat"},"modified":"2021-02-21T21:24:47","modified_gmt":"2021-02-21T21:24:47","slug":"dt-3-34268sp-kiilahihnat","status":"publish","type":"product","link":"https:\/\/www.autonvaraosahaku.fi\/?product=dt-3-34268sp-kiilahihnat","title":{"rendered":"DT 3.34268SP Kiilahihnat"},"content":{"rendered":"<p>Paino [g]: 157; Pituus (mm): 1075; Leveys (mm): 10; Hihnojen m\u00e4\u00e4r\u00e4: 2; VW: TRANSPORTER IV Bus 70XB, 70XC, 7DB, 7DW,TRANSPORTER IV Kasten 70XA,TRANSPORTER III Bus,TRANSPORTER IV Pritsche\/Fahrgestell 70XD,TRANSPORTER III Kasten,TRANSPORTER III Pritsche\/Fahrgestell; NISSAN: BLUEBIRD U11; SEAT: RONDA 022A; KIA: K2500 SD; HONDA: LEGEND I Coupe KA3,LEGEND I HS, KA; LANCIA: DELTA I 831AB0; OPEL: MONZA A 22_,REKORD E 17_-19_, 11_, 14_, 16_,SENATOR A 29_,REKORD D,COMMODORE C 14_, 19_,REKORD E Caravan 61_, 66_, 67_,COMMODORE C Caravan 61,REKORD D Caravan; IVECO: DAILY II Pritsche\/Fahrgestell,DAILY II Kasten\/Kombi,DAILY I Pritsche\/Fahrgestell,DAILY II Bus,DAILY I Kasten\/Kombi,DAILY II Kipper; TOYOTA: TERCEL Station Wagon AL2_,TERCEL AL2_,TERCEL _L1_, _L2_; ROVER: 800 XS,800 Hatchback XS,800 Coupe; 06580432124, 06580721242, 06580731242, 51968206043, 5001868051, 5001868051<\/p>\n","protected":false},"excerpt":{"rendered":"<p>DT Kiilahihnasarja 3.34268SP  VW,NISSAN,SEAT,TRANSPORTER IV Bus 70XB, 70XC, 7DB, 7DW,TRANSPORTER IV Kasten 70XA,TRANSPORTER III Bus<\/p>\n","protected":false},"featured_media":0,"template":"","meta":{"site-sidebar-layout":"default","site-content-layout":"default","ast-global-header-display":"","ast-main-header-display":"","ast-hfb-above-header-display":"","ast-hfb-below-header-display":"","ast-hfb-mobile-header-display":"","site-post-title":"","ast-breadcrumbs-content":"","ast-featured-img":"","footer-sml-layout":"","theme-transparent-header-meta":"","adv-header-id-meta":"","stick-header-meta":"","header-above-stick-meta":"","header-main-stick-meta":"","header-below-stick-meta":""},"pwb-brand":[75],"product_cat":[222],"product_tag":[],"class_list":{"0":"post-90631","1":"product","2":"type-product","3":"status-publish","5":"pwb-brand-dt","6":"product_cat-kiilahihnat","7":"desktop-align-left","8":"tablet-align-left","9":"mobile-align-left","11":"first","12":"instock","13":"product-type-external"},"brands":[{"id":75,"name":"DT","slug":"dt"}],"_links":{"self":[{"href":"https:\/\/www.autonvaraosahaku.fi\/index.php?rest_route=\/wp\/v2\/product\/90631","targetHints":{"allow":["GET"]}}],"collection":[{"href":"https:\/\/www.autonvaraosahaku.fi\/index.php?rest_route=\/wp\/v2\/product"}],"about":[{"href":"https:\/\/www.autonvaraosahaku.fi\/index.php?rest_route=\/wp\/v2\/types\/product"}],"wp:attachment":[{"href":"https:\/\/www.autonvaraosahaku.fi\/index.php?rest_route=%2Fwp%2Fv2%2Fmedia&parent=90631"}],"wp:term":[{"taxonomy":"pwb-brand","embeddable":true,"href":"https:\/\/www.autonvaraosahaku.fi\/index.php?rest_route=%2Fwp%2Fv2%2Fpwb-brand&post=90631"},{"taxonomy":"product_cat","embeddable":true,"href":"https:\/\/www.autonvaraosahaku.fi\/index.php?rest_route=%2Fwp%2Fv2%2Fproduct_cat&post=90631"},{"taxonomy":"product_tag","embeddable":true,"href":"https:\/\/www.autonvaraosahaku.fi\/index.php?rest_route=%2Fwp%2Fv2%2Fproduct_tag&post=90631"}],"curies":[{"name":"wp","href":"https:\/\/api.w.org\/{rel}","templated":true}]}}