{"id":90958,"date":"2021-02-21T21:28:18","date_gmt":"2021-02-21T21:28:18","guid":{"rendered":"https:\/\/www.autonvaraosahaku.fi\/?product=a-b-s-2125-takajarrusylinteri"},"modified":"2021-02-21T21:28:22","modified_gmt":"2021-02-21T21:28:22","slug":"a-b-s-2125-takajarrusylinteri","status":"publish","type":"product","link":"https:\/\/www.autonvaraosahaku.fi\/?product=a-b-s-2125-takajarrusylinteri","title":{"rendered":"A.B.S. 2125 Takajarrusylinteri"},"content":{"rendered":"<p>L\u00e4pimitta [mm]: 23,8; Jarruj\u00e4rjestelm\u00e4: BOSCH\/BENDIX; Materiaali: Valurauta; Kierremitta: 1x 3\/8 24 UNF; Kiinnityrreikien et\u00e4isyys [mm]: 25; Paino [kg]: 0,42; Asennuspuoli: Vorderachse; RENAULT: 4 112_,5 122_,4 Kasten R21_, R23_,6 118_,5 Kasten 238_,RODEO 6,RODEO 5; 0854697500, 7701026419, 7701201839, 7701349392, 7701365380, 7701365390; Py\u00f6r\u00e4n Jarrusylinteri,Jarrusylinteri<\/p>\n","protected":false},"excerpt":{"rendered":"<p>A.B.S. Takajarrusylinteri 2125 Py\u00f6r\u00e4n Jarrusylinteri,Jarrusylinteri RENAULT,4 112_,5 122_,4 Kasten R21_, R23_,6 118_,5 Kasten 238_,RODEO 6,RODEO 5<\/p>\n","protected":false},"featured_media":0,"template":"","meta":{"site-sidebar-layout":"default","site-content-layout":"default","ast-global-header-display":"","ast-main-header-display":"","ast-hfb-above-header-display":"","ast-hfb-below-header-display":"","ast-hfb-mobile-header-display":"","site-post-title":"","ast-breadcrumbs-content":"","ast-featured-img":"","footer-sml-layout":"","theme-transparent-header-meta":"","adv-header-id-meta":"","stick-header-meta":"","header-above-stick-meta":"","header-main-stick-meta":"","header-below-stick-meta":""},"pwb-brand":[326],"product_cat":[158],"product_tag":[],"class_list":{"0":"post-90958","1":"product","2":"type-product","3":"status-publish","5":"pwb-brand-a-b-s","6":"product_cat-takajarrusylinteri","7":"desktop-align-left","8":"tablet-align-left","9":"mobile-align-left","11":"first","12":"instock","13":"product-type-external"},"brands":[{"id":326,"name":"A.B.S.","slug":"a-b-s"}],"_links":{"self":[{"href":"https:\/\/www.autonvaraosahaku.fi\/index.php?rest_route=\/wp\/v2\/product\/90958","targetHints":{"allow":["GET"]}}],"collection":[{"href":"https:\/\/www.autonvaraosahaku.fi\/index.php?rest_route=\/wp\/v2\/product"}],"about":[{"href":"https:\/\/www.autonvaraosahaku.fi\/index.php?rest_route=\/wp\/v2\/types\/product"}],"wp:attachment":[{"href":"https:\/\/www.autonvaraosahaku.fi\/index.php?rest_route=%2Fwp%2Fv2%2Fmedia&parent=90958"}],"wp:term":[{"taxonomy":"pwb-brand","embeddable":true,"href":"https:\/\/www.autonvaraosahaku.fi\/index.php?rest_route=%2Fwp%2Fv2%2Fpwb-brand&post=90958"},{"taxonomy":"product_cat","embeddable":true,"href":"https:\/\/www.autonvaraosahaku.fi\/index.php?rest_route=%2Fwp%2Fv2%2Fproduct_cat&post=90958"},{"taxonomy":"product_tag","embeddable":true,"href":"https:\/\/www.autonvaraosahaku.fi\/index.php?rest_route=%2Fwp%2Fv2%2Fproduct_tag&post=90958"}],"curies":[{"name":"wp","href":"https:\/\/api.w.org\/{rel}","templated":true}]}}