{"id":91042,"date":"2021-02-21T21:28:51","date_gmt":"2021-02-21T21:28:51","guid":{"rendered":"https:\/\/www.autonvaraosahaku.fi\/?product=ridex-7o0003-oljynsuodatin"},"modified":"2021-02-21T21:28:56","modified_gmt":"2021-02-21T21:28:56","slug":"ridex-7o0003-oljynsuodatin","status":"publish","type":"product","link":"https:\/\/www.autonvaraosahaku.fi\/?product=ridex-7o0003-oljynsuodatin","title":{"rendered":"RIDEX 7O0003 \u00d6ljynsuodatin"},"content":{"rendered":"<p>Suodatintyyppi: Ruuvattava suodatin; Ulkol\u00e4pimitta [mm]: 77,5; L\u00e4pimitta 1 [mm]: 61,7; Korkeus (mm): 100; Kierremitta: M 20 x 1,5; TECDOC-moottorinumero: 11307; FORD USA: PROBE II ECP; ALFA ROMEO: 156 932,SPIDER 916S_,145 930,146 930; FIAT: PUNTO 188,STILO 192,BARCHETTA 183,DOBLO Cargo 223,PUNTO 176,STILO Multi Wagon 192,DOBLO 119,CINQUECENTO 170,PANDA 141A_,STRADA Pick-up 178E,MULTIPLA 186,PUNTO Van 188AX,BRAVO I 182,BRAVA 182,PUNTO Cabriolet 176C,SCUDO Kasten 220L,MAREA Weekend 185,UNO 146A\/E,SCUDO Combinato 220P,PALIO Weekend 178DX,LINEA 323,FIORINO Kasten 146,TIPO 160,PANDA Van 141_,MAREA 185,TEMPRA 159,PUNTO Van 176L,TEMPRA S.W. 159,FIORINO Pick up 146,PALIO 178BX,UNO 146 A\/E,SIENA 178_,SCUDO Pritsche\/Fahrgestell 220_; PEUGEOT: 307 3A\/C,PARTNER Combispace 5F,EXPERT Kasten 222,EXPERT 224,EXPERT Pritsche\/Fahrgestell 223; AUTOBIANCHI: Y10; INNOCENTI: ELBA 146; 60813507, 1608076280, 95495621, 95495622, 95580483, MLS000715, 46468373, 55195984, 59030262, 59739260, 5973928, 60813507, 71736157, 71754569, 9600923380, K9600923380, 5016954, 5017814, 5022738, 649007, 46468373, 59739260, 5973928, 60813507, 110967, 110984, 1109K8, 7700727401, 7701415062, 7707334825<\/p>\n","protected":false},"excerpt":{"rendered":"<p>RIDEX \u00d6ljynsuodatin 7O0003  FORD USA,ALFA ROMEO,FIAT,PROBE II ECP,156 932,SPIDER 916S_,145 930,146 930,PUNTO 188,STILO 192,BARCHETTA 183<\/p>\n","protected":false},"featured_media":0,"template":"","meta":{"site-sidebar-layout":"default","site-content-layout":"default","ast-global-header-display":"","ast-main-header-display":"","ast-hfb-above-header-display":"","ast-hfb-below-header-display":"","ast-hfb-mobile-header-display":"","site-post-title":"","ast-breadcrumbs-content":"","ast-featured-img":"","footer-sml-layout":"","theme-transparent-header-meta":"","adv-header-id-meta":"","stick-header-meta":"","header-above-stick-meta":"","header-main-stick-meta":"","header-below-stick-meta":""},"pwb-brand":[157],"product_cat":[30],"product_tag":[],"class_list":{"0":"post-91042","1":"product","2":"type-product","3":"status-publish","5":"pwb-brand-ridex","6":"product_cat-oljynsuodatin","7":"desktop-align-left","8":"tablet-align-left","9":"mobile-align-left","11":"first","12":"instock","13":"product-type-external"},"brands":[{"id":157,"name":"RIDEX","slug":"ridex"}],"_links":{"self":[{"href":"https:\/\/www.autonvaraosahaku.fi\/index.php?rest_route=\/wp\/v2\/product\/91042","targetHints":{"allow":["GET"]}}],"collection":[{"href":"https:\/\/www.autonvaraosahaku.fi\/index.php?rest_route=\/wp\/v2\/product"}],"about":[{"href":"https:\/\/www.autonvaraosahaku.fi\/index.php?rest_route=\/wp\/v2\/types\/product"}],"wp:attachment":[{"href":"https:\/\/www.autonvaraosahaku.fi\/index.php?rest_route=%2Fwp%2Fv2%2Fmedia&parent=91042"}],"wp:term":[{"taxonomy":"pwb-brand","embeddable":true,"href":"https:\/\/www.autonvaraosahaku.fi\/index.php?rest_route=%2Fwp%2Fv2%2Fpwb-brand&post=91042"},{"taxonomy":"product_cat","embeddable":true,"href":"https:\/\/www.autonvaraosahaku.fi\/index.php?rest_route=%2Fwp%2Fv2%2Fproduct_cat&post=91042"},{"taxonomy":"product_tag","embeddable":true,"href":"https:\/\/www.autonvaraosahaku.fi\/index.php?rest_route=%2Fwp%2Fv2%2Fproduct_tag&post=91042"}],"curies":[{"name":"wp","href":"https:\/\/api.w.org\/{rel}","templated":true}]}}