{"id":91171,"date":"2021-02-21T21:29:49","date_gmt":"2021-02-21T21:29:49","guid":{"rendered":"https:\/\/www.autonvaraosahaku.fi\/?product=febi-bilstein-44846-raitisilmasuodatin"},"modified":"2021-02-21T21:29:50","modified_gmt":"2021-02-21T21:29:50","slug":"febi-bilstein-44846-raitisilmasuodatin","status":"publish","type":"product","link":"https:\/\/www.autonvaraosahaku.fi\/?product=febi-bilstein-44846-raitisilmasuodatin","title":{"rendered":"FEBI BILSTEIN 44846 Raitisilmasuodatin"},"content":{"rendered":"<p>Suodatintyyppi: Aktiivihiilisuodatin, Aktiivihiilisuodatin; Pituus (mm): 240; Leveys (mm): 204,0; Korkeus (mm): 31; Paino [kg]: 0,37; Alustanumerosta: F4000001; CHEVROLET: CRUZE Schr\u00e4gheck J305,MALIBU V300,CAMARO,CAMARO Convertible,MALIBU; OPEL: MERIVA B,MOKKA,ASTRA K,ASTRA K Caravan,INSIGNIA Caravan,INSIGNIA CC,INSIGNIA B Country Tourer Z18,AMPERA-E F17; VAUXHALL: MERIVA Mk II B,MOKKA,INSIGNIA Mk II B Country Tourer Z18,ASTRA Mk VII K Estate,ASTRA Mk VII K; 13356914, 13356916, 13508023, 13356914, 13356916, 13508023, 013356914, 13356914, 1808020, 013356914, 013356916, 013508023, 13356914, 13356916, 13508023; Sis\u00e4ilmansuodatin,Suodatin, Sis\u00e4ilma<\/p>\n","protected":false},"excerpt":{"rendered":"<p>FEBI BILSTEIN Raitisilmasuodatin 44846 Sis\u00e4ilmansuodatin,Suodatin, Sis\u00e4ilma CHEVROLET,OPEL,VAUXHALL,CRUZE Schr\u00e4gheck J305,MALIBU V300,CAMARO<\/p>\n","protected":false},"featured_media":0,"template":"","meta":{"site-sidebar-layout":"default","site-content-layout":"default","ast-global-header-display":"","ast-main-header-display":"","ast-hfb-above-header-display":"","ast-hfb-below-header-display":"","ast-hfb-mobile-header-display":"","site-post-title":"","ast-breadcrumbs-content":"","ast-featured-img":"","footer-sml-layout":"","theme-transparent-header-meta":"","adv-header-id-meta":"","stick-header-meta":"","header-above-stick-meta":"","header-main-stick-meta":"","header-below-stick-meta":""},"pwb-brand":[50],"product_cat":[19],"product_tag":[],"class_list":{"0":"post-91171","1":"product","2":"type-product","3":"status-publish","5":"pwb-brand-febi-bilstein","6":"product_cat-raitisilmasuodatin","7":"desktop-align-left","8":"tablet-align-left","9":"mobile-align-left","11":"first","12":"instock","13":"product-type-external"},"brands":[{"id":50,"name":"FEBI BILSTEIN","slug":"febi-bilstein"}],"_links":{"self":[{"href":"https:\/\/www.autonvaraosahaku.fi\/index.php?rest_route=\/wp\/v2\/product\/91171","targetHints":{"allow":["GET"]}}],"collection":[{"href":"https:\/\/www.autonvaraosahaku.fi\/index.php?rest_route=\/wp\/v2\/product"}],"about":[{"href":"https:\/\/www.autonvaraosahaku.fi\/index.php?rest_route=\/wp\/v2\/types\/product"}],"wp:attachment":[{"href":"https:\/\/www.autonvaraosahaku.fi\/index.php?rest_route=%2Fwp%2Fv2%2Fmedia&parent=91171"}],"wp:term":[{"taxonomy":"pwb-brand","embeddable":true,"href":"https:\/\/www.autonvaraosahaku.fi\/index.php?rest_route=%2Fwp%2Fv2%2Fpwb-brand&post=91171"},{"taxonomy":"product_cat","embeddable":true,"href":"https:\/\/www.autonvaraosahaku.fi\/index.php?rest_route=%2Fwp%2Fv2%2Fproduct_cat&post=91171"},{"taxonomy":"product_tag","embeddable":true,"href":"https:\/\/www.autonvaraosahaku.fi\/index.php?rest_route=%2Fwp%2Fv2%2Fproduct_tag&post=91171"}],"curies":[{"name":"wp","href":"https:\/\/api.w.org\/{rel}","templated":true}]}}