{"id":91176,"date":"2021-02-21T21:29:49","date_gmt":"2021-02-21T21:29:49","guid":{"rendered":"https:\/\/www.autonvaraosahaku.fi\/?product=ridex-123b0022-jarrurumpu"},"modified":"2021-02-21T21:29:52","modified_gmt":"2021-02-21T21:29:52","slug":"ridex-123b0022-jarrurumpu","status":"publish","type":"product","link":"https:\/\/www.autonvaraosahaku.fi\/?product=ridex-123b0022-jarrurumpu","title":{"rendered":"RIDEX 123B0022 Jarrurumpu"},"content":{"rendered":"<p>Asennuspuoli: Taka-akseli; Rumpul\u00e4pimitta: 200; J-rumpu sis\u00e4leveys [mm]: 55,0; Reik\u00e4ympyr\u00e4-\u00d8 [mm]: 100; Suurin mahdollinen rummun sis\u00e4mitta (mm): 201; Korkeus (mm): 66; Navan l\u00e4pimitta 1 [mm]: 55; Jarrurummun ulkol\u00e4pim. [mm]: 235; Reik\u00e4kuvio\/-m\u00e4\u00e4r\u00e4: 5\/7; Reik\u00e4-\u00d8 [mm]: 14,5; Valmistusvuosi alkaen: 12\/1993; ROVER: 25 RF; TOYOTA: CARINA E _T19_,CARINA E Stufenheck _T19_,CARINA E Sportswagon _T19_,CARINA II _T17_; 4243105010, 4243120190<\/p>\n","protected":false},"excerpt":{"rendered":"<p>RIDEX Jarrurumpu 123B0022  ROVER,TOYOTA,25 RF,CARINA E _T19_,CARINA E Stufenheck _T19_,CARINA E Sportswagon _T19_,CARINA II _T17_<\/p>\n","protected":false},"featured_media":0,"template":"","meta":{"site-sidebar-layout":"default","site-content-layout":"default","ast-global-header-display":"","ast-main-header-display":"","ast-hfb-above-header-display":"","ast-hfb-below-header-display":"","ast-hfb-mobile-header-display":"","site-post-title":"","ast-breadcrumbs-content":"","ast-featured-img":"","footer-sml-layout":"","theme-transparent-header-meta":"","adv-header-id-meta":"","stick-header-meta":"","header-above-stick-meta":"","header-main-stick-meta":"","header-below-stick-meta":""},"pwb-brand":[157],"product_cat":[304],"product_tag":[],"class_list":{"0":"post-91176","1":"product","2":"type-product","3":"status-publish","5":"pwb-brand-ridex","6":"product_cat-jarrurumpu","7":"desktop-align-left","8":"tablet-align-left","9":"mobile-align-left","11":"first","12":"instock","13":"product-type-external"},"brands":[{"id":157,"name":"RIDEX","slug":"ridex"}],"_links":{"self":[{"href":"https:\/\/www.autonvaraosahaku.fi\/index.php?rest_route=\/wp\/v2\/product\/91176","targetHints":{"allow":["GET"]}}],"collection":[{"href":"https:\/\/www.autonvaraosahaku.fi\/index.php?rest_route=\/wp\/v2\/product"}],"about":[{"href":"https:\/\/www.autonvaraosahaku.fi\/index.php?rest_route=\/wp\/v2\/types\/product"}],"wp:attachment":[{"href":"https:\/\/www.autonvaraosahaku.fi\/index.php?rest_route=%2Fwp%2Fv2%2Fmedia&parent=91176"}],"wp:term":[{"taxonomy":"pwb-brand","embeddable":true,"href":"https:\/\/www.autonvaraosahaku.fi\/index.php?rest_route=%2Fwp%2Fv2%2Fpwb-brand&post=91176"},{"taxonomy":"product_cat","embeddable":true,"href":"https:\/\/www.autonvaraosahaku.fi\/index.php?rest_route=%2Fwp%2Fv2%2Fproduct_cat&post=91176"},{"taxonomy":"product_tag","embeddable":true,"href":"https:\/\/www.autonvaraosahaku.fi\/index.php?rest_route=%2Fwp%2Fv2%2Fproduct_tag&post=91176"}],"curies":[{"name":"wp","href":"https:\/\/api.w.org\/{rel}","templated":true}]}}