{"id":91317,"date":"2021-02-21T21:30:47","date_gmt":"2021-02-21T21:30:47","guid":{"rendered":"https:\/\/www.autonvaraosahaku.fi\/?product=topran-115-370-takajarrusylinteri"},"modified":"2021-02-21T21:30:50","modified_gmt":"2021-02-21T21:30:50","slug":"topran-115-370-takajarrusylinteri","status":"publish","type":"product","link":"https:\/\/www.autonvaraosahaku.fi\/?product=topran-115-370-takajarrusylinteri","title":{"rendered":"TOPRAN 115 370 Takajarrusylinteri"},"content":{"rendered":"<p>Sylinterim\u00e4nn\u00e4n halkaisija [mm]: 27; Materiaali: Alumiini; Asennuspuoli: Taka-akseli, molemminpuolinen; Kiinnitysreikien lukum\u00e4\u00e4r\u00e4: 2; Huomioi j\u00e4rjestelm\u00e4-t\u00e4ytt\u00f6m\u00e4\u00e4r\u00e4: ; Korvaava tuote\/korvaava tiedote 2: Huohotinventtiilill\u00e4, Ruuveilla; Paljekumin materiaali: EPDM (eteenipropeeni-dieeni-kumi); PR-numerolle: 2E3; VW: AMAROK 2H_, S1B; 2H0611053; Py\u00f6r\u00e4n Jarrusylinteri,Jarrusylinteri<\/p>\n","protected":false},"excerpt":{"rendered":"<p>TOPRAN Takajarrusylinteri 115 370 Py\u00f6r\u00e4n Jarrusylinteri,Jarrusylinteri VW,AMAROK 2H_, S1B<\/p>\n","protected":false},"featured_media":0,"template":"","meta":{"site-sidebar-layout":"default","site-content-layout":"default","ast-global-header-display":"","ast-main-header-display":"","ast-hfb-above-header-display":"","ast-hfb-below-header-display":"","ast-hfb-mobile-header-display":"","site-post-title":"","ast-breadcrumbs-content":"","ast-featured-img":"","footer-sml-layout":"","theme-transparent-header-meta":"","adv-header-id-meta":"","stick-header-meta":"","header-above-stick-meta":"","header-main-stick-meta":"","header-below-stick-meta":""},"pwb-brand":[18],"product_cat":[158],"product_tag":[],"class_list":{"0":"post-91317","1":"product","2":"type-product","3":"status-publish","5":"pwb-brand-topran","6":"product_cat-takajarrusylinteri","7":"desktop-align-left","8":"tablet-align-left","9":"mobile-align-left","11":"first","12":"instock","13":"product-type-external"},"brands":[{"id":18,"name":"TOPRAN","slug":"topran"}],"_links":{"self":[{"href":"https:\/\/www.autonvaraosahaku.fi\/index.php?rest_route=\/wp\/v2\/product\/91317","targetHints":{"allow":["GET"]}}],"collection":[{"href":"https:\/\/www.autonvaraosahaku.fi\/index.php?rest_route=\/wp\/v2\/product"}],"about":[{"href":"https:\/\/www.autonvaraosahaku.fi\/index.php?rest_route=\/wp\/v2\/types\/product"}],"wp:attachment":[{"href":"https:\/\/www.autonvaraosahaku.fi\/index.php?rest_route=%2Fwp%2Fv2%2Fmedia&parent=91317"}],"wp:term":[{"taxonomy":"pwb-brand","embeddable":true,"href":"https:\/\/www.autonvaraosahaku.fi\/index.php?rest_route=%2Fwp%2Fv2%2Fpwb-brand&post=91317"},{"taxonomy":"product_cat","embeddable":true,"href":"https:\/\/www.autonvaraosahaku.fi\/index.php?rest_route=%2Fwp%2Fv2%2Fproduct_cat&post=91317"},{"taxonomy":"product_tag","embeddable":true,"href":"https:\/\/www.autonvaraosahaku.fi\/index.php?rest_route=%2Fwp%2Fv2%2Fproduct_tag&post=91317"}],"curies":[{"name":"wp","href":"https:\/\/api.w.org\/{rel}","templated":true}]}}