{"id":91336,"date":"2021-02-21T21:30:55","date_gmt":"2021-02-21T21:30:55","guid":{"rendered":"https:\/\/www.autonvaraosahaku.fi\/?product=jp-group-1518500300-oljynsuodatin"},"modified":"2021-02-21T21:30:57","modified_gmt":"2021-02-21T21:30:57","slug":"jp-group-1518500300-oljynsuodatin","status":"publish","type":"product","link":"https:\/\/www.autonvaraosahaku.fi\/?product=jp-group-1518500300-oljynsuodatin","title":{"rendered":"JP GROUP 1518500300 \u00d6ljynsuodatin"},"content":{"rendered":"<p>Suodatintyyppi: Suodatinpanos; Korkeus (mm): 89; Ulkol\u00e4pimitta [mm]: 76; Sis\u00e4l\u00e4pimitta 1 [mm]: 62; Sis\u00e4l\u00e4pimitta 2 [mm]: 71; Korvaava tuote\/korvaava tiedote 2: yhdell\u00e4 peruutuksenestoventtiilill\u00e4; Valmistusvuosi alkaen: 08\/1988; FIAT: DUCATO Pritsche\/Fahrgestell 230,DUCATO Bus 230,DUCATO Kasten 290,DUCATO Pritsche\/Fahrgestell 290,DUCATO Kasten 230L,DUCATO Kasten 280,DUCATO Pritsche\/Fahrgestell 280,DUCATO Panorama 280,ULYSSE 220,SCUDO Kasten 220L,DUCATO Panorama 290,SCUDO Combinato 220P,TALENTO Pritsche\/Fahrgestell 290,TALENTO Bus 290,TALENTO Kasten 290,SCUDO Pritsche\/Fahrgestell 220_; PEUGEOT: 206 Schr\u00e4gheck 2A\/C,307 SW 3H,307 CC 3B,407 SW 6E_,307 3A\/C,807 E,106 II 1,307 Break 3E,306 Schr\u00e4gheck 7A, 7C, N3, N5,607 9D, 9U,306 Cabriolet 7D, N3, N5,407 6D_,406 Break 8E\/F,PARTNER Combispace 5F,106 I 1A, 1C,205 II 20A\/C,PARTNER Kasten 5,J5 Pritsche\/Fahrgestell 280L,406 Coupe 8C,306 Break 7E, N3, N5,406 8B,J5 Pritsche\/Fahrgestell 290L,806 221,BOXER Kasten 230L,BOXER Kasten 244,306 7B, N3, N5,J5 Kasten 280L,205 I Cabriolet 741B, 20D,EXPERT Kasten 222,J5 Bus 290P,309 II 3C, 3A,205 I 741A\/C,J5 Kasten 290L,J5 Bus 280P,405 I 15B,BOXER Bus 230P,BOXER Bus 244, Z_,BOXER Pritsche\/Fahrgestell ZCT_,206 Van,605 6B,EXPERT 224,405 II 4B,504 A_, M_,504 Cabriolet,106 Van 1_,309 I 10C, 10A,306 Van N_, 7_,505 551A,504 Coupe,405 II Break 4E,405 I Break 15E,305 II 581M,505 Break 551D,604 561A_,504 Break D_, F_,504 Pick-up E_,305 II Break 581E,EXPERT Pritsche\/Fahrgestell 223,J9 Bus,205 Kasten,J9 Kasten,J9 Pritsche\/Fahrgestell; HYUNDAI: LANTRA II Wagon J-2,LANTRA II J-2; CITRO\u00cbN: BERLINGO MF,XSARA PICASSO N68,C8 EA_, EB_,SAXO S0, S1,BERLINGO Kasten M_,C5 I DC_,C5 I Break DE_,XSARA N1,XSARA Break N2,JUMPER Kasten 244,XM Y4,XSARA Coupe N0,XANTIA X1,AX ZA-_,EVASION 22, U6,XANTIA Break X2,ZX N2,BX XB-_,C25 Bus 280_, 290_,JUMPY U6U,JUMPY Kasten BS_, BT_, BY_, BZ_,JUMPER Kasten 230L,JUMPER Bus 244, Z_,XM Y3,CX II,CX I MA,XANTIA Break X1,JUMPER Bus 230P,C25 Pritsche\/Fahrgestell 280_, 290_,ZX Break N2,XM Break Y4,JUMPER Pritsche\/Fahrgestell 230,BX Break XB-_,C25 Kasten 280_, 290_,C15 VD-_,CX II Break,JUMPY Pritsche\/Fahrgestell BU_, BV_, BW_, BX_,XM Break Y3,CX I Break MA,C15 Kombi,C35 Kasten,C35 Bus,C35 Pick-up; NISSAN: MICRA II K11; DAIHATSU: HIJET Kasten S85; LANCIA: ZETA 220; ROVER: 200 Hatchback XW,400 Tourer XW,100 \/ METRO XP,400 XW; LADA: NIVA 2121; LDV: CONVOY Kasten,CONVOY Pritsche\/Fahrgestell,CONVOY Bus; 110938, 110939, 1109AK, 1109AP, 1109CA, 1109J8, 1109J9, 1109K2, 1109K7, 1109L0, 1109N3, 1109N5, 1109R1, 1109S8, 1109T1, 1109X2, 1109X6, 93516538, 95495621, 95495622, 95580482, 9558048280, 95580483, 95638747, 95638903, 96002933, 9608666880, MLS000592, 4930630000, 7910031245, 9456000927, 9456183480, 9456203480, 9456203580, 9567205780, 9628173380, 1137343, 5011788, 5011991, 2630029000, 130614, 152086F901, 152086F905, 110951, 110962, 110967, 110968, 110975, 110981, 110982, 110984, 110986, 110987, 1109AK, 1109AP, 1109C2, 1109CA, 1109K1, 1109L0, 1109LO, 1109N2, 1109N4, 1109R0, 1109S7, 1109T0, 1109X5, 9558048380, 9608666880, 9620029980, 7700720978, 7700734825, 7700734937, 7700856339, 7700867454, 7701349942, 7701349952, 7701415056, 7701415063, 8671004329, 9615841580, 1531001700, 1651086CA0, E49562280<\/p>\n","protected":false},"excerpt":{"rendered":"<p>JP GROUP \u00d6ljynsuodatin JP Group 1518500300  FIAT,PEUGEOT,HYUNDAI,DUCATO Pritsche\/Fahrgestell 230,DUCATO Bus 230,DUCATO Kasten 290<\/p>\n","protected":false},"featured_media":0,"template":"","meta":{"site-sidebar-layout":"default","site-content-layout":"default","ast-global-header-display":"","ast-main-header-display":"","ast-hfb-above-header-display":"","ast-hfb-below-header-display":"","ast-hfb-mobile-header-display":"","site-post-title":"","ast-breadcrumbs-content":"","ast-featured-img":"","footer-sml-layout":"","theme-transparent-header-meta":"","adv-header-id-meta":"","stick-header-meta":"","header-above-stick-meta":"","header-main-stick-meta":"","header-below-stick-meta":""},"pwb-brand":[131],"product_cat":[30],"product_tag":[],"class_list":{"0":"post-91336","1":"product","2":"type-product","3":"status-publish","5":"pwb-brand-jp-group","6":"product_cat-oljynsuodatin","7":"desktop-align-left","8":"tablet-align-left","9":"mobile-align-left","11":"first","12":"instock","13":"product-type-external"},"brands":[{"id":131,"name":"JP GROUP","slug":"jp-group"}],"_links":{"self":[{"href":"https:\/\/www.autonvaraosahaku.fi\/index.php?rest_route=\/wp\/v2\/product\/91336","targetHints":{"allow":["GET"]}}],"collection":[{"href":"https:\/\/www.autonvaraosahaku.fi\/index.php?rest_route=\/wp\/v2\/product"}],"about":[{"href":"https:\/\/www.autonvaraosahaku.fi\/index.php?rest_route=\/wp\/v2\/types\/product"}],"wp:attachment":[{"href":"https:\/\/www.autonvaraosahaku.fi\/index.php?rest_route=%2Fwp%2Fv2%2Fmedia&parent=91336"}],"wp:term":[{"taxonomy":"pwb-brand","embeddable":true,"href":"https:\/\/www.autonvaraosahaku.fi\/index.php?rest_route=%2Fwp%2Fv2%2Fpwb-brand&post=91336"},{"taxonomy":"product_cat","embeddable":true,"href":"https:\/\/www.autonvaraosahaku.fi\/index.php?rest_route=%2Fwp%2Fv2%2Fproduct_cat&post=91336"},{"taxonomy":"product_tag","embeddable":true,"href":"https:\/\/www.autonvaraosahaku.fi\/index.php?rest_route=%2Fwp%2Fv2%2Fproduct_tag&post=91336"}],"curies":[{"name":"wp","href":"https:\/\/api.w.org\/{rel}","templated":true}]}}