{"id":91660,"date":"2021-02-21T21:33:05","date_gmt":"2021-02-21T21:33:05","guid":{"rendered":"https:\/\/www.autonvaraosahaku.fi\/?product=nipparts-j1342000-raitisilmasuodatin"},"modified":"2021-02-21T21:33:09","modified_gmt":"2021-02-21T21:33:09","slug":"nipparts-j1342000-raitisilmasuodatin","status":"publish","type":"product","link":"https:\/\/www.autonvaraosahaku.fi\/?product=nipparts-j1342000-raitisilmasuodatin","title":{"rendered":"NIPPARTS J1342000 Raitisilmasuodatin"},"content":{"rendered":"<p>Leveys (mm): 147; Korkeus (mm): 19; Tarvittava kappalem\u00e4\u00e4r\u00e4: 2; Pituus, ulko (mm): 230; Pituus, sis\u00e4 (mm): 202; Varusteet: f\u00fcr Fahrzeuge mit Klimaanlage; TOYOTA: AVENSIS _T22_,AVENSIS Station Wagon _T22_,AVENSIS Liftback _T22_,PICNIC _XM10,CARINA E _T19_,CARINA E Stufenheck _T19_,CARINA E Sportswagon _T19_,CARINA II Station Wagon _T17_; 8850820040, 8850820050, 8850820060, 8850820070, 8850820080, 8850820090, 8850820150, 8888020010, 8888020020, 8888020030, 8888020050, 8888020060, 8888020110, 8888044040; Sis\u00e4ilmansuodatin,Suodatin, Sis\u00e4ilma<\/p>\n","protected":false},"excerpt":{"rendered":"<p>NIPPARTS Raitisilmasuodatin J1342000 Sis\u00e4ilmansuodatin,Suodatin, Sis\u00e4ilma TOYOTA,AVENSIS _T22_,AVENSIS Station Wagon _T22_,AVENSIS Liftback _T22_<\/p>\n","protected":false},"featured_media":0,"template":"","meta":{"site-sidebar-layout":"default","site-content-layout":"default","ast-global-header-display":"","ast-main-header-display":"","ast-hfb-above-header-display":"","ast-hfb-below-header-display":"","ast-hfb-mobile-header-display":"","site-post-title":"","ast-breadcrumbs-content":"","ast-featured-img":"","footer-sml-layout":"","theme-transparent-header-meta":"","adv-header-id-meta":"","stick-header-meta":"","header-above-stick-meta":"","header-main-stick-meta":"","header-below-stick-meta":""},"pwb-brand":[335],"product_cat":[19],"product_tag":[],"class_list":{"0":"post-91660","1":"product","2":"type-product","3":"status-publish","5":"pwb-brand-nipparts","6":"product_cat-raitisilmasuodatin","7":"desktop-align-left","8":"tablet-align-left","9":"mobile-align-left","11":"first","12":"instock","13":"product-type-external"},"brands":[{"id":335,"name":"NIPPARTS","slug":"nipparts"}],"_links":{"self":[{"href":"https:\/\/www.autonvaraosahaku.fi\/index.php?rest_route=\/wp\/v2\/product\/91660","targetHints":{"allow":["GET"]}}],"collection":[{"href":"https:\/\/www.autonvaraosahaku.fi\/index.php?rest_route=\/wp\/v2\/product"}],"about":[{"href":"https:\/\/www.autonvaraosahaku.fi\/index.php?rest_route=\/wp\/v2\/types\/product"}],"wp:attachment":[{"href":"https:\/\/www.autonvaraosahaku.fi\/index.php?rest_route=%2Fwp%2Fv2%2Fmedia&parent=91660"}],"wp:term":[{"taxonomy":"pwb-brand","embeddable":true,"href":"https:\/\/www.autonvaraosahaku.fi\/index.php?rest_route=%2Fwp%2Fv2%2Fpwb-brand&post=91660"},{"taxonomy":"product_cat","embeddable":true,"href":"https:\/\/www.autonvaraosahaku.fi\/index.php?rest_route=%2Fwp%2Fv2%2Fproduct_cat&post=91660"},{"taxonomy":"product_tag","embeddable":true,"href":"https:\/\/www.autonvaraosahaku.fi\/index.php?rest_route=%2Fwp%2Fv2%2Fproduct_tag&post=91660"}],"curies":[{"name":"wp","href":"https:\/\/api.w.org\/{rel}","templated":true}]}}