{"id":91944,"date":"2021-02-21T21:35:00","date_gmt":"2021-02-21T21:35:00","guid":{"rendered":"https:\/\/www.autonvaraosahaku.fi\/?product=spidan-20426-vetonivel"},"modified":"2021-02-21T21:35:06","modified_gmt":"2021-02-21T21:35:06","slug":"spidan-20426-vetonivel","status":"publish","type":"product","link":"https:\/\/www.autonvaraosahaku.fi\/?product=spidan-20426-vetonivel","title":{"rendered":"SPIDAN 20426 Vetonivel"},"content":{"rendered":"<p>Nivelmalli: Kumi-\/Hardynivel; Sis\u00e4hammastus, vaiht. kiinn.: 28; Mekaanisesti ty\u00f6stetty: Ilman sokkauraa sis\u00e4osassa; Nivelen l\u00e4pimitta [mm]: 108,0; Pituus (mm): 32,0; Korvaava tuote\/korvaava tiedote 2: kannella; Reik\u00e4-\u00d8 [mm]: 10,20; Reikien m\u00e4\u00e4r\u00e4: 6; Reik\u00e4ympyr\u00e4-\u00d8 [mm]: 94,00; Paljekumin materiaali: NBR (nitriili-butadi-kumi); Uusi osa: ; Suositellun erikoisty\u00f6kalun tuotenumero: 190135; Valmistusvuoteen: 09\/1986; BMW: 5 E34,7 E32,5 Touring E34,5 E28,6 E24,7 E23; Nivelsarja, Vetoakseli<\/p>\n","protected":false},"excerpt":{"rendered":"<p>SPIDAN Vetonivel 20426 Nivelsarja, Vetoakseli BMW,5 E34,7 E32,5 Touring E34,5 E28,6 E24,7 E23<\/p>\n","protected":false},"featured_media":0,"template":"","meta":{"site-sidebar-layout":"default","site-content-layout":"default","ast-global-header-display":"","ast-main-header-display":"","ast-hfb-above-header-display":"","ast-hfb-below-header-display":"","ast-hfb-mobile-header-display":"","site-post-title":"","ast-breadcrumbs-content":"","ast-featured-img":"","footer-sml-layout":"","theme-transparent-header-meta":"","adv-header-id-meta":"","stick-header-meta":"","header-above-stick-meta":"","header-main-stick-meta":"","header-below-stick-meta":""},"pwb-brand":[411],"product_cat":[175],"product_tag":[],"class_list":{"0":"post-91944","1":"product","2":"type-product","3":"status-publish","5":"pwb-brand-spidan","6":"product_cat-vetonivel","7":"desktop-align-left","8":"tablet-align-left","9":"mobile-align-left","11":"first","12":"instock","13":"product-type-external"},"brands":[{"id":411,"name":"SPIDAN","slug":"spidan"}],"_links":{"self":[{"href":"https:\/\/www.autonvaraosahaku.fi\/index.php?rest_route=\/wp\/v2\/product\/91944","targetHints":{"allow":["GET"]}}],"collection":[{"href":"https:\/\/www.autonvaraosahaku.fi\/index.php?rest_route=\/wp\/v2\/product"}],"about":[{"href":"https:\/\/www.autonvaraosahaku.fi\/index.php?rest_route=\/wp\/v2\/types\/product"}],"wp:attachment":[{"href":"https:\/\/www.autonvaraosahaku.fi\/index.php?rest_route=%2Fwp%2Fv2%2Fmedia&parent=91944"}],"wp:term":[{"taxonomy":"pwb-brand","embeddable":true,"href":"https:\/\/www.autonvaraosahaku.fi\/index.php?rest_route=%2Fwp%2Fv2%2Fpwb-brand&post=91944"},{"taxonomy":"product_cat","embeddable":true,"href":"https:\/\/www.autonvaraosahaku.fi\/index.php?rest_route=%2Fwp%2Fv2%2Fproduct_cat&post=91944"},{"taxonomy":"product_tag","embeddable":true,"href":"https:\/\/www.autonvaraosahaku.fi\/index.php?rest_route=%2Fwp%2Fv2%2Fproduct_tag&post=91944"}],"curies":[{"name":"wp","href":"https:\/\/api.w.org\/{rel}","templated":true}]}}