{"id":91957,"date":"2021-02-21T21:35:08","date_gmt":"2021-02-21T21:35:08","guid":{"rendered":"https:\/\/www.autonvaraosahaku.fi\/?product=cifam-202-005-jarrupaasylinteri"},"modified":"2021-02-21T21:35:11","modified_gmt":"2021-02-21T21:35:11","slug":"cifam-202-005-jarrupaasylinteri","status":"publish","type":"product","link":"https:\/\/www.autonvaraosahaku.fi\/?product=cifam-202-005-jarrupaasylinteri","title":{"rendered":"CIFAM 202-005 Jarrup\u00e4\u00e4sylinteri"},"content":{"rendered":"<p>L\u00e4pimitta 1\/l\u00e4pimitta 2 [mm]: 19,05; Materiaali: Valurauta; Valmistusvuoteen: 09\/1976; SEAT: 133,850; FIAT: 126,128 Coupe,128,128 Familiare; 4231877, 4239978, 4242011, 4285587, 4341665, 4341995, 4372983, 793305, 4231877, 4239978, 4242011, 4285587, 4341665, 4341995, 4372983, 793305, 4231877, 4239978, 4242011, 4285587, 4341665, 4341995, 4372983, 793305<\/p>\n","protected":false},"excerpt":{"rendered":"<p>CIFAM Jarrup\u00e4\u00e4sylinteri 202-005  SEAT,FIAT,133,850,126,128 Coupe,128,128 Familiare<\/p>\n","protected":false},"featured_media":0,"template":"","meta":{"site-sidebar-layout":"default","site-content-layout":"default","ast-global-header-display":"","ast-main-header-display":"","ast-hfb-above-header-display":"","ast-hfb-below-header-display":"","ast-hfb-mobile-header-display":"","site-post-title":"","ast-breadcrumbs-content":"","ast-featured-img":"","footer-sml-layout":"","theme-transparent-header-meta":"","adv-header-id-meta":"","stick-header-meta":"","header-above-stick-meta":"","header-main-stick-meta":"","header-below-stick-meta":""},"pwb-brand":[581],"product_cat":[276],"product_tag":[],"class_list":{"0":"post-91957","1":"product","2":"type-product","3":"status-publish","5":"pwb-brand-cifam","6":"product_cat-jarrupaasylinteri","7":"desktop-align-left","8":"tablet-align-left","9":"mobile-align-left","11":"first","12":"instock","13":"product-type-external"},"brands":[{"id":581,"name":"CIFAM","slug":"cifam"}],"_links":{"self":[{"href":"https:\/\/www.autonvaraosahaku.fi\/index.php?rest_route=\/wp\/v2\/product\/91957","targetHints":{"allow":["GET"]}}],"collection":[{"href":"https:\/\/www.autonvaraosahaku.fi\/index.php?rest_route=\/wp\/v2\/product"}],"about":[{"href":"https:\/\/www.autonvaraosahaku.fi\/index.php?rest_route=\/wp\/v2\/types\/product"}],"wp:attachment":[{"href":"https:\/\/www.autonvaraosahaku.fi\/index.php?rest_route=%2Fwp%2Fv2%2Fmedia&parent=91957"}],"wp:term":[{"taxonomy":"pwb-brand","embeddable":true,"href":"https:\/\/www.autonvaraosahaku.fi\/index.php?rest_route=%2Fwp%2Fv2%2Fpwb-brand&post=91957"},{"taxonomy":"product_cat","embeddable":true,"href":"https:\/\/www.autonvaraosahaku.fi\/index.php?rest_route=%2Fwp%2Fv2%2Fproduct_cat&post=91957"},{"taxonomy":"product_tag","embeddable":true,"href":"https:\/\/www.autonvaraosahaku.fi\/index.php?rest_route=%2Fwp%2Fv2%2Fproduct_tag&post=91957"}],"curies":[{"name":"wp","href":"https:\/\/api.w.org\/{rel}","templated":true}]}}