{"id":92268,"date":"2021-02-21T21:37:11","date_gmt":"2021-02-21T21:37:11","guid":{"rendered":"https:\/\/www.autonvaraosahaku.fi\/?product=valeo-586570-oljynsuodatin"},"modified":"2021-02-21T21:37:18","modified_gmt":"2021-02-21T21:37:18","slug":"valeo-586570-oljynsuodatin","status":"publish","type":"product","link":"https:\/\/www.autonvaraosahaku.fi\/?product=valeo-586570-oljynsuodatin","title":{"rendered":"VALEO 586570 \u00d6ljynsuodatin"},"content":{"rendered":"<p>Ulkol\u00e4pimitta [mm]: 83; Sis\u00e4l\u00e4pimitta 1 [mm]: 24,5; Sis\u00e4l\u00e4pimitta 2 [mm]: 39,5; Korkeus (mm): 161; Suodatintyyppi: Suodatinpanos; Paino [kg]: 0,15; Valmistusvuoteen: 09\/1995; BMW: 5 E39,5 Touring E39,X5 E53,7 E38,5 E34,7 E32,8 E31,5 Touring E34,Z8 E52; LAND ROVER: RANGE ROVER III LM; ALPINA: B10 E39,B10 Kombi E39; BENTLEY: ARNAGE RBS_; MORGAN: AERO 8; ROLLS-ROYCE: SILVER SERAPH; X619, 11421745390, 11427510717, 11421745390, 11421745391, 11427510716, 11427510717, LPW000010, LPW500030<\/p>\n","protected":false},"excerpt":{"rendered":"<p>VALEO \u00d6ljynsuodatin 586570  BMW,LAND ROVER,ALPINA,5 E39,5 Touring E39,X5 E53,7 E38,5 E34,7 E32,8 E31,5 Touring E34,Z8 E52,RANGE ROVER III LM,B10 E39<\/p>\n","protected":false},"featured_media":0,"template":"","meta":{"site-sidebar-layout":"default","site-content-layout":"default","ast-global-header-display":"","ast-main-header-display":"","ast-hfb-above-header-display":"","ast-hfb-below-header-display":"","ast-hfb-mobile-header-display":"","site-post-title":"","ast-breadcrumbs-content":"","ast-featured-img":"","footer-sml-layout":"","theme-transparent-header-meta":"","adv-header-id-meta":"","stick-header-meta":"","header-above-stick-meta":"","header-main-stick-meta":"","header-below-stick-meta":""},"pwb-brand":[28],"product_cat":[30],"product_tag":[],"class_list":{"0":"post-92268","1":"product","2":"type-product","3":"status-publish","5":"pwb-brand-valeo","6":"product_cat-oljynsuodatin","7":"desktop-align-left","8":"tablet-align-left","9":"mobile-align-left","11":"first","12":"instock","13":"product-type-external"},"brands":[{"id":28,"name":"VALEO","slug":"valeo"}],"_links":{"self":[{"href":"https:\/\/www.autonvaraosahaku.fi\/index.php?rest_route=\/wp\/v2\/product\/92268","targetHints":{"allow":["GET"]}}],"collection":[{"href":"https:\/\/www.autonvaraosahaku.fi\/index.php?rest_route=\/wp\/v2\/product"}],"about":[{"href":"https:\/\/www.autonvaraosahaku.fi\/index.php?rest_route=\/wp\/v2\/types\/product"}],"wp:attachment":[{"href":"https:\/\/www.autonvaraosahaku.fi\/index.php?rest_route=%2Fwp%2Fv2%2Fmedia&parent=92268"}],"wp:term":[{"taxonomy":"pwb-brand","embeddable":true,"href":"https:\/\/www.autonvaraosahaku.fi\/index.php?rest_route=%2Fwp%2Fv2%2Fpwb-brand&post=92268"},{"taxonomy":"product_cat","embeddable":true,"href":"https:\/\/www.autonvaraosahaku.fi\/index.php?rest_route=%2Fwp%2Fv2%2Fproduct_cat&post=92268"},{"taxonomy":"product_tag","embeddable":true,"href":"https:\/\/www.autonvaraosahaku.fi\/index.php?rest_route=%2Fwp%2Fv2%2Fproduct_tag&post=92268"}],"curies":[{"name":"wp","href":"https:\/\/api.w.org\/{rel}","templated":true}]}}