{"id":92387,"date":"2021-02-21T21:38:01","date_gmt":"2021-02-21T21:38:01","guid":{"rendered":"https:\/\/www.autonvaraosahaku.fi\/?product=ridex-123b0043-jarrurumpu"},"modified":"2021-02-21T21:38:07","modified_gmt":"2021-02-21T21:38:07","slug":"ridex-123b0043-jarrurumpu","status":"publish","type":"product","link":"https:\/\/www.autonvaraosahaku.fi\/?product=ridex-123b0043-jarrurumpu","title":{"rendered":"RIDEX 123B0043 Jarrurumpu"},"content":{"rendered":"<p>Asennuspuoli: Taka-akseli, Etuakseli; Paino [kg]: 3,47; Reik\u00e4-\u00d8 [mm]: 59; Rumpul\u00e4pimitta: 185; Jarrurummun ulkol\u00e4pim. [mm]: 219; Suurin mahdollinen rummun sis\u00e4mitta (mm): 186,83; J-rumpu sis\u00e4leveys [mm]: 37; J-rumpu ulkoleveys [mm]: 53,3; Reikien m\u00e4\u00e4r\u00e4: 6; Reik\u00e4ympyr\u00e4-\u00d8 [mm]: 98; Laipan sis\u00e4l\u00e4pimitta [mm]: 59; Korvaava tuote\/korvaava tiedote 2: ilman ABS-sensorirengasta, ilman py\u00f6r\u00e4nlaakeria; Valmistusvuoteen: 02\/1981; SEAT: MARBELLA 28,IBIZA I 021A,TERRA Kasten 024A,127 127A,MARBELLA Kasten 028A,MALAGA 023A,TERRA 24,133,850,128,RONDA 022A,PANDA 141A,FURA 025A,RITMO 138; MERCEDES-BENZ: S-CLASS W116; LANCIA: DELTA I 831AB0,Y10 156,A 112,PRISMA 831AB0; FIAT: SEICENTO 187,CINQUECENTO 170,PANDA 141A_,126,UNO 146A\/E,127,FIORINO Kasten 146,600,SEICENTO Van 187,850 Spider,850,128 Coupe,128,850 Coupe,PANDA Van 141_,RITMO I 138A,FIORINO Pick up 146,FIORINO 147,REGATA 138,RITMO Cabriolet,127 Panorama,128 Familiare,FIORINO 127,UNO Kasten 146,UNO 146 A\/E,147,FIORINO Pick up 147,REGATA Weekend 138,147 Panorama,DUNA 146 B,ELBA 146_,DUNA Weekend 146 B; AUTOBIANCHI: A 112,Y10; ZASTAVA: 750,101 1100,YUGO,YUGO FLORIDA; INNOCENTI: ELBA 146; 4236768, 4368516, 4379680, 46621077, 7777842, 94379680, 4236768, 4368516, 4379680, 46621077, 4779680, 5890762, 5974792, 5975061, 655437680, 7672577, 7777842, 777842, 94379680, 4236768, 4368516, 4373614, 4379680, 7777842, 790833, 94379680, 4236768, 4368516, 4379680, 46621077, 4779680, 5974792, 5975061, 7777842, 94379680, 022165201A, 22165201A, 4236768, 4368516, 4379680, 94379680, SE022165201A, 04379680, 4267288, 4373614, 4379680<\/p>\n","protected":false},"excerpt":{"rendered":"<p>RIDEX Jarrurumpu 123B0043  SEAT,MERCEDES-BENZ,LANCIA,MARBELLA 28,IBIZA I 021A,TERRA Kasten 024A,127 127A,MARBELLA Kasten 028A,MALAGA 023A,TERRA 24,133<\/p>\n","protected":false},"featured_media":0,"template":"","meta":{"site-sidebar-layout":"default","site-content-layout":"default","ast-global-header-display":"","ast-main-header-display":"","ast-hfb-above-header-display":"","ast-hfb-below-header-display":"","ast-hfb-mobile-header-display":"","site-post-title":"","ast-breadcrumbs-content":"","ast-featured-img":"","footer-sml-layout":"","theme-transparent-header-meta":"","adv-header-id-meta":"","stick-header-meta":"","header-above-stick-meta":"","header-main-stick-meta":"","header-below-stick-meta":""},"pwb-brand":[157],"product_cat":[304],"product_tag":[],"class_list":{"0":"post-92387","1":"product","2":"type-product","3":"status-publish","5":"pwb-brand-ridex","6":"product_cat-jarrurumpu","7":"desktop-align-left","8":"tablet-align-left","9":"mobile-align-left","11":"first","12":"instock","13":"product-type-external"},"brands":[{"id":157,"name":"RIDEX","slug":"ridex"}],"_links":{"self":[{"href":"https:\/\/www.autonvaraosahaku.fi\/index.php?rest_route=\/wp\/v2\/product\/92387","targetHints":{"allow":["GET"]}}],"collection":[{"href":"https:\/\/www.autonvaraosahaku.fi\/index.php?rest_route=\/wp\/v2\/product"}],"about":[{"href":"https:\/\/www.autonvaraosahaku.fi\/index.php?rest_route=\/wp\/v2\/types\/product"}],"wp:attachment":[{"href":"https:\/\/www.autonvaraosahaku.fi\/index.php?rest_route=%2Fwp%2Fv2%2Fmedia&parent=92387"}],"wp:term":[{"taxonomy":"pwb-brand","embeddable":true,"href":"https:\/\/www.autonvaraosahaku.fi\/index.php?rest_route=%2Fwp%2Fv2%2Fpwb-brand&post=92387"},{"taxonomy":"product_cat","embeddable":true,"href":"https:\/\/www.autonvaraosahaku.fi\/index.php?rest_route=%2Fwp%2Fv2%2Fproduct_cat&post=92387"},{"taxonomy":"product_tag","embeddable":true,"href":"https:\/\/www.autonvaraosahaku.fi\/index.php?rest_route=%2Fwp%2Fv2%2Fproduct_tag&post=92387"}],"curies":[{"name":"wp","href":"https:\/\/api.w.org\/{rel}","templated":true}]}}