{"id":92446,"date":"2021-02-21T21:38:26","date_gmt":"2021-02-21T21:38:26","guid":{"rendered":"https:\/\/www.autonvaraosahaku.fi\/?product=swag-70-93-7453-taka-akselin-puslat"},"modified":"2021-02-21T21:38:32","modified_gmt":"2021-02-21T21:38:32","slug":"swag-70-93-7453-taka-akselin-puslat","status":"publish","type":"product","link":"https:\/\/www.autonvaraosahaku.fi\/?product=swag-70-93-7453-taka-akselin-puslat","title":{"rendered":"SWAG 70 93 7453 Taka-akselin puslat"},"content":{"rendered":"<p>Pituus (mm): 100; Sis\u00e4l\u00e4pimitta [mm]: 13,0; Ulkol\u00e4pimitta [mm]: 67,5, 80,0; Materiaali: Kumi-metalli; Asennuspuoli: Taka-akseli, molemminpuolinen; Kiinnitysmalli: Hydrolaakeri; Paino [kg]: 0,78, 0,78; Moottorinumero: 192A1000; LANCIA: DELTA III 844; FIAT: GRANDE PUNTO 199,STILO 192,BRAVO II 198,STILO Multi Wagon 192,500L,LINEA 323; 50700796, 50702649, 50706312, 50706505, 51795336, 51812443, 51840600, 50700796, 50702649, 51795336, 51812443, 51840600; Apurungon Puslat,Akselinripustus<\/p>\n","protected":false},"excerpt":{"rendered":"<p>SWAG Taka-akselin Puslat 70 93 7453 Apurungon Puslat,Akselinripustus LANCIA,FIAT,DELTA III 844,GRANDE PUNTO 199,STILO 192,BRAVO II 198<\/p>\n","protected":false},"featured_media":0,"template":"","meta":{"site-sidebar-layout":"default","site-content-layout":"default","ast-global-header-display":"","ast-main-header-display":"","ast-hfb-above-header-display":"","ast-hfb-below-header-display":"","ast-hfb-mobile-header-display":"","site-post-title":"","ast-breadcrumbs-content":"","ast-featured-img":"","footer-sml-layout":"","theme-transparent-header-meta":"","adv-header-id-meta":"","stick-header-meta":"","header-above-stick-meta":"","header-main-stick-meta":"","header-below-stick-meta":""},"pwb-brand":[103],"product_cat":[156],"product_tag":[],"class_list":{"0":"post-92446","1":"product","2":"type-product","3":"status-publish","5":"pwb-brand-swag","6":"product_cat-taka-akselin-puslat","7":"desktop-align-left","8":"tablet-align-left","9":"mobile-align-left","11":"first","12":"instock","13":"product-type-external"},"brands":[{"id":103,"name":"SWAG","slug":"swag"}],"_links":{"self":[{"href":"https:\/\/www.autonvaraosahaku.fi\/index.php?rest_route=\/wp\/v2\/product\/92446","targetHints":{"allow":["GET"]}}],"collection":[{"href":"https:\/\/www.autonvaraosahaku.fi\/index.php?rest_route=\/wp\/v2\/product"}],"about":[{"href":"https:\/\/www.autonvaraosahaku.fi\/index.php?rest_route=\/wp\/v2\/types\/product"}],"wp:attachment":[{"href":"https:\/\/www.autonvaraosahaku.fi\/index.php?rest_route=%2Fwp%2Fv2%2Fmedia&parent=92446"}],"wp:term":[{"taxonomy":"pwb-brand","embeddable":true,"href":"https:\/\/www.autonvaraosahaku.fi\/index.php?rest_route=%2Fwp%2Fv2%2Fpwb-brand&post=92446"},{"taxonomy":"product_cat","embeddable":true,"href":"https:\/\/www.autonvaraosahaku.fi\/index.php?rest_route=%2Fwp%2Fv2%2Fproduct_cat&post=92446"},{"taxonomy":"product_tag","embeddable":true,"href":"https:\/\/www.autonvaraosahaku.fi\/index.php?rest_route=%2Fwp%2Fv2%2Fproduct_tag&post=92446"}],"curies":[{"name":"wp","href":"https:\/\/api.w.org\/{rel}","templated":true}]}}