{"id":92455,"date":"2021-02-21T21:38:34","date_gmt":"2021-02-21T21:38:34","guid":{"rendered":"https:\/\/www.autonvaraosahaku.fi\/?product=pierburg-7-29023-04-0-alipainepumppu"},"modified":"2021-02-21T21:38:36","modified_gmt":"2021-02-21T21:38:36","slug":"pierburg-7-29023-04-0-alipainepumppu","status":"publish","type":"product","link":"https:\/\/www.autonvaraosahaku.fi\/?product=pierburg-7-29023-04-0-alipainepumppu","title":{"rendered":"PIERBURG 7.29023.04.0 Alipainepumppu"},"content":{"rendered":"<p>K\u00e4ytt\u00f6: Mekaaninen; Liittimi\u00e4: 2; Muoto: Kulmikas; Lis\u00e4tarvike\/lis\u00e4tieto: Tiivisteill\u00e4; Polttoaine: Diesel; Teknisten tietojen numero: SI 0109-11; TECDOC-moottorinumero: 22601; JEEP: RENEGADE Gel\u00e4ndewagen geschlossen BU; SUZUKI: SX4 EY, GY; LANCIA: DELTA III 844,MUSA 350,THESIS 841AX; OPEL: ZAFIRA B A05,ASTRA H Caravan L35,ASTRA H L48,ASTRA J Sports Tourer,INSIGNIA Caravan,VECTRA C Caravan,ASTRA J,ASTRA H GTC L08,SIGNUM,VECTRA C,ZAFIRA TOURER C P12,VECTRA C GTS,ASTRA H TwinTop L67,INSIGNIA,INSIGNIA Stufenheck,ZAFIRA B Van,ASTRA GTC J,CASCADA W13,ASTRA H Kasten L70,INSIGNIA A Country Tourer G09; SAAB: 9-3 YS3F,9-5 Kombi YS3E,9-3 Kombi YS3F,9-5 YS3E,9-3 Cabriolet YS3F,9-3X; ALFA ROMEO: 159 Sportwagon 939,GIULIETTA 940,MITO 955,159 939,166 936,BRERA,SPIDER 939,4C 960,4C SPIDER 960; FIAT: GRANDE PUNTO 199,BRAVO II 198,FREEMONT JF_,PUNTO EVO 199,CROMA 194,DOBLO Kasten\/Kombi 263,IDEA,SEDICI,500L,DOBLO Gro\u00dfraumlimousine 152, 263,LINEA 323,DOBLO Pritsche\/Fahrgestell 263,500X; VAUXHALL: INSIGNIA Mk I A,ZAFIRA Mk II B M75,ASTRA Mk V H CC,VECTRA Mk II C CC,INSIGNIA Mk I A Estate,ASTRA Mk V H Estate,ZAFIRA Mk III P12,VECTRA Mk II C Estate,ASTRA Mk V H Convertible,VECTRA Mk II C,ASTRA Mk VI J CC,INSIGNIA Mk I A Sedan,ASTRA Mk VI J,SIGNUM,ASTRA Mk VI J Estate,ASTRAVAN Mk V H,INSIGNIA Mk I A Country Tourer G09; 46343257, 55188660, 55205446, 55221325, 55269150, 55269802, 73500096, 55488984, 55581351, 46343257, 55188660, 55205446, 55221325, 55269150, 55269802, 73500096, 46343257, 46343257, 55188660, 55205446, 55221325, 55269150, 55269802, 73500096, 545218, 545371, 545430, 545439, 545456, 55205446, 55488984, 55581351, 93179221, 93190766, 55488984, 93179221, 93190766, 545218, 545371, 545430, 545439, 545456, 55205446, 55488984, 93179221, 93190766; Alipainepumppu, Jarruj\u00e4rjestelm\u00e4<\/p>\n","protected":false},"excerpt":{"rendered":"<p>PIERBURG Alipainepumppu 7.29023.04.0 Alipainepumppu, Jarruj\u00e4rjestelm\u00e4 JEEP,SUZUKI,LANCIA,RENEGADE Gel\u00e4ndewagen geschlossen BU,SX4 EY, GY,DELTA III 844<\/p>\n","protected":false},"featured_media":0,"template":"","meta":{"site-sidebar-layout":"default","site-content-layout":"default","ast-global-header-display":"","ast-main-header-display":"","ast-hfb-above-header-display":"","ast-hfb-below-header-display":"","ast-hfb-mobile-header-display":"","site-post-title":"","ast-breadcrumbs-content":"","ast-featured-img":"","footer-sml-layout":"","theme-transparent-header-meta":"","adv-header-id-meta":"","stick-header-meta":"","header-above-stick-meta":"","header-main-stick-meta":"","header-below-stick-meta":""},"pwb-brand":[380],"product_cat":[285],"product_tag":[],"class_list":{"0":"post-92455","1":"product","2":"type-product","3":"status-publish","5":"pwb-brand-pierburg","6":"product_cat-alipainepumppu","7":"desktop-align-left","8":"tablet-align-left","9":"mobile-align-left","11":"first","12":"instock","13":"product-type-external"},"brands":[{"id":380,"name":"PIERBURG","slug":"pierburg"}],"_links":{"self":[{"href":"https:\/\/www.autonvaraosahaku.fi\/index.php?rest_route=\/wp\/v2\/product\/92455","targetHints":{"allow":["GET"]}}],"collection":[{"href":"https:\/\/www.autonvaraosahaku.fi\/index.php?rest_route=\/wp\/v2\/product"}],"about":[{"href":"https:\/\/www.autonvaraosahaku.fi\/index.php?rest_route=\/wp\/v2\/types\/product"}],"wp:attachment":[{"href":"https:\/\/www.autonvaraosahaku.fi\/index.php?rest_route=%2Fwp%2Fv2%2Fmedia&parent=92455"}],"wp:term":[{"taxonomy":"pwb-brand","embeddable":true,"href":"https:\/\/www.autonvaraosahaku.fi\/index.php?rest_route=%2Fwp%2Fv2%2Fpwb-brand&post=92455"},{"taxonomy":"product_cat","embeddable":true,"href":"https:\/\/www.autonvaraosahaku.fi\/index.php?rest_route=%2Fwp%2Fv2%2Fproduct_cat&post=92455"},{"taxonomy":"product_tag","embeddable":true,"href":"https:\/\/www.autonvaraosahaku.fi\/index.php?rest_route=%2Fwp%2Fv2%2Fproduct_tag&post=92455"}],"curies":[{"name":"wp","href":"https:\/\/api.w.org\/{rel}","templated":true}]}}