{"id":9246,"date":"2021-02-21T14:05:21","date_gmt":"2021-02-21T14:05:21","guid":{"rendered":"https:\/\/www.autonvaraosahaku.fi\/?product=ravenol-1410123-005-01-999-muut-luokat"},"modified":"2021-02-21T14:05:22","modified_gmt":"2021-02-21T14:05:22","slug":"ravenol-1410123-005-01-999-muut-luokat","status":"publish","type":"product","link":"https:\/\/www.autonvaraosahaku.fi\/?product=ravenol-1410123-005-01-999-muut-luokat","title":{"rendered":"RAVENOL 1410123-005-01-999 Muut luokat"},"content":{"rendered":"<p>Kemialliset ominaisuudet: silikaattivapaa; Pakkaustyyppi: Kanisteri; Tilavuus (litra): 5; \u00f6ljynvalmistajan suositus: NH-900A + 50% water, Nissan Anti Freeze C, Coolant, HOAT, Water with antifreez, Coolant, Mazda FL22; J\u00e4\u00e4hdytysneste,Pakkasneste,J\u00e4\u00e4tymissuoja<\/p>\n","protected":false},"excerpt":{"rendered":"<p>RAVENOL J\u00e4\u00e4hdytinneste EURO IV Truck SAE 10W-40 1410123-005-01-999 J\u00e4\u00e4hdytysneste,Pakkasneste<\/p>\n","protected":false},"featured_media":0,"template":"","meta":{"site-sidebar-layout":"default","site-content-layout":"default","ast-global-header-display":"","ast-main-header-display":"","ast-hfb-above-header-display":"","ast-hfb-below-header-display":"","ast-hfb-mobile-header-display":"","site-post-title":"","ast-breadcrumbs-content":"","ast-featured-img":"","footer-sml-layout":"","theme-transparent-header-meta":"","adv-header-id-meta":"","stick-header-meta":"","header-above-stick-meta":"","header-main-stick-meta":"","header-below-stick-meta":""},"pwb-brand":[130],"product_cat":[37],"product_tag":[],"class_list":{"0":"post-9246","1":"product","2":"type-product","3":"status-publish","5":"pwb-brand-ravenol","6":"product_cat-muut-luokat","7":"desktop-align-left","8":"tablet-align-left","9":"mobile-align-left","11":"first","12":"instock","13":"product-type-external"},"brands":[{"id":130,"name":"RAVENOL","slug":"ravenol"}],"_links":{"self":[{"href":"https:\/\/www.autonvaraosahaku.fi\/index.php?rest_route=\/wp\/v2\/product\/9246","targetHints":{"allow":["GET"]}}],"collection":[{"href":"https:\/\/www.autonvaraosahaku.fi\/index.php?rest_route=\/wp\/v2\/product"}],"about":[{"href":"https:\/\/www.autonvaraosahaku.fi\/index.php?rest_route=\/wp\/v2\/types\/product"}],"wp:attachment":[{"href":"https:\/\/www.autonvaraosahaku.fi\/index.php?rest_route=%2Fwp%2Fv2%2Fmedia&parent=9246"}],"wp:term":[{"taxonomy":"pwb-brand","embeddable":true,"href":"https:\/\/www.autonvaraosahaku.fi\/index.php?rest_route=%2Fwp%2Fv2%2Fpwb-brand&post=9246"},{"taxonomy":"product_cat","embeddable":true,"href":"https:\/\/www.autonvaraosahaku.fi\/index.php?rest_route=%2Fwp%2Fv2%2Fproduct_cat&post=9246"},{"taxonomy":"product_tag","embeddable":true,"href":"https:\/\/www.autonvaraosahaku.fi\/index.php?rest_route=%2Fwp%2Fv2%2Fproduct_tag&post=9246"}],"curies":[{"name":"wp","href":"https:\/\/api.w.org\/{rel}","templated":true}]}}