{"id":92758,"date":"2021-02-21T21:40:38","date_gmt":"2021-02-21T21:40:38","guid":{"rendered":"https:\/\/www.autonvaraosahaku.fi\/?product=a-b-s-41288-painelaakeri"},"modified":"2021-02-21T21:40:41","modified_gmt":"2021-02-21T21:40:41","slug":"a-b-s-41288-painelaakeri","status":"publish","type":"product","link":"https:\/\/www.autonvaraosahaku.fi\/?product=a-b-s-41288-painelaakeri","title":{"rendered":"A.B.S. 41288 Painelaakeri"},"content":{"rendered":"<p>Asennuspuoli: Edess\u00e4; Jarruj\u00e4rjestelm\u00e4: FTE; L\u00e4pimitta 1\/l\u00e4pimitta 2 [mm]: 34,0; Materiaali: Alumiini; Kiinnitysreikien lukum\u00e4\u00e4r\u00e4: 3; Kierre 1: 1x M10x1.0; Vaihteistomalli: M32; CHEVROLET: ORLANDO J309,CRUZE J300,CRUZE Station Wagon J308,AVEO Schr\u00e4gheck T300,CRUZE Schr\u00e4gheck J305,TRAX,MALIBU V300; ABARTH: PUNTO 199_,PUNTO EVO 199_; SAAB: 9-5 YS3G; OPEL: CORSA D,ZAFIRA B A05,ASTRA H Caravan L35,MERIVA,ASTRA H L48,ASTRA J Sports Tourer,INSIGNIA Caravan,VECTRA C Caravan,ASTRA J,ASTRA H GTC L08,MERIVA B,SIGNUM,VECTRA C,ZAFIRA TOURER C P12,MOKKA,ADAM,VECTRA C GTS,ASTRA H TwinTop L67,INSIGNIA,INSIGNIA Stufenheck,ZAFIRA B Van,ASTRA GTC J,ASTRA J Stufenheck,CORSA D Van,CASCADA W13,ASTRA H Stufenheck L69,COMBO Kasten\/Kombi X12,ASTRA H Kasten L70,COMBO Tour X12,CORSA E,ASTRA K,ASTRA K Caravan,INSIGNIA A Country Tourer G09,CORSA E Van,INSIGNIA CC,ASTRA CLASSIC Caravan,ASTRA CLASSIC L48,INSIGNIA B Country Tourer Z18,ASTRA CLASSIC Stufenheck; FIAT: GRANDE PUNTO 199,FREEMONT JF_,PUNTO EVO 199,CROMA 194,500L,LINEA 323; ALFA ROMEO: 159 Sportwagon 939,MITO 955,159 939,BRERA,SPIDER 939; VAUXHALL: CORSA Mk III D L_8,INSIGNIA Mk I A,ZAFIRA Mk II B M75,ASTRA Mk V H CC,VECTRA Mk II C CC,ADAM,INSIGNIA Mk I A Estate,ASTRA Mk V H Estate,ZAFIRA Mk III P12,VECTRA Mk II C Estate,ASTRA Mk V H Convertible,VECTRA Mk II C,ASTRA Mk VI J CC,INSIGNIA Mk I A Sedan,ASTRA Mk VI J,MERIVA Mk I A,SIGNUM,ASTRA Mk IV G Sedan,CORSAVAN Mk III D,MERIVA Mk II B,ASTRA Mk VI J Sedan,ASTRA Mk VI J Estate,MOKKA,ASTRAVAN Mk V H,ASTRA Mk VII K Estate,ASTRA Mk VII K,CORSA Mk IV E; 55197680, 55232692, 55197680, 55232692, 55558917, 55558918, 55558917, 55558918, 55563645, 55563646, 55197680, 55232692, 55558917, 55558918, 55232692, 55352048, 55352833, 55502352, 55558917, 55558918, 55563511, 55563645, 55563646, 55583074, 55594515, 5679349, 5679350, 5679360, 679059, 679078, 679079, 679160, 679165, 55563645, 55232692, 55502352, 55558917, 55558918, 55563511, 55563645, 55563646, 55583074, 55594515<\/p>\n","protected":false},"excerpt":{"rendered":"<p>A.B.S. Irroitusmekanismi Kytkin 41288  CHEVROLET,ABARTH,SAAB,ORLANDO J309,CRUZE J300,CRUZE Station Wagon J308,AVEO Schr\u00e4gheck T300<\/p>\n","protected":false},"featured_media":0,"template":"","meta":{"site-sidebar-layout":"default","site-content-layout":"default","ast-global-header-display":"","ast-main-header-display":"","ast-hfb-above-header-display":"","ast-hfb-below-header-display":"","ast-hfb-mobile-header-display":"","site-post-title":"","ast-breadcrumbs-content":"","ast-featured-img":"","footer-sml-layout":"","theme-transparent-header-meta":"","adv-header-id-meta":"","stick-header-meta":"","header-above-stick-meta":"","header-main-stick-meta":"","header-below-stick-meta":""},"pwb-brand":[326],"product_cat":[223],"product_tag":[],"class_list":{"0":"post-92758","1":"product","2":"type-product","3":"status-publish","5":"pwb-brand-a-b-s","6":"product_cat-painelaakeri","7":"desktop-align-left","8":"tablet-align-left","9":"mobile-align-left","11":"first","12":"instock","13":"product-type-external"},"brands":[{"id":326,"name":"A.B.S.","slug":"a-b-s"}],"_links":{"self":[{"href":"https:\/\/www.autonvaraosahaku.fi\/index.php?rest_route=\/wp\/v2\/product\/92758","targetHints":{"allow":["GET"]}}],"collection":[{"href":"https:\/\/www.autonvaraosahaku.fi\/index.php?rest_route=\/wp\/v2\/product"}],"about":[{"href":"https:\/\/www.autonvaraosahaku.fi\/index.php?rest_route=\/wp\/v2\/types\/product"}],"wp:attachment":[{"href":"https:\/\/www.autonvaraosahaku.fi\/index.php?rest_route=%2Fwp%2Fv2%2Fmedia&parent=92758"}],"wp:term":[{"taxonomy":"pwb-brand","embeddable":true,"href":"https:\/\/www.autonvaraosahaku.fi\/index.php?rest_route=%2Fwp%2Fv2%2Fpwb-brand&post=92758"},{"taxonomy":"product_cat","embeddable":true,"href":"https:\/\/www.autonvaraosahaku.fi\/index.php?rest_route=%2Fwp%2Fv2%2Fproduct_cat&post=92758"},{"taxonomy":"product_tag","embeddable":true,"href":"https:\/\/www.autonvaraosahaku.fi\/index.php?rest_route=%2Fwp%2Fv2%2Fproduct_tag&post=92758"}],"curies":[{"name":"wp","href":"https:\/\/api.w.org\/{rel}","templated":true}]}}