{"id":92825,"date":"2021-02-21T21:41:02","date_gmt":"2021-02-21T21:41:02","guid":{"rendered":"https:\/\/www.autonvaraosahaku.fi\/?product=kyb-343006-iskunvaimennin"},"modified":"2021-02-21T21:41:08","modified_gmt":"2021-02-21T21:41:08","slug":"kyb-343006-iskunvaimennin","status":"publish","type":"product","link":"https:\/\/www.autonvaraosahaku.fi\/?product=kyb-343006-iskunvaimennin","title":{"rendered":"KYB 343006 Iskunvaimennin"},"content":{"rendered":"<p>Asennuspuoli: Taka-akseli; Iskunvaimennusj\u00e4rjestelm\u00e4: Kaksiputki; Iskunvaimennin tyyppi: Kaasupaine; Iskunvaimennin asennustapa: Tappi ylh\u00e4\u00e4ll\u00e4, Silmukka alhaalla; Tuotelinja: Excel-G; Valmistusvuoteen: 07\/1977; OPEL: KADETT C Coupe,MANTA B 58_, 59_,KADETT C,ASCONA B 81_, 86_, 87_, 88_,REKORD E 17_-19_, 11_, 14_, 16_,MANTA A 58_, 59_,REKORD D,ASCONA A 81_, 86_, 87_, 88_,MANTA B CC 53_, 55_,COMMODORE B Coupe,COMMODORE C 14_, 19_,COMMODORE B,REKORD D Coupe,ASCONA A Voyage 84_, 89_; VAUXHALL: CHEVETTE; 8942002133, 13129998, 13181990, 13208059, 13234170, 13234927, 13234928, 13234962, 13234963, 13235119, 13242434, 13245949, 13245951, 13254786, 13261174, 13261175, 13271701, 13271706, 13299878, 13319432, 13319748, 13319749, 13319750, 19169325, 22012257, 22012265, 22012274, 22052087, 2693255, 2875780, 3455171, 435539, 436042, 436043, 436046, 436121, 436238, 436373, 436378, 436384, 436403, 436404, 436411, 436412, 436413, 436415, 436416, 436418, 436419, 436420, 436421, 436422, 436423, 436424, 436425, 436427, 436430, 436435, 436436, 436439, 436440, 436442, 436443, 436446, 436453, 436457, 436458, 436461, 436472, 436476, 436477, 436478, 436479, 436483, 436484, 436485, 436495, 436498, 436499, 436516, 436521, 436539, 436546, 486378, 486383, 486415, 486436, 8555, 8964196, 8964594, 8977885, 8977894, 8983064, 8983614, 8984433, 8984446, 8984448, 8984904, 90002422, 90005040, 90005041, 90005043, 90005044, 90005045, 90009906, 90010342, 90016594, 90019442, 90019915, 90020090, 90020092, 90020093, 90023&#8230;; Iskarit,Iskunvaimennin<\/p>\n","protected":false},"excerpt":{"rendered":"<p>KYB Iskunvaimentimet 343006 Iskarit,Iskunvaimennin OPEL,VAUXHALL,KADETT C Coupe,MANTA B 58_, 59_,KADETT C,ASCONA B 81_, 86_, 87_, 88_<\/p>\n","protected":false},"featured_media":0,"template":"","meta":{"site-sidebar-layout":"default","site-content-layout":"default","ast-global-header-display":"","ast-main-header-display":"","ast-hfb-above-header-display":"","ast-hfb-below-header-display":"","ast-hfb-mobile-header-display":"","site-post-title":"","ast-breadcrumbs-content":"","ast-featured-img":"","footer-sml-layout":"","theme-transparent-header-meta":"","adv-header-id-meta":"","stick-header-meta":"","header-above-stick-meta":"","header-main-stick-meta":"","header-below-stick-meta":""},"pwb-brand":[226],"product_cat":[80],"product_tag":[],"class_list":{"0":"post-92825","1":"product","2":"type-product","3":"status-publish","5":"pwb-brand-kyb","6":"product_cat-iskunvaimennin","7":"desktop-align-left","8":"tablet-align-left","9":"mobile-align-left","11":"first","12":"instock","13":"product-type-external"},"brands":[{"id":226,"name":"KYB","slug":"kyb"}],"_links":{"self":[{"href":"https:\/\/www.autonvaraosahaku.fi\/index.php?rest_route=\/wp\/v2\/product\/92825","targetHints":{"allow":["GET"]}}],"collection":[{"href":"https:\/\/www.autonvaraosahaku.fi\/index.php?rest_route=\/wp\/v2\/product"}],"about":[{"href":"https:\/\/www.autonvaraosahaku.fi\/index.php?rest_route=\/wp\/v2\/types\/product"}],"wp:attachment":[{"href":"https:\/\/www.autonvaraosahaku.fi\/index.php?rest_route=%2Fwp%2Fv2%2Fmedia&parent=92825"}],"wp:term":[{"taxonomy":"pwb-brand","embeddable":true,"href":"https:\/\/www.autonvaraosahaku.fi\/index.php?rest_route=%2Fwp%2Fv2%2Fpwb-brand&post=92825"},{"taxonomy":"product_cat","embeddable":true,"href":"https:\/\/www.autonvaraosahaku.fi\/index.php?rest_route=%2Fwp%2Fv2%2Fproduct_cat&post=92825"},{"taxonomy":"product_tag","embeddable":true,"href":"https:\/\/www.autonvaraosahaku.fi\/index.php?rest_route=%2Fwp%2Fv2%2Fproduct_tag&post=92825"}],"curies":[{"name":"wp","href":"https:\/\/api.w.org\/{rel}","templated":true}]}}