{"id":93065,"date":"2021-02-21T21:42:41","date_gmt":"2021-02-21T21:42:41","guid":{"rendered":"https:\/\/www.autonvaraosahaku.fi\/?product=brembo-m-61-110-jarrupaasylinteri"},"modified":"2021-02-21T21:42:47","modified_gmt":"2021-02-21T21:42:47","slug":"brembo-m-61-110-jarrupaasylinteri","status":"publish","type":"product","link":"https:\/\/www.autonvaraosahaku.fi\/?product=brembo-m-61-110-jarrupaasylinteri","title":{"rendered":"BREMBO M 61 110 Jarrup\u00e4\u00e4sylinteri"},"content":{"rendered":"<p>Jarruj\u00e4rjestelm\u00e4: ATE; 1-\/ 2-piirijarrut: 2; Materiaali: Valurauta; Kierremitta: 10 x 1 (4); Reik\u00e4-\u00d8 [mm]: 20,64; Alustanumerosta: F127904; VW: GOLF II 19E, 1G1,GOLF I Cabriolet 155,POLO 86C, 80,POLO Coupe 86C, 80,CORRADO 53I,SCIROCCO 53B,JETTA II 19E, 1G2, 165,POLO CLASSIC 86C, 80,DERBY 86C, 80,POLO Kasten 86CF,DERBY 86,GOLF II Van 19E, 1G1; SEAT: TOLEDO I 1L,MARBELLA 28,TERRA Kasten 024A,MARBELLA Kasten 028A,TERRA 24,RONDA 022A; RENAULT: RAPID Kasten F40_, G40_,ESPACE I J11_; 6025004479, 7700787630, 7700804900, 7701204918, 8440482, 6025004479, 7700787630, 7700804900, 7701204918, 360219130066, 5138278, SE021715003A, 191611019, 191611019OZ, 192611019<\/p>\n","protected":false},"excerpt":{"rendered":"<p>BREMBO Jarrup\u00e4\u00e4sylinteri M 61 110  VW,SEAT,RENAULT,GOLF II 19E, 1G1,GOLF I Cabriolet 155,POLO 86C, 80,POLO Coupe 86C, 80,CORRADO 53I,SCIROCCO 53B<\/p>\n","protected":false},"featured_media":0,"template":"","meta":{"site-sidebar-layout":"default","site-content-layout":"default","ast-global-header-display":"","ast-main-header-display":"","ast-hfb-above-header-display":"","ast-hfb-below-header-display":"","ast-hfb-mobile-header-display":"","site-post-title":"","ast-breadcrumbs-content":"","ast-featured-img":"","footer-sml-layout":"","theme-transparent-header-meta":"","adv-header-id-meta":"","stick-header-meta":"","header-above-stick-meta":"","header-main-stick-meta":"","header-below-stick-meta":""},"pwb-brand":[146],"product_cat":[276],"product_tag":[],"class_list":{"0":"post-93065","1":"product","2":"type-product","3":"status-publish","5":"pwb-brand-brembo","6":"product_cat-jarrupaasylinteri","7":"desktop-align-left","8":"tablet-align-left","9":"mobile-align-left","11":"first","12":"instock","13":"product-type-external"},"brands":[{"id":146,"name":"BREMBO","slug":"brembo"}],"_links":{"self":[{"href":"https:\/\/www.autonvaraosahaku.fi\/index.php?rest_route=\/wp\/v2\/product\/93065","targetHints":{"allow":["GET"]}}],"collection":[{"href":"https:\/\/www.autonvaraosahaku.fi\/index.php?rest_route=\/wp\/v2\/product"}],"about":[{"href":"https:\/\/www.autonvaraosahaku.fi\/index.php?rest_route=\/wp\/v2\/types\/product"}],"wp:attachment":[{"href":"https:\/\/www.autonvaraosahaku.fi\/index.php?rest_route=%2Fwp%2Fv2%2Fmedia&parent=93065"}],"wp:term":[{"taxonomy":"pwb-brand","embeddable":true,"href":"https:\/\/www.autonvaraosahaku.fi\/index.php?rest_route=%2Fwp%2Fv2%2Fpwb-brand&post=93065"},{"taxonomy":"product_cat","embeddable":true,"href":"https:\/\/www.autonvaraosahaku.fi\/index.php?rest_route=%2Fwp%2Fv2%2Fproduct_cat&post=93065"},{"taxonomy":"product_tag","embeddable":true,"href":"https:\/\/www.autonvaraosahaku.fi\/index.php?rest_route=%2Fwp%2Fv2%2Fproduct_tag&post=93065"}],"curies":[{"name":"wp","href":"https:\/\/api.w.org\/{rel}","templated":true}]}}