{"id":93067,"date":"2021-02-21T21:42:41","date_gmt":"2021-02-21T21:42:41","guid":{"rendered":"https:\/\/www.autonvaraosahaku.fi\/?product=brembo-c-06-007-kytkin-paasylinteri"},"modified":"2021-02-21T21:42:48","modified_gmt":"2021-02-21T21:42:48","slug":"brembo-c-06-007-kytkin-paasylinteri","status":"publish","type":"product","link":"https:\/\/www.autonvaraosahaku.fi\/?product=brembo-c-06-007-kytkin-paasylinteri","title":{"rendered":"BREMBO C 06 007 Kytkin p\u00e4\u00e4sylinteri"},"content":{"rendered":"<p>Jarruj\u00e4rjestelm\u00e4: ATE; Materiaali: Valurauta; Kierremitta: 10 x 1; Reik\u00e4-\u00d8 [mm]: 19,05, 19,05; Valmistusvuosi alkaen: 04\/1981; BMW: 3 E30,6 E24,3 E21,7 E23,5 E12; 1150449, 1150782, 1156004, 21521100784, 21521103851, 21521114538, 21521116302, 21521116303, 21521150449, 21521150782, 21521156004; P\u00e4\u00e4sylinteri, Kytkin<\/p>\n","protected":false},"excerpt":{"rendered":"<p>BREMBO Kytkin P\u00e4\u00e4sylinteri C 06 007 P\u00e4\u00e4sylinteri, Kytkin BMW,3 E30,6 E24,3 E21,7 E23,5 E12<\/p>\n","protected":false},"featured_media":0,"template":"","meta":{"site-sidebar-layout":"default","site-content-layout":"default","ast-global-header-display":"","ast-main-header-display":"","ast-hfb-above-header-display":"","ast-hfb-below-header-display":"","ast-hfb-mobile-header-display":"","site-post-title":"","ast-breadcrumbs-content":"","ast-featured-img":"","footer-sml-layout":"","theme-transparent-header-meta":"","adv-header-id-meta":"","stick-header-meta":"","header-above-stick-meta":"","header-main-stick-meta":"","header-below-stick-meta":""},"pwb-brand":[146],"product_cat":[239],"product_tag":[],"class_list":{"0":"post-93067","1":"product","2":"type-product","3":"status-publish","5":"pwb-brand-brembo","6":"product_cat-kytkin-paasylinteri","7":"desktop-align-left","8":"tablet-align-left","9":"mobile-align-left","11":"first","12":"instock","13":"product-type-external"},"brands":[{"id":146,"name":"BREMBO","slug":"brembo"}],"_links":{"self":[{"href":"https:\/\/www.autonvaraosahaku.fi\/index.php?rest_route=\/wp\/v2\/product\/93067","targetHints":{"allow":["GET"]}}],"collection":[{"href":"https:\/\/www.autonvaraosahaku.fi\/index.php?rest_route=\/wp\/v2\/product"}],"about":[{"href":"https:\/\/www.autonvaraosahaku.fi\/index.php?rest_route=\/wp\/v2\/types\/product"}],"wp:attachment":[{"href":"https:\/\/www.autonvaraosahaku.fi\/index.php?rest_route=%2Fwp%2Fv2%2Fmedia&parent=93067"}],"wp:term":[{"taxonomy":"pwb-brand","embeddable":true,"href":"https:\/\/www.autonvaraosahaku.fi\/index.php?rest_route=%2Fwp%2Fv2%2Fpwb-brand&post=93067"},{"taxonomy":"product_cat","embeddable":true,"href":"https:\/\/www.autonvaraosahaku.fi\/index.php?rest_route=%2Fwp%2Fv2%2Fproduct_cat&post=93067"},{"taxonomy":"product_tag","embeddable":true,"href":"https:\/\/www.autonvaraosahaku.fi\/index.php?rest_route=%2Fwp%2Fv2%2Fproduct_tag&post=93067"}],"curies":[{"name":"wp","href":"https:\/\/api.w.org\/{rel}","templated":true}]}}