{"id":93255,"date":"2021-02-21T21:44:04","date_gmt":"2021-02-21T21:44:04","guid":{"rendered":"https:\/\/www.autonvaraosahaku.fi\/?product=ashika-111-03-334-raidetangon-paa"},"modified":"2021-02-21T21:44:06","modified_gmt":"2021-02-21T21:44:06","slug":"ashika-111-03-334-raidetangon-paa","status":"publish","type":"product","link":"https:\/\/www.autonvaraosahaku.fi\/?product=ashika-111-03-334-raidetangon-paa","title":{"rendered":"ASHIKA 111-03-334 Raidetangon p\u00e4\u00e4"},"content":{"rendered":"<p>Asennuspuoli: Etuakseli; Kokonaispituus (mm): 92; Sis\u00e4kierre (mm): 12 x 1,25; Kierteen pituus (mm): 38; Kokonaiskorkeus (mm): 72; Asennusl\u00e4pimitta [mm]: 13,5; Ulkokierre 1 [mm]: 12 x 1,25; MAZDA: DEMIO DW,323 P V BA,MX-3 EC,323 C IV BG,FAMILIA IV BF,FAMILIA V BA,FAMILIA V BG8,RX 7 II FC,121 II DB,FAMILIA IV BG,RX 7 III FD; 066299322, 8AB232280, B45532280<\/p>\n","protected":false},"excerpt":{"rendered":"<p>ASHIKA Raidetangon P\u00e4\u00e4 111-03-334  MAZDA,DEMIO DW,323 P V BA,MX-3 EC,323 C IV BG,FAMILIA IV BF,FAMILIA V BA,FAMILIA V BG8,RX 7 II FC,121 II DB<\/p>\n","protected":false},"featured_media":0,"template":"","meta":{"site-sidebar-layout":"default","site-content-layout":"default","ast-global-header-display":"","ast-main-header-display":"","ast-hfb-above-header-display":"","ast-hfb-below-header-display":"","ast-hfb-mobile-header-display":"","site-post-title":"","ast-breadcrumbs-content":"","ast-featured-img":"","footer-sml-layout":"","theme-transparent-header-meta":"","adv-header-id-meta":"","stick-header-meta":"","header-above-stick-meta":"","header-main-stick-meta":"","header-below-stick-meta":""},"pwb-brand":[102],"product_cat":[96],"product_tag":[],"class_list":{"0":"post-93255","1":"product","2":"type-product","3":"status-publish","5":"pwb-brand-ashika","6":"product_cat-raidetangon-paa","7":"desktop-align-left","8":"tablet-align-left","9":"mobile-align-left","11":"first","12":"instock","13":"product-type-external"},"brands":[{"id":102,"name":"ASHIKA","slug":"ashika"}],"_links":{"self":[{"href":"https:\/\/www.autonvaraosahaku.fi\/index.php?rest_route=\/wp\/v2\/product\/93255","targetHints":{"allow":["GET"]}}],"collection":[{"href":"https:\/\/www.autonvaraosahaku.fi\/index.php?rest_route=\/wp\/v2\/product"}],"about":[{"href":"https:\/\/www.autonvaraosahaku.fi\/index.php?rest_route=\/wp\/v2\/types\/product"}],"wp:attachment":[{"href":"https:\/\/www.autonvaraosahaku.fi\/index.php?rest_route=%2Fwp%2Fv2%2Fmedia&parent=93255"}],"wp:term":[{"taxonomy":"pwb-brand","embeddable":true,"href":"https:\/\/www.autonvaraosahaku.fi\/index.php?rest_route=%2Fwp%2Fv2%2Fpwb-brand&post=93255"},{"taxonomy":"product_cat","embeddable":true,"href":"https:\/\/www.autonvaraosahaku.fi\/index.php?rest_route=%2Fwp%2Fv2%2Fproduct_cat&post=93255"},{"taxonomy":"product_tag","embeddable":true,"href":"https:\/\/www.autonvaraosahaku.fi\/index.php?rest_route=%2Fwp%2Fv2%2Fproduct_tag&post=93255"}],"curies":[{"name":"wp","href":"https:\/\/api.w.org\/{rel}","templated":true}]}}