{"id":9338,"date":"2021-02-21T14:05:35","date_gmt":"2021-02-21T14:05:35","guid":{"rendered":"https:\/\/www.autonvaraosahaku.fi\/?product=trucktec-automotive-04-33-010-pyoranpultit"},"modified":"2021-02-21T14:05:36","modified_gmt":"2021-02-21T14:05:36","slug":"trucktec-automotive-04-33-010-pyoranpultit","status":"publish","type":"product","link":"https:\/\/www.autonvaraosahaku.fi\/?product=trucktec-automotive-04-33-010-pyoranpultit","title":{"rendered":"TRUCKTEC AUTOMOTIVE 04.33.010 Py\u00f6r\u00e4npultit"},"content":{"rendered":"<p>OE-numerolle: 1749034; Korkeus (mm): 27,7; Kierremitta: 7\/8 X 11 BSF; Avainv\u00e4li: 33; Py\u00f6r\u00e4n kiinnitys: Sile\u00e4 istukka; SCANIA: 3 &#8211; series,3 &#8211; series bus,4 &#8211; series,4 &#8211; series bus,K &#8211; series,P,G,R,T &#8211; series,TOURING; Py\u00f6r\u00e4n Mutteri<\/p>\n","protected":false},"excerpt":{"rendered":"<p>TRUCKTEC AUTOMOTIVE Py\u00f6r\u00e4nmutterit 04.33.010 Py\u00f6r\u00e4n Mutteri SCANIA,3 &#8211; series,3 &#8211; series bus,4 &#8211; series,4 &#8211; series bus,K &#8211; series,P,G,R,T &#8211; series<\/p>\n","protected":false},"featured_media":0,"template":"","meta":{"site-sidebar-layout":"default","site-content-layout":"default","ast-global-header-display":"","ast-main-header-display":"","ast-hfb-above-header-display":"","ast-hfb-below-header-display":"","ast-hfb-mobile-header-display":"","site-post-title":"","ast-breadcrumbs-content":"","ast-featured-img":"","footer-sml-layout":"","theme-transparent-header-meta":"","adv-header-id-meta":"","stick-header-meta":"","header-above-stick-meta":"","header-main-stick-meta":"","header-below-stick-meta":""},"pwb-brand":[147],"product_cat":[51],"product_tag":[],"class_list":{"0":"post-9338","1":"product","2":"type-product","3":"status-publish","5":"pwb-brand-trucktec-automotive","6":"product_cat-pyoranpultit","7":"desktop-align-left","8":"tablet-align-left","9":"mobile-align-left","11":"first","12":"instock","13":"product-type-external"},"brands":[{"id":147,"name":"TRUCKTEC AUTOMOTIVE","slug":"trucktec-automotive"}],"_links":{"self":[{"href":"https:\/\/www.autonvaraosahaku.fi\/index.php?rest_route=\/wp\/v2\/product\/9338","targetHints":{"allow":["GET"]}}],"collection":[{"href":"https:\/\/www.autonvaraosahaku.fi\/index.php?rest_route=\/wp\/v2\/product"}],"about":[{"href":"https:\/\/www.autonvaraosahaku.fi\/index.php?rest_route=\/wp\/v2\/types\/product"}],"wp:attachment":[{"href":"https:\/\/www.autonvaraosahaku.fi\/index.php?rest_route=%2Fwp%2Fv2%2Fmedia&parent=9338"}],"wp:term":[{"taxonomy":"pwb-brand","embeddable":true,"href":"https:\/\/www.autonvaraosahaku.fi\/index.php?rest_route=%2Fwp%2Fv2%2Fpwb-brand&post=9338"},{"taxonomy":"product_cat","embeddable":true,"href":"https:\/\/www.autonvaraosahaku.fi\/index.php?rest_route=%2Fwp%2Fv2%2Fproduct_cat&post=9338"},{"taxonomy":"product_tag","embeddable":true,"href":"https:\/\/www.autonvaraosahaku.fi\/index.php?rest_route=%2Fwp%2Fv2%2Fproduct_tag&post=9338"}],"curies":[{"name":"wp","href":"https:\/\/api.w.org\/{rel}","templated":true}]}}