{"id":93380,"date":"2021-02-21T21:44:53","date_gmt":"2021-02-21T21:44:53","guid":{"rendered":"https:\/\/www.autonvaraosahaku.fi\/?product=meyle-029-300-1211-pyyhkijansulat"},"modified":"2021-02-21T21:44:57","modified_gmt":"2021-02-21T21:44:57","slug":"meyle-029-300-1211-pyyhkijansulat","status":"publish","type":"product","link":"https:\/\/www.autonvaraosahaku.fi\/?product=meyle-029-300-1211-pyyhkijansulat","title":{"rendered":"MEYLE 029 300 1211 Pyyhkij\u00e4nsulat"},"content":{"rendered":"<p>Asennuspuoli: Takana; Pituus (mm): 300; Pituus (tuumaa): 12; Pyyhkij\u00e4nsulkatyyppi: Pyyhkij\u00e4nsulka,perinteinen runko; Valmistusvuoteen: 05\/2012; ABARTH: PUNTO 199_; NISSAN: MICRA III K12,JUKE F15,QASHQAI J11, J11_,X-TRAIL T32; KIA: VENGA YN; HONDA: CIVIC VII Hatchback EU, EP, EV; HYUNDAI: ix20 JC,i20 GB,i20 Coupe; MERCEDES-BENZ: A-CLASS W169,M-CLASS W164,E-CLASS T-Model S212,GLK-CLASS X204,R-CLASS W251, V251,M-CLASS W166,GL-CLASS X164; OPEL: CORSA D,INSIGNIA Caravan,CORSA D Van; JAGUAR: XF SPORTBRAKE CC9; FORD: C-MAX II,GRAND C-MAX,B-MAX JK,GRAND C-MAX Van,C-MAX II Van,B-MAX Van; DACIA: DUSTER,DUSTER Kasten; Tuulilasinpyyhkimet,Pyyhkij\u00e4t,Pyyhkij\u00e4nsulka<\/p>\n","protected":false},"excerpt":{"rendered":"<p>MEYLE Pyyhkij\u00e4nsulat 029 300 1211 Tuulilasinpyyhkimet,Pyyhkij\u00e4t ABARTH,NISSAN,KIA,PUNTO 199_,MICRA III K12,JUKE F15,QASHQAI J11, J11_,X-TRAIL T32<\/p>\n","protected":false},"featured_media":0,"template":"","meta":{"site-sidebar-layout":"default","site-content-layout":"default","ast-global-header-display":"","ast-main-header-display":"","ast-hfb-above-header-display":"","ast-hfb-below-header-display":"","ast-hfb-mobile-header-display":"","site-post-title":"","ast-breadcrumbs-content":"","ast-featured-img":"","footer-sml-layout":"","theme-transparent-header-meta":"","adv-header-id-meta":"","stick-header-meta":"","header-above-stick-meta":"","header-main-stick-meta":"","header-below-stick-meta":""},"pwb-brand":[84],"product_cat":[33],"product_tag":[],"class_list":{"0":"post-93380","1":"product","2":"type-product","3":"status-publish","5":"pwb-brand-meyle","6":"product_cat-pyyhkijansulat","7":"desktop-align-left","8":"tablet-align-left","9":"mobile-align-left","11":"first","12":"instock","13":"product-type-external"},"brands":[{"id":84,"name":"MEYLE","slug":"meyle"}],"_links":{"self":[{"href":"https:\/\/www.autonvaraosahaku.fi\/index.php?rest_route=\/wp\/v2\/product\/93380","targetHints":{"allow":["GET"]}}],"collection":[{"href":"https:\/\/www.autonvaraosahaku.fi\/index.php?rest_route=\/wp\/v2\/product"}],"about":[{"href":"https:\/\/www.autonvaraosahaku.fi\/index.php?rest_route=\/wp\/v2\/types\/product"}],"wp:attachment":[{"href":"https:\/\/www.autonvaraosahaku.fi\/index.php?rest_route=%2Fwp%2Fv2%2Fmedia&parent=93380"}],"wp:term":[{"taxonomy":"pwb-brand","embeddable":true,"href":"https:\/\/www.autonvaraosahaku.fi\/index.php?rest_route=%2Fwp%2Fv2%2Fpwb-brand&post=93380"},{"taxonomy":"product_cat","embeddable":true,"href":"https:\/\/www.autonvaraosahaku.fi\/index.php?rest_route=%2Fwp%2Fv2%2Fproduct_cat&post=93380"},{"taxonomy":"product_tag","embeddable":true,"href":"https:\/\/www.autonvaraosahaku.fi\/index.php?rest_route=%2Fwp%2Fv2%2Fproduct_tag&post=93380"}],"curies":[{"name":"wp","href":"https:\/\/api.w.org\/{rel}","templated":true}]}}