{"id":93392,"date":"2021-02-21T21:45:02","date_gmt":"2021-02-21T21:45:02","guid":{"rendered":"https:\/\/www.autonvaraosahaku.fi\/?product=beru-a202-antenni"},"modified":"2021-02-21T21:45:03","modified_gmt":"2021-02-21T21:45:03","slug":"beru-a202-antenni","status":"publish","type":"product","link":"https:\/\/www.autonvaraosahaku.fi\/?product=beru-a202-antenni","title":{"rendered":"BERU A202 Antenni"},"content":{"rendered":"<p>K\u00e4ytt\u00f6: K\u00e4sik\u00e4ytt\u00f6inen; Kaapelinmitta (mm): 1400; Asennuspuoli: Heckeinbau; VW: KAEFER,KAEFER Cabriolet 15,TARO; HYUNDAI: PONY X-2,PONY \/ EXCEL Stufenheck X-2,PONY,PONY Stufenheck X-1,PONY Wagon; FORD: SCORPIO I Stufenheck GGE; TOYOTA: CARINA E _T19_,CARINA E Stufenheck _T19_,4 RUNNER RN10_, VZN13_, VZN10_, RN13_,CARINA II _T17_,CARINA II Stufenheck _T17_,4 RUNNER RN5_, LN5_, VZN6_, RN7_, RN6_; CITRO\u00cbN: CX II,CX I MA,CX II Break,CX I Break MA,GS,GS Break; PEUGEOT: 104,104 Coupe<\/p>\n","protected":false},"excerpt":{"rendered":"<p>BERU Antenni A202  VW,HYUNDAI,FORD,KAEFER,KAEFER Cabriolet 15,TARO,PONY X-2,PONY \/ EXCEL Stufenheck X-2,PONY,PONY Stufenheck X-1,PONY Wagon<\/p>\n","protected":false},"featured_media":0,"template":"","meta":{"site-sidebar-layout":"default","site-content-layout":"default","ast-global-header-display":"","ast-main-header-display":"","ast-hfb-above-header-display":"","ast-hfb-below-header-display":"","ast-hfb-mobile-header-display":"","site-post-title":"","ast-breadcrumbs-content":"","ast-featured-img":"","footer-sml-layout":"","theme-transparent-header-meta":"","adv-header-id-meta":"","stick-header-meta":"","header-above-stick-meta":"","header-main-stick-meta":"","header-below-stick-meta":""},"pwb-brand":[327],"product_cat":[164],"product_tag":[],"class_list":{"0":"post-93392","1":"product","2":"type-product","3":"status-publish","5":"pwb-brand-beru","6":"product_cat-antenni","7":"desktop-align-left","8":"tablet-align-left","9":"mobile-align-left","11":"first","12":"instock","13":"product-type-external"},"brands":[{"id":327,"name":"BERU","slug":"beru"}],"_links":{"self":[{"href":"https:\/\/www.autonvaraosahaku.fi\/index.php?rest_route=\/wp\/v2\/product\/93392","targetHints":{"allow":["GET"]}}],"collection":[{"href":"https:\/\/www.autonvaraosahaku.fi\/index.php?rest_route=\/wp\/v2\/product"}],"about":[{"href":"https:\/\/www.autonvaraosahaku.fi\/index.php?rest_route=\/wp\/v2\/types\/product"}],"wp:attachment":[{"href":"https:\/\/www.autonvaraosahaku.fi\/index.php?rest_route=%2Fwp%2Fv2%2Fmedia&parent=93392"}],"wp:term":[{"taxonomy":"pwb-brand","embeddable":true,"href":"https:\/\/www.autonvaraosahaku.fi\/index.php?rest_route=%2Fwp%2Fv2%2Fpwb-brand&post=93392"},{"taxonomy":"product_cat","embeddable":true,"href":"https:\/\/www.autonvaraosahaku.fi\/index.php?rest_route=%2Fwp%2Fv2%2Fproduct_cat&post=93392"},{"taxonomy":"product_tag","embeddable":true,"href":"https:\/\/www.autonvaraosahaku.fi\/index.php?rest_route=%2Fwp%2Fv2%2Fproduct_tag&post=93392"}],"curies":[{"name":"wp","href":"https:\/\/api.w.org\/{rel}","templated":true}]}}