{"id":93446,"date":"2021-02-21T21:45:19","date_gmt":"2021-02-21T21:45:19","guid":{"rendered":"https:\/\/www.autonvaraosahaku.fi\/?product=ate-13-0460-5794-2-jarrupalat"},"modified":"2021-02-21T21:45:25","modified_gmt":"2021-02-21T21:45:25","slug":"ate-13-0460-5794-2-jarrupalat","status":"publish","type":"product","link":"https:\/\/www.autonvaraosahaku.fi\/?product=ate-13-0460-5794-2-jarrupalat","title":{"rendered":"ATE 13.0460-5794.2 Jarrupalat"},"content":{"rendered":"<p>Leveys (mm): 125,4; Korkeus (mm): 51,4; Paksuus [mm]: 15,5; Kulumisenilmaisimen liitos: akustisella kulumavaroittimella; Lis\u00e4tarvike\/lis\u00e4tieto: Tarvikkeilla; Korvaava tuote\/korvaava tiedote 2: Jarrusatulan ruuveilla; Ruuvien m\u00e4\u00e4r\u00e4: 4; Tarkistuskilpi: E9 90R-02A1251\/4451, E9 90R-02A1162\/2189; Jarruj\u00e4rjestelm\u00e4: Lucas \/ TRW; MAPP-koodi saatavilla: ; M\u00e4\u00e4r\u00e4yksikk\u00f6: Akselisarja; Mukavuusvarusteet: f\u00fcr Geschwindigkeitsregelanlage; MAZDA: 2 DE; DAIHATSU: SIRION M3_,MATERIA M4_; SUZUKI: SWIFT IV FZ, NZ,BALENO FW, EW; SUBARU: JUSTY IV; 04465B1120000, 04465B1190000, 04465B1191000, 04465B1320000, 04491B1121000, 1550219, 1719275, 1749322, 1788734, 8V512K021AA, 8V512K021AB, 8V512K021BA, 8V512K021BB, DFY13328Z, DFY13328ZA, 5581068L00, 5581068L50, 5581071L51, 55810M69P50; Jarrupalasarja,Jarrupala, Levyjarru<\/p>\n","protected":false},"excerpt":{"rendered":"<p>ATE Jarrupalat 13.0460-5794.2 Jarrupalasarja,Jarrupala, Levyjarru MAZDA,DAIHATSU,SUZUKI,2 DE,SIRION M3_,MATERIA M4_,SWIFT IV FZ, NZ,BALENO FW, EW<\/p>\n","protected":false},"featured_media":0,"template":"","meta":{"site-sidebar-layout":"default","site-content-layout":"default","ast-global-header-display":"","ast-main-header-display":"","ast-hfb-above-header-display":"","ast-hfb-below-header-display":"","ast-hfb-mobile-header-display":"","site-post-title":"","ast-breadcrumbs-content":"","ast-featured-img":"","footer-sml-layout":"","theme-transparent-header-meta":"","adv-header-id-meta":"","stick-header-meta":"","header-above-stick-meta":"","header-main-stick-meta":"","header-below-stick-meta":""},"pwb-brand":[108],"product_cat":[100],"product_tag":[],"class_list":{"0":"post-93446","1":"product","2":"type-product","3":"status-publish","5":"pwb-brand-ate","6":"product_cat-jarrupalat","7":"desktop-align-left","8":"tablet-align-left","9":"mobile-align-left","11":"first","12":"instock","13":"product-type-external"},"brands":[{"id":108,"name":"ATE","slug":"ate"}],"_links":{"self":[{"href":"https:\/\/www.autonvaraosahaku.fi\/index.php?rest_route=\/wp\/v2\/product\/93446","targetHints":{"allow":["GET"]}}],"collection":[{"href":"https:\/\/www.autonvaraosahaku.fi\/index.php?rest_route=\/wp\/v2\/product"}],"about":[{"href":"https:\/\/www.autonvaraosahaku.fi\/index.php?rest_route=\/wp\/v2\/types\/product"}],"wp:attachment":[{"href":"https:\/\/www.autonvaraosahaku.fi\/index.php?rest_route=%2Fwp%2Fv2%2Fmedia&parent=93446"}],"wp:term":[{"taxonomy":"pwb-brand","embeddable":true,"href":"https:\/\/www.autonvaraosahaku.fi\/index.php?rest_route=%2Fwp%2Fv2%2Fpwb-brand&post=93446"},{"taxonomy":"product_cat","embeddable":true,"href":"https:\/\/www.autonvaraosahaku.fi\/index.php?rest_route=%2Fwp%2Fv2%2Fproduct_cat&post=93446"},{"taxonomy":"product_tag","embeddable":true,"href":"https:\/\/www.autonvaraosahaku.fi\/index.php?rest_route=%2Fwp%2Fv2%2Fproduct_tag&post=93446"}],"curies":[{"name":"wp","href":"https:\/\/api.w.org\/{rel}","templated":true}]}}